Constant LogCat error - inv_get_mag_rate - AT&T, Rogers, Bell, Telus Samsung Galaxy S III

I was just playing around with aLogcat app today and noticed something and not sure what it is. Curious if anyone here might know.
It's a constant error that literally coming up 6-9 times a SECOND...it's basically the only error (lines in RED) that keeps repeating itself over and over in my logcat file (in realtime or history). I dont have any known issues or anything that is happening that made me look for this but it's there so i'm curious.
E/ ( 560): inv_get_mag_rate
and that's it...over and over and over..several times a second..if not for that, my realtime logcat would run at a much slower rate and be readable..as per normal but this one error is constant..
any ideas?
thanks

I'm seeing same thing. Mly searches aren't coming up with answers yet.
Also seeing sensors error
E/
Sensors (14110) accelHandler 0.920137 8.632548 4.517905
Click to expand...
Click to collapse
Click to expand...
Click to collapse

same here. It only happen when I launch an app that uses the sensors.. Google maps in my case. Disabling GPS doesn't stop it, so it's probably the compass.
Edit: put the attached .so file into /system/lib/ and rename the old one. It seems to have fixed it for me.
http://www.mediafire.com/?osvkgnmf142fbv9

same here
E/Sensors ( 559): accelHandler -0.203577 0.292192 9.608818
E/Sensors ( 559): accelHandler -0.262255 0.329315 9.592053
E/Sensors ( 559): accelHandler -0.223934 0.310155 9.596844
E/Sensors ( 559): accelHandler -0.255070 0.361648 9.648336
E/Sensors ( 559): accelHandler -0.245490 0.306563 9.601633
E/Sensors ( 559): accelHandler -0.238304 0.336500 9.600436
E/Sensors ( 559): accelHandler -0.263452 0.311353 9.656719
E/Sensors ( 559): accelHandler -0.285007 0.328118 9.596844
E/Sensors ( 559): accelHandler -0.225132 0.368833 9.625584
E/Sensors ( 559): accelHandler -0.270637 0.334105 9.594448
E/Sensors ( 559): accelHandler -0.286205 0.343685 9.587263
E/Sensors ( 559): accelHandler -0.233514 0.296982 9.606423
E/Sensors ( 559): accelHandler -0.233514 0.301772 9.636361
E/Sensors ( 559): accelHandler -0.268242 0.343685 9.644744
E/Sensors ( 559): accelHandler -0.221539 0.335303 9.594448
E/Sensors ( 559): accelHandler -0.253872 0.312550 9.614806
E/Sensors ( 559): accelHandler -0.246687 0.279020 9.594448
E/Sensors ( 559): accelHandler -0.246687 0.338895 9.636361
E/Sensors ( 559): accelHandler -0.232317 0.290995 9.610016
E/Sensors ( 559): accelHandler -0.269440 0.341290 9.605226
E/Sensors ( 559): accelHandler -0.235909 0.311353 9.598041
E/Sensors ( 559): accelHandler -0.246687 0.336500 9.569301
E/Sensors ( 559): accelHandler -0.302970 0.322130 9.569301
E/Sensors ( 559): accelHandler -0.258662 0.341290 9.593250
E/Sensors ( 559): activatePendingSensors : mEnabled = 10
E/Sensors ( 559): requested_sensors(70) from kernel
E/Sensors ( 559): Sleep Event : mEnabled = 10
E/WifiStateMachine( 559): cancelDelayedScan -> 77
E/WifiStateMachine( 559): WifiStateMachine L2Connected CMD_START_SCAN source -2 76, 77 -> obsolete
E/cutils-trace( 7594): Error opening trace file: Permission denied (13)
E/DataBuffer( 1509): Internal data leak within a DataBuffer object detected! Be sure to explicitly call release() on all DataBuffer extending objects when you are done with them. (internal object: [email protected])

Related

Cannot Flash to stock rooted rom

I want to unlock my phone to be able to use it with gsm providers. I read somewhere that the only way i can enter my unlock code is with a stock rom.
I am having issues flashing Andybones stock rom. Whenever i flash it, it gets stuck on the droid eye screen (I left it for 20 minutes and nothing). I can flash ics beta 3 and it works perfectly
I wipe/factory reset and wipe cache in CWR in-between every rom flash
Anybody know what the issue could be ? or does anybody know another rom i could unlock the phone with
gaby04 said:
I want to unlock my phone to be able to use it with gsm providers. I read somewhere that the only way i can enter my unlock code is with a stock rom.
I am having issues flashing Andybones stock rom. Whenever i flash it, it gets stuck on the droid eye screen (I left it for 20 minutes and nothing). I can flash ics beta 3 and it works perfectly
I wipe/factory reset and wipe cache in CWR in-between every rom flash
Anybody know what the issue could be ? or does anybody know another rom i could unlock the phone with
Click to expand...
Click to collapse
I would try downloading it again. You might have a corrupt install file.
Sent from my ADR6350 using xda premium
I tried that but i still couldnt fix it. I also tried flashing skyraider's rom and i also get stuck.
I did a logcat for the first time, so please bare with me if i did it incorrectly. I couldnt post the whole log because of character limits and couldnt post external link because im under 8 post. If anyone can check up on it, it would be greatly appreciated
W/Vold ( 1302): 3LM firing up
W/Vold ( 1302): Vold 2.1 (the revenge) firing up
E/Vold ( 1302): Set handling read only 0
I/Netd ( 1303): Netd 1.0 starting
I/DEBUG ( 1304): debuggerd: Nov 11 2011 23:08:46
W/Vold ( 1302): Volume sdcard state changing -1 (Initializing) -> 0 (No-Media)
W/VoldDirectVolume( 1302): device name = mmcblk1
W/Vold ( 1302): Volume sdcard state changing 0 (No-Media) -> 2 (Pending)
W/Vold ( 1302): Volume sdcard state changing 2 (Pending) -> 1 (Idle-Unmounted)
I//system/bin/iptables( 1303): getsockopt for multiport failed strangely: No such file or directory
I//system/bin/iptables( 1303): getsockopt for multiport failed strangely: No such file or directory
I//system/bin/iptables( 1303): getsockopt for multiport failed strangely: No such file or directory
I//system/bin/iptables( 1303): getsockopt for multiport failed strangely: No such file or directory
I//system/bin/iptables( 1303): Flushing chain `INPUT'
I//system/bin/iptables( 1303): getsockopt for multiport failed strangely: No such file or directory
I//system/bin/iptables( 1303): getsockopt for multiport failed strangely: No such file or directory
I//system/bin/iptables( 1303): getsockopt for multiport failed strangely: No such file or directory
I//system/bin/iptables( 1303): getsockopt for multiport failed strangely: No such file or directory
I//system/bin/iptables( 1303): Flushing chain `OUTPUT'
I//system/bin/iptables( 1303): getsockopt for multiport failed strangely: No such file or directory
I//system/bin/iptables( 1303): getsockopt for multiport failed strangely: No such file or directory
I//system/bin/iptables( 1303): getsockopt for multiport failed strangely: No such file or directory
I//system/bin/iptables( 1303): getsockopt for multiport failed strangely: No such file or directory
I//system/bin/iptables( 1303): Flushing chain `FORWARD'
I//system/bin/iptables( 1303): getsockopt for multiport failed strangely: No such file or directory
I//system/bin/iptables( 1303): getsockopt for multiport failed strangely: No such file or directory
I//system/bin/iptables( 1303): Flushing chain `PREROUTING'
I//system/bin/iptables( 1303): Flushing chain `OUTPUT'
I//system/bin/iptables( 1303): Flushing chain `POSTROUTING'
I/SurfaceFlinger( 1306): SurfaceFlinger is starting
D/SurfaceFlinger( 1306): SF Watchdog ready to run....
I/SurfaceFlinger( 1306): SurfaceFlinger's main thread ready to run. Initializing graphics H/W...
I/msm7x30.gralloc( 1306): using (fd=12)
I/msm7x30.gralloc( 1306): id = msmfb
I/msm7x30.gralloc( 1306): xres = 480 px
I/msm7x30.gralloc( 1306): yres = 800 px
I/msm7x30.gralloc( 1306): xres_virtual = 480 px
I/msm7x30.gralloc( 1306): yres_virtual = 1600 px
I/msm7x30.gralloc( 1306): bpp = 32
I/msm7x30.gralloc( 1306): r = 0:8
I/msm7x30.gralloc( 1306): g = 8:8
I/msm7x30.gralloc( 1306): b = 16:8
I/msm7x30.gralloc( 1306): width = 52 mm (234.461533 dpi)
I/msm7x30.gralloc( 1306): height = 86 mm (236.279068 dpi)
I/msm7x30.gralloc( 1306): refresh rate = 60.00 Hz
D/libEGL ( 1306): loaded /system/lib/egl/libGLES_android.so
D/libEGL ( 1306): loaded /system/lib/egl/libEGL_adreno200.so
D/libEGL ( 1306): loaded /system/lib/egl/libGLESv1_CM_adreno200.so
D/libEGL ( 1306): loaded /system/lib/egl/libGLESv2_adreno200.so
E/libEGL ( 1306): eglSetSwapRectangleANDROID:1995 error 3008 (EGL_BAD_DISPLAY)
I/SurfaceFlinger( 1306): EGL informations:
I/SurfaceFlinger( 1306): # of configs : 26
I/SurfaceFlinger( 1306): vendor : Android
I/SurfaceFlinger( 1306): version : 1.4 Android META-EGL
I/SurfaceFlinger( 1306): extensions: EGL_KHR_image EGL_KHR_image_base EGL_KHR_image_pixmap EGL_ANDROID_image_native_buffer EGL_ANDROID_swap_rectangle
I/SurfaceFlinger( 1306): Client API: OpenGL ES
I/SurfaceFlinger( 1306): EGLSurface: 8-8-8-8, config=0x3
I/SurfaceFlinger( 1306): OpenGL informations:
I/SurfaceFlinger( 1306): vendor : Qualcomm
I/SurfaceFlinger( 1306): renderer : Adreno 205
I/SurfaceFlinger( 1306): version : OpenGL ES-CM 1.1
I/SurfaceFlinger( 1306): extensions: GL_AMD_compressed_3DC_texture GL_AMD_compressed_ATC_texture GL_AMD_performance_monitor GL_APPLE_texture_2D_limited_npot GL_EXT_texture_filter_anisotropic GL_EXT_texture_format_BGRA8888 GL_EXT_texture_type_2_10_10_10_REV GL_OES_blend_equation_separate GL_OES_blend_func_separate GL_OES_blend_subtract GL_OES_compressed_ETC1_RGB8_texture GL_OES_compressed_paletted_texture GL_OES_depth_texture GL_OES_draw_texture GL_OES_framebuffer_object GL_OES_matrix_palette GL_OES_packed_depth_stencil GL_OES_point_size_array GL_OES_point_sprite GL_OES_read_format GL_OES_rgb8_rgba8 GL_OES_stencil_wrap GL_OES_EGL_image GL_OES_texture_cube_map GL_OES_texture_env_crossbar GL_OES_texture_float GL_OES_texture_half_float GL_OES_texture_half_float_linear GL_OES_texture_npot GL_OES_texture_mirrored_repeat GL_QCOM_binning_control GL_QCOM_extended_get GL_QCOM_tiled_rendering
I/SurfaceFlinger( 1306): GL_MAX_TEXTURE_SIZE = 4096
I/SurfaceFlinger( 1306): GL_MAX_VIEWPORT_DIMS = 4096
I/SurfaceFlinger( 1306): flags = 00000000
I/SurfaceFlinger( 1306): disable rotate animation
I/SurfaceFlinger( 1306): LayerAnimationFactory::init: 480 x 800
D/AndroidRuntime( 1307):
D/AndroidRuntime( 1307): >>>>>> AndroidRuntime START com.android.internal.os.ZygoteInit <<<<<<
D/AndroidRuntime( 1307): CheckJNI is OFF
D/dalvikvm( 1307): creating instr width table
I/ ( 1308): mediaserver main in
Click to expand...
Click to collapse
Code:
I/SystemServer( 1458): Entered the Android system server!
I/SystemServer( 1458): Entropy Service
W/EntropyService( 1458): unable to load initial entropy (first boot?)
W/EntropyService( 1458): java.io.FileNotFoundException: /data/system/entropy.dat (No such file or directory)
W/EntropyService( 1458): at org.apache.harmony.luni.platform.OSFileSystem.open(Native Method)
W/EntropyService( 1458): at dalvik.system.BlockGuard$WrappedFileSystem.open(BlockGuard.java:232)
W/EntropyService( 1458): at java.io.FileInputStream.<init>(FileInputStream.java:80)
W/EntropyService( 1458): at java.io.FileInputStream.<init>(FileInputStream.java:132)
W/EntropyService( 1458): at com.android.server.RandomBlock.fromFile(RandomBlock.java:45)
W/EntropyService( 1458): at com.android.server.EntropyService.loadInitialEntropy(EntropyService.java:99)
W/EntropyService( 1458): at com.android.server.EntropyService.<init>(EntropyService.java:86)
W/EntropyService( 1458): at com.android.server.EntropyService.<init>(EntropyService.java:76)
W/EntropyService( 1458): at com.android.server.ServerThread.run(SystemServer.java:232)
D/SensorService( 1458): nuSensorService thread starting...
I/SystemServer( 1458): Power Manager
I/SystemServer( 1458): DeviceManager3LM
I/SystemServer( 1458): Activity Manager
E/TundConnector( 1458): Communications error
E/TundConnector( 1458): java.io.IOException: No such file or directory
E/TundConnector( 1458): at android.net.LocalSocketImpl.connectLocal(Native Method)
E/TundConnector( 1458): at android.net.LocalSocketImpl.connect(LocalSocketImpl.java:238)
E/TundConnector( 1458): at android.net.LocalSocket.connect(LocalSocket.java:98)
E/TundConnector( 1458): at com.android.server.NativeDaemonConnector.listenToSocket(NativeDaemonConnector.java:111)
E/TundConnector( 1458): at com.android.server.NativeDaemonConnector.run(NativeDaemonConnector.java:91)
E/TundConnector( 1458): at java.lang.Thread.run(Thread.java:1027)
W/TundConnector( 1458): Failed to receive response from daemon
E/TundConnector( 1458): Error in NativeDaemonConnector
E/TundConnector( 1458): java.io.IOException: No such file or directory
E/TundConnector( 1458): at android.net.LocalSocketImpl.connectLocal(Native Method)
E/TundConnector( 1458): at android.net.LocalSocketImpl.connect(LocalSocketImpl.java:238)
E/TundConnector( 1458): at android.net.LocalSocket.connect(LocalSocket.java:98)
E/TundConnector( 1458): at com.android.server.NativeDaemonConnector.listenToSocket(NativeDaemonConnector.java:111)
E/TundConnector( 1458): at com.android.server.NativeDaemonConnector.run(NativeDaemonConnector.java:91)
E/TundConnector( 1458): at java.lang.Thread.run(Thread.java:1027)
I/dalvikvm( 1458): Could not find method com.htc.util.skin.HtcSkinUtil.isSystemApk, referenced from method com.android.server.am.ActivityManagerService.saveSkinLocked
W/dalvikvm( 1458): VFY: unable to resolve static method 7893: Lcom/htc/util/skin/HtcSkinUtil;.isSystemApk (Landroid/content/Context;Ljava/lang/String;)Z
D/dalvikvm( 1458): VFY: replacing opcode 0x71 at 0x000b
D/dalvikvm( 1458): VFY: dead code 0x000e-0024 in Lcom/android/server/am/ActivityManagerService;.saveSkinLocked (Ljava/lang/String;Z)V
D/dalvikvm( 1458): VFY: dead code 0x0026-002d in Lcom/android/server/am/ActivityManagerService;.saveSkinLocked (Ljava/lang/String;Z)V
D/AK8975 ( 1312): Compass CLOSE
W/dalvikvm( 1458): Exception Ljava/lang/NumberFormatException; thrown while initializing Lcom/android/server/am/ActivityManagerService;
W/dalvikvm( 1458): threadid=9: thread exiting with uncaught exception (group=0x400155a0)
E/AndroidRuntime( 1458): *** FATAL EXCEPTION IN SYSTEM PROCESS: android.server.ServerThread
E/AndroidRuntime( 1458): java.lang.ExceptionInInitializerError
E/AndroidRuntime( 1458): at com.android.server.ServerThread.run(SystemServer.java:247)
E/AndroidRuntime( 1458): Caused by: java.lang.NumberFormatException: unable to parse '' as integer
E/AndroidRuntime( 1458): at java.lang.Integer.parseInt(Integer.java:362)
E/AndroidRuntime( 1458): at java.lang.Integer.parseInt(Integer.java:332)
E/AndroidRuntime( 1458): at java.lang.Integer.valueOf(Integer.java:506)
E/AndroidRuntime( 1458): at com.android.server.am.ActivityManagerService.getIntProp(ActivityManagerService.java:429)
E/AndroidRuntime( 1458): at com.android.server.am.ActivityManagerService.<clinit>(ActivityManagerService.java:438)
E/AndroidRuntime( 1458): ... 1 more
I/Process ( 1458): Sending signal. PID: 1458 SIG: 9
I/ServiceManager( 1301): service 'sensorservice' died
I/ServiceManager( 1301): service 'entropy' died
I/ServiceManager( 1301): service 'power' died
I/ServiceManager( 1301): service 'DeviceManager3LM' died
I/Zygote ( 1307): Exit zygote because system server (1458) has terminated
E/AndroidRuntime( 1458): Error reporting crash
E/AndroidRuntime( 1458): java.lang.NullPointerException
E/AndroidRuntime( 1458): at com.android.internal.os.RuntimeInit$UncaughtHandler.uncaughtException(RuntimeInit.java:97)
E/AndroidRuntime( 1458): at java.lang.ThreadGroup.uncaughtException(ThreadGroup.java:854)
E/AndroidRuntime( 1458): at java.lang.ThreadGroup.uncaughtException(ThreadGroup.java:851)
I/ServiceManager( 1301): service 'media.audio_flinger' died
I/ServiceManager( 1301): service 'media.player' died
I/ServiceManager( 1301): service 'media.camera' died
I/ServiceManager( 1301): service 'media.audio_policy' died
I/Netd ( 1472): Netd 1.0 starting
I//system/bin/iptables( 1472): getsockopt for multiport failed strangely: No such file or directory
I//system/bin/iptables( 1472): getsockopt for multiport failed strangely: No such file or directory
I//system/bin/iptables( 1472): getsockopt for multiport failed strangely: No such file or directory
I//system/bin/iptables( 1472): getsockopt for multiport failed strangely: No such file or directory
I//system/bin/iptables( 1472): Flushing chain `INPUT'
I//system/bin/iptables( 1472): getsockopt for multiport failed strangely: No such file or directory
I//system/bin/iptables( 1472): getsockopt for multiport failed strangely: No such file or directory
I//system/bin/iptables( 1472): getsockopt for multiport failed strangely: No such file or directory
I//system/bin/iptables( 1472): getsockopt for multiport failed strangely: No such file or directory
I//system/bin/iptables( 1472): Flushing chain `OUTPUT'
I//system/bin/iptables( 1472): getsockopt for multiport failed strangely: No such file or directory
I//system/bin/iptables( 1472): getsockopt for multiport failed strangely: No such file or directory
I//system/bin/iptables( 1472): getsockopt for multiport failed strangely: No such file or directory
I//system/bin/iptables( 1472): getsockopt for multiport failed strangely: No such file or directory
I//system/bin/iptables( 1472): Flushing chain `FORWARD'
I//system/bin/iptables( 1472): getsockopt for multiport failed strangely: No such file or directory
I//system/bin/iptables( 1472): getsockopt for multiport failed strangely: No such file or directory
I//system/bin/iptables( 1472): Flushing chain `PREROUTING'
I//system/bin/iptables( 1472): Flushing chain `OUTPUT'
I//system/bin/iptables( 1472): Flushing chain `POSTROUTING'
Which recovery version are you using?
If you're using 4ext, use the format all (except SD) option under the wipe menu, then flash.
If you're using CWM, format all the partitions under the mounts and storage menu (except SD) manually, then flash.
Thank you, i will try that and ill tell you how it goes. Today i have tried to flash a few roms but none of them worked. They all get stuck on the logo after the htc one. The only rom that boots for me is ics beta 3
How long are you waiting for the boot screen to go away? Some ROMs take a few minutes sometimes longer to boot the first time, especially sense roms. You might not be waiting long enough.
Did you wipe your system partition? When flashing a new Sense ROM, I always do. Also, I do the same thing going from AOSP to SENSE. 4ext recovery makes it easy via the format all partitions except sdcard and then i wipe data/reset.
Yes i did wipe try to wipe the system partition but still nothing. How long do you guys wait after flashing a sense rom ?
Problem fixed !! It was my fault. My cousin had done a htc unlock instead of with revolutionary so now i have to flash the boot.img everytime i flash. It still had the old boot.img flashed from ics 3 beta.
I thought that with Fastboot boot recovery.img , i didn't need to reflash the boot.img but it still had to be done. No wonder only ICS beta 3 worked and the others didn't

[Q] Help Building AOSP from Source for One X [logcat looping]

Hi Everyone,
I'm trying to build Evervolv from source for the One X, I'm using TripNRaVeR's device tree (have also tried with teamNDVRu device/vender tree).. This is my first build, and I'm still learning as I go along...
All builds fine, I then flash the rom with the boot.img (from the prebuilt kernel that TripNRaVeR provides), however, I can't get past the splash screen. I can access adb, so I have taken a logcat - please see attached (also in pastebin, which provides further logcats too).
I have been told I need to get the HAL changes... but haven't a clue what they are... could anyone shed some light on it?
I do see in the logcat this -
Code:
E/FramebufferNativeWindow( 746): couldn't open framebuffer HAL (Invalid argument)
Which mentions the HAL - again, anyone can point me in the right direction?
full looping logcat
Code:
I/gralloc ( 456): b = 16:8
I/gralloc ( 456): width = 53 mm (345.056610 dpi)
I/gralloc ( 456): height = 95 mm (342.231567 dpi)
I/gralloc ( 456): refresh rate = 60.00 Hz
E/gralloc ( 456): Error mapping the framebuffer (Invalid argument)
E/FramebufferNativeWindow( 456): couldn't open framebuffer HAL (Invalid argument)
E/SurfaceFlinger( 456): Display subsystem failed to initialize. check logs. exiting...
D/dalvikvm( 497): Ignoring duplicate verify attempt on Ljava/lang/Object;
D/dalvikvm( 497): Ignoring duplicate verify attempt on Ljava/lang/Class;
D/dalvikvm( 497): Ignoring duplicate verify attempt on Ljava/lang/ref/Reference;
D/dalvikvm( 497): Ignoring duplicate verify attempt on Ljava/lang/ref/ReferenceQueue;
D/dalvikvm( 497): Ignoring duplicate verify attempt on Ljava/lang/ref/FinalizerReference;
D/dalvikvm( 497): DexOpt: load 47ms, verify+opt 611ms, 1591044 bytes
I/Netd ( 506): Netd 1.0 starting
I/mediaserver( 509): ServiceManager: 0x40b9fd80
I/AudioFlinger( 509): Using default 3000 mSec as standby time.
I/CameraService( 509): CameraService started (pid=509)
E/CameraService( 509): Could not load camera HAL module
I/AudioPolicyManagerBase( 509): loadAudioPolicyConfig() loaded /system/etc/audio_policy.conf
I/AudioFlinger( 509): loadHwModule() Loaded primary audio interface from Default audio HW HAL (audio) handle 1
F/libc ( 509): Fatal signal 11 (SIGSEGV) at 0x00000000 (code=1), thread 509(mediaserver)
D/AndroidRuntime( 508):
D/AndroidRuntime( 508): >>>>>> AndroidRuntime START com.android.internal.os.ZygoteInit <<<<<<
D/AndroidRuntime( 508): CheckJNI is OFF
D/dalvikvm( 508): DexOpt: --- BEGIN 'core-junit.jar' (bootstrap=1) ---
I/SurfaceFlinger( 507): SurfaceFlinger is starting
I/SurfaceFlinger( 507): use dithering
I/SurfaceFlinger( 507): SurfaceFlinger's main thread ready to run. Initializing graphics H/W...
W/gralloc ( 507): FBIOPUT_VSCREENINFO failed, page flipping not supported
W/gralloc ( 507): page flipping not supported (yres_virtual=1280, requested=2560)
I/gralloc ( 507): using (fd=14)
I/gralloc ( 507): id = tegra_fb
I/gralloc ( 507): xres = 720 px
I/gralloc ( 507): yres = 1280 px
I/gralloc ( 507): xres_virtual = 720 px
I/gralloc ( 507): yres_virtual = 2560 px
I/gralloc ( 507): bpp = 32
I/gralloc ( 507): r = 0:8
I/gralloc ( 507): g = 8:8
I/gralloc ( 507): b = 16:8
I/gralloc ( 507): width = 53 mm (345.056610 dpi)
I/gralloc ( 507): height = 95 mm (342.231567 dpi)
I/gralloc ( 507): refresh rate = 60.00 Hz
E/gralloc ( 507): Error mapping the framebuffer (Invalid argument)
E/FramebufferNativeWindow( 507): couldn't open framebuffer HAL (Invalid argument)
E/SurfaceFlinger( 507): Display subsystem failed to initialize. check logs. exiting...
I/ServiceManager( 162): service 'media.audio_flinger' died
I/ServiceManager( 162): service 'media.player' died
I/ServiceManager( 162): service 'media.camera' died
D/dalvikvm( 547): DexOpt: load 4ms, verify+opt 12ms, 137044 bytes
I/DEBUG ( 167): unexpected waitpid response: n=509, status=00000009
I/DEBUG ( 167): ptrace detach from 509 failed: No such process
I/DEBUG ( 167): debuggerd committing suicide to free the zombie!
I/DEBUG ( 552): debuggerd: Sep 3 2012 09:34:04
I/Netd ( 559): Netd 1.0 starting
I/mediaserver( 562): ServiceManager: 0x40be4ce0
I/AudioFlinger( 562): Using default 3000 mSec as standby time.
I/CameraService( 562): CameraService started (pid=562)
E/CameraService( 562): Could not load camera HAL module
I/AudioPolicyManagerBase( 562): loadAudioPolicyConfig() loaded /system/etc/audio_policy.conf
I/AudioFlinger( 562): loadHwModule() Loaded primary audio interface from Default audio HW HAL (audio) handle 1
F/libc ( 562): Fatal signal 11 (SIGSEGV) at 0x00000000 (code=1), thread 562(mediaserver)
I/SurfaceFlinger( 560): SurfaceFlinger is starting
I/SurfaceFlinger( 560): use dithering
I/SurfaceFlinger( 560): SurfaceFlinger's main thread ready to run. Initializing graphics H/W...
W/gralloc ( 560): FBIOPUT_VSCREENINFO failed, page flipping not supported
W/gralloc ( 560): page flipping not supported (yres_virtual=1280, requested=2560)
I/gralloc ( 560): using (fd=14)
I/gralloc ( 560): id = tegra_fb
I/gralloc ( 560): xres = 720 px
I/gralloc ( 560): yres = 1280 px
I/gralloc ( 560): xres_virtual = 720 px
I/gralloc ( 560): yres_virtual = 2560 px
I/gralloc ( 560): bpp = 32
I/gralloc ( 560): r = 0:8
I/gralloc ( 560): g = 8:8
I/gralloc ( 560): b = 16:8
I/gralloc ( 560): width = 53 mm (345.056610 dpi)
I/gralloc ( 560): height = 95 mm (342.231567 dpi)
I/gralloc ( 560): refresh rate = 60.00 Hz
E/gralloc ( 560): Error mapping the framebuffer (Invalid argument)
E/FramebufferNativeWindow( 560): couldn't open framebuffer HAL (Invalid argument)
E/SurfaceFlinger( 560): Display subsystem failed to initialize. check logs. exiting...
I/ServiceManager( 162): service 'media.audio_flinger' died
I/ServiceManager( 162): service 'media.player' died
I/ServiceManager( 162): service 'media.camera' died
I/DEBUG ( 552): unexpected waitpid response: n=562, status=00000009
I/DEBUG ( 552): ptrace detach from 562 failed: No such process
I/DEBUG ( 552): debuggerd committing suicide to free the zombie!
I/DEBUG ( 594): debuggerd: Sep 3 2012 09:34:04
I/Netd ( 601): Netd 1.0 starting
D/AndroidRuntime( 603):
D/AndroidRuntime( 603): >>>>>> AndroidRuntime START com.android.internal.os.ZygoteInit <<<<<<
D/AndroidRuntime( 603): CheckJNI is OFF
I/SurfaceFlinger( 602): SurfaceFlinger is starting
I/mediaserver( 604): ServiceManager: 0x413ebce0
I/AudioFlinger( 604): Using default 3000 mSec as standby time.
I/CameraService( 604): CameraService started (pid=604)
E/CameraService( 604): Could not load camera HAL module
I/AudioPolicyManagerBase( 604): loadAudioPolicyConfig() loaded /system/etc/audio_policy.conf
I/AudioFlinger( 604): loadHwModule() Loaded primary audio interface from Defaul
t audio HW HAL (audio) handle 1
I/SurfaceFlinger( 602): use dithering
F/libc ( 604): Fatal signal 11 (SIGSEGV) at 0x00000000 (code=1), thread 604(mediaserver)
I/SurfaceFlinger( 602): SurfaceFlinger's main thread ready to run. Initializing graphics H/W...
W/gralloc ( 602): FBIOPUT_VSCREENINFO failed, page flipping not supported
W/gralloc ( 602): page flipping not supported (yres_virtual=1280, requested=2560)
I/gralloc ( 602): using (fd=14)
I/gralloc ( 602): id = tegra_fb
I/gralloc ( 602): xres = 720 px
I/gralloc ( 602): yres = 1280 px
I/gralloc ( 602): xres_virtual = 720 px
I/gralloc ( 602): yres_virtual = 2560 px
I/gralloc ( 602): bpp = 32
I/gralloc ( 602): r = 0:8
I/gralloc ( 602): g = 8:8
I/gralloc ( 602): b = 16:8
I/gralloc ( 602): width = 53 mm (345.056610 dpi)
I/gralloc ( 602): height = 95 mm (342.231567 dpi)
I/gralloc ( 602): refresh rate = 60.00 Hz
E/gralloc ( 602): Error mapping the framebuffer (Invalid argument)
E/FramebufferNativeWindow( 602): couldn't open framebuffer HAL (Invalid argument)
E/SurfaceFlinger( 602): Display subsystem failed to initialize. check logs. exiting...
I/ServiceManager( 162): service 'media.audio_flinger' died
I/ServiceManager( 162): service 'media.player' died
I/ServiceManager( 162): service 'media.camera' died
I/DEBUG ( 594): unexpected waitpid response: n=604, status=00000009
I/DEBUG ( 594): ptrace detach from 604 failed: No such process
I/DEBUG ( 594): debuggerd committing suicide to free the zombie!
I/DEBUG ( 630): debuggerd: Sep 3 2012 09:34:04
I/Netd ( 634): Netd 1.0 starting
D/AndroidRuntime( 636):
D/AndroidRuntime( 636): >>>>>> AndroidRuntime START com.android.internal.os.ZygoteInit <<<<<<
I/SurfaceFlinger( 635): SurfaceFlinger is starting
I/SurfaceFlinger( 635): use dithering
D/AndroidRuntime( 636): CheckJNI is OFF
I/SurfaceFlinger( 635): SurfaceFlinger's main thread ready to run. Initializing graphics H/W...
W/gralloc ( 635): FBIOPUT_VSCREENINFO failed, page flipping not supported
W/gralloc ( 635): page flipping not supported (yres_virtual=1280, requested=2560)
I/gralloc ( 635): using (fd=14)
I/gralloc ( 635): id = tegra_fb
I/gralloc ( 635): xres = 720 px
I/gralloc ( 635): yres = 1280 px
I/gralloc ( 635): xres_virtual = 720 px
I/gralloc ( 635): yres_virtual = 2560 px
I/gralloc ( 635): bpp = 32
I/gralloc ( 635): r = 0:8
I/gralloc ( 635): g = 8:8
I/gralloc ( 635): b = 16:8
I/gralloc ( 635): width = 53 mm (345.056610 dpi)
I/gralloc ( 635): height = 95 mm (342.231567 dpi)
I/gralloc ( 635): refresh rate = 60.00 Hz
E/gralloc ( 635): Error mapping the framebuffer (Invalid argument)
E/FramebufferNativeWindow( 635): couldn't open framebuffer HAL (Invalid argument)
E/SurfaceFlinger( 635): Display subsystem failed to initialize. check logs. exiting...
I/Netd ( 680): Netd 1.0 starting
I/SurfaceFlinger( 681): SurfaceFlinger is starting
I/SurfaceFlinger( 681): use dithering
D/AndroidRuntime( 682):
D/AndroidRuntime( 682): >>>>>> AndroidRuntime START com.android.internal.os.ZygoteInit <<<<<<
D/AndroidRuntime( 682): CheckJNI is OFF
I/SurfaceFlinger( 681): SurfaceFlinger's main thread ready to run. Initializing graphics H/W...
W/gralloc ( 681): FBIOPUT_VSCREENINFO failed, page flipping not supported
W/gralloc ( 681): page flipping not supported (yres_virtual=1280, requested=2560)
I/gralloc ( 681): using (fd=14)
I/gralloc ( 681): id = tegra_fb
I/gralloc ( 681): xres = 720 px
I/gralloc ( 681): yres = 1280 px
I/gralloc ( 681): xres_virtual = 720 px
I/gralloc ( 681): yres_virtual = 2560 px
I/gralloc ( 681): bpp = 32
I/gralloc ( 681): r = 0:8
I/gralloc ( 681): g = 8:8
I/gralloc ( 681): b = 16:8
I/gralloc ( 681): width = 53 mm (345.056610 dpi)
I/gralloc ( 681): height = 95 mm (342.231567 dpi)
I/gralloc ( 681): refresh rate = 60.00 Hz
E/gralloc ( 681): Error mapping the framebuffer (Invalid argument)
E/FramebufferNativeWindow( 681): couldn't open framebuffer HAL (Invalid argument)
E/SurfaceFlinger( 681): Display subsystem failed to initialize. check logs. exiting...
I/Netd ( 710): Netd 1.0 starting
D/AndroidRuntime( 712):
D/AndroidRuntime( 712): >>>>>> AndroidRuntime START com.android.internal.os.ZygoteInit <<<<<<
D/AndroidRuntime( 712): CheckJNI is OFF
D/dalvikvm( 712): DexOpt: incorrect opt magic number (0xff ff ff ff)
D/dalvikvm( 712): ODEX file is stale or bad; removing and retrying (/data/dalvik-cache/[email protected]@[email protected])
I/mediaserver( 713): ServiceManager: 0x41abbce0
I/AudioFlinger( 713): Using default 3000 mSec as standby time.
I/CameraService( 713): CameraService started (pid=713)
E/CameraService( 713): Could not load camera HAL module
I/AudioPolicyManagerBase( 713): loadAudioPolicyConfig() loaded /system/etc/audio_policy.conf
I/AudioFlinger( 713): loadHwModule() Loaded primary audio interface from Default audio HW HAL (audio) handle 1
F/libc ( 713): Fatal signal 11 (SIGSEGV) at 0x00000000 (code=1), thread 713(mediaserver)
D/dalvikvm( 712): DexOpt: --- BEGIN 'bouncycastle.jar' (bootstrap=1) ---
I/SurfaceFlinger( 711): SurfaceFlinger is starting
I/SurfaceFlinger( 711): use dithering
I/SurfaceFlinger( 711): SurfaceFlinger's main thread ready to run. Initializing graphics H/W...
W/gralloc ( 711): FBIOPUT_VSCREENINFO failed, page flipping not supported
W/gralloc ( 711): page flipping not supported (yres_virtual=1280, requested=2560)
I/gralloc ( 711): using (fd=14)
I/gralloc ( 711): id = tegra_fb
I/gralloc ( 711): xres = 720 px
I/gralloc ( 711): yres = 1280 px
I/gralloc ( 711): xres_virtual = 720 px
I/gralloc ( 711): yres_virtual = 2560 px
I/gralloc ( 711): bpp = 32
I/gralloc ( 711): r = 0:8
I/gralloc ( 711): g = 8:8
I/gralloc ( 711): b = 16:8
I/gralloc ( 711): width = 53 mm (345.056610 dpi)
I/gralloc ( 711): height = 95 mm (342.231567 dpi)
I/gralloc ( 711): refresh rate = 60.00 Hz
E/gralloc ( 711): Error mapping the framebuffer (Invalid argument)
E/FramebufferNativeWindow( 711): couldn't open framebuffer HAL (Invalid argument)
E/SurfaceFlinger( 711): Display subsystem failed to initialize. check logs. exiting...
I/ServiceManager( 162): service 'media.audio_flinger' died
I/ServiceManager( 162): service 'media.player' died
I/ServiceManager( 162): service 'media.camera' died
I/DEBUG ( 630): unexpected waitpid response: n=713, status=00000009
I/DEBUG ( 630): ptrace detach from 713 failed: No such process
I/DEBUG ( 630): debuggerd committing suicide to free the zombie!
I/DEBUG ( 735): debuggerd: Sep 3 2012 09:34:04
D/dalvikvm( 731): DexOpt: load 18ms, verify+opt 237ms, 598396 bytes
I/Netd ( 745): Netd 1.0 starting
D/AndroidRuntime( 747):
D/AndroidRuntime( 747): >>>>>> AndroidRuntime START com.android.internal.os.Zyg
oteInit <<<<<<
D/AndroidRuntime( 747): CheckJNI is OFF
I/SurfaceFlinger( 746): SurfaceFlinger is starting
I/SurfaceFlinger( 746): use dithering
I/SurfaceFlinger( 746): SurfaceFlinger's main thread ready to run. Initializing graphics H/W...
W/gralloc ( 746): FBIOPUT_VSCREENINFO failed, page flipping not supported
W/gralloc ( 746): page flipping not supported (yres_virtual=1280, requested=2560)
I/gralloc ( 746): using (fd=14)
I/gralloc ( 746): id = tegra_fb
I/gralloc ( 746): xres = 720 px
I/gralloc ( 746): yres = 1280 px
I/gralloc ( 746): xres_virtual = 720 px
I/gralloc ( 746): yres_virtual = 2560 px
I/gralloc ( 746): bpp = 32
I/gralloc ( 746): r = 0:8
I/gralloc ( 746): g = 8:8
I/gralloc ( 746): b = 16:8
I/gralloc ( 746): width = 53 mm (345.056610 dpi)
I/gralloc ( 746): height = 95 mm (342.231567 dpi)
I/gralloc ( 746): refresh rate = 60.00 Hz
E/gralloc ( 746): Error mapping the framebuffer (Invalid argument)
E/FramebufferNativeWindow( 746): couldn't open framebuffer HAL (Invalid argument)
E/SurfaceFlinger( 746): Display subsystem failed to initialize. check logs. exiting...
or is pastebin - please see here - http://pastebin.com/APzmF1dt - And click my name for 3 others (also trying with other kernels, same thing)
Any help appreciated
Thanks, Matt
Solution
Navigate to /system/lib/hw/ inside the zip
IF in that directory is gralloc.tegra.so rename to gralloc.tegra3.so
IF in that directory is gralloc.tegra3.so rename to gralloc.tegra.so
Change the names then also inside the vendor tree's, do the same for hwcomposer.
Enjoy
TripNRaVeR said:
Solution
Navigate to /system/lib/hw/ inside the zip
IF in that directory is gralloc.tegra.so rename to gralloc.tegra3.so
IF in that directory is gralloc.tegra3.so rename to gralloc.tegra.so
Change the names then also inside the vendor tree's, do the same for hwcomposer.
Enjoy
Click to expand...
Click to collapse
Thank you very much! I will try this later when I have a chance, and report back!!
Thanks again!!
TripNRaVeR said:
Solution
Navigate to /system/lib/hw/ inside the zip
IF in that directory is gralloc.tegra.so rename to gralloc.tegra3.so
IF in that directory is gralloc.tegra3.so rename to gralloc.tegra.so
Change the names then also inside the vendor tree's, do the same for hwcomposer.
Enjoy
Click to expand...
Click to collapse
Hi again,
I looked in my zip file and I had gralloc.default.so and no grallac.tegra.so or gallaoc.tegra3.so - I changed the default to tegra and tegra3, however, it is still on the splash screen (but the backlight does dimm, so it is improving)...
New logcat over here (although it seems the same) - http://pastebin.com/HJgyH1Ai
I see some sense roms have gralloc.default.so and gralloc.tegra.so - would I need to do that to?
Kind Regards,
Matt
Well.... that can be only thing right :/
Those files are included in my vendor trees so they should be automaticly copied to the output dir. If this doesnt happen you need to verify the paths directing to the vendor trees..
TripNRaVeR said:
Well.... that can be only thing right :/
Those files are included in my vendor trees so they should be automaticly copied to the output dir. If this doesnt happen you need to verify the paths directing to the vendor trees..
Click to expand...
Click to collapse
Thanks again... I will delete the trees and try again when I got a chance...
I can see it in the lender tree, and see it being called by the blobs file, but it doesn't end up in there... Strange...
Thanks again for your help, will report back if anything changes...
Sent from my HTC One X using xda premium
Hi, I had an error with one of my mk files pointing to a different device... All seems to be sorted now...
Thank you for your help TripNRaVeR. Also thank you for the device/vender trees and all your hard work with One X community..
Thanks, Matt

[Q] HOX G sensor problem

Hello there,
i am now currently using InsertCoin One X 9.7.0 and the stock kernel. My Hboot version is 1.12. But my g-sensor doesn't work properly. Sometimes the g-sensor works after I flashed another kernel or simply rebooting the device. I have searched on the internet about this problem but there are no solutions for that.
I have attached the log for the sensor. I am desperate to get my g-sensor back, please help me to save my device. Thank you.
_________________________________________________________________________________________
I/GSensorCalibration(11466): DPI:320
I/GSensorCalibration(11466): noOrientation:true
D/GSensorCalibration(11466): onResume
I/GSensorCalibration(11466): isLandscape:false
D/SensorManager(11466): [SensorManager] registerListener: delay = 0
D/ ( 611): SensorChannel(): mSendFd = 327, mReceiveFd = 323
D/ (11466): SensorChannel(const Parcel& data): mSendFd = -1, mReceiveFd = 93
V/Sensors ( 611): int poll__activate(sensors_poll_device_t*, int, int)
V/Sensors ( 611): int sensors_poll_context_t::activate(int, int)
D/Sensors ( 611): handle : 14 en: 1, v09.1-Store Calibration, Landscape support
D/Sensors ( 611): mEnabled = 0x4000
E/Sensors ( 611): error: unable to set MPL sensor power states (sens=112 retcode = 26)
E/Sensors ( 611): unable to start dmp
D/Sensors ( 611): Use Gyro!
D/Sensors ( 611): MPLSensor::enable--1
V/Sensors ( 611): int poll__setDelay(sensors_poll_device_t*, int, int64_t)
V/Sensors ( 611): int sensors_poll_context_t::setDelay(int, int64_t)
E/Sensors ( 611): error setting FIFO rate
D/Sensors ( 611): (llu)G_Delay = 200
E/Sensors ( 611): MLUpdateData error (code 26)
V/Sensors ( 611): int poll__setDelay(sensors_poll_device_t*, int, int64_t)
V/Sensors ( 611): int sensors_poll_context_t::setDelay(int, int64_t)
E/Sensors ( 611): error setting FIFO rate
D/Sensors ( 611): (llu)G_Delay = 20
E/Sensors ( 611): MLUpdateData error (code 26)
E/Sensors ( 611): MLUpdateData error (code 26)
E/Sensors ( 611): MLUpdateData error (code 26)
E/Sensors ( 611): MLUpdateData error (code 26)
I/ActivityManager( 611): Displayed com.android.settings/.GSensorCalibration: +342ms
E/Sensors ( 611): MLUpdateData error (code 26)
E/Sensors ( 611): MLUpdateData error (code 26)
E/Sensors ( 611): MLUpdateData error (code 26)
E/Sensors ( 611): MLUpdateData error (code 26)
E/Sensors ( 611): MLUpdateData error (code 26)
E/Sensors ( 611): MLUpdateData error (code 26)
E/Sensors ( 611): MLUpdateData error (code 26)
E/Sensors ( 611): MLUpdateData error (code 26)
E/Sensors ( 611): MLUpdateData error (code 26)
E/Sensors ( 611): MLUpdateData error (code 26)
E/Sensors ( 611): MLUpdateData error (code 26)
E/Sensors ( 611): MLUpdateData error (code 26)
E/Sensors ( 611): MLUpdateData error (code 26)
E/Sensors ( 611): MLUpdateData error (code 26)
E/Sensors ( 611): MLUpdateData error (code 26)
E/Sensors ( 611): MLUpdateData error (code 26)
E/Sensors ( 611): MLUpdateData error (code 26)
E/Sensors ( 611): MLUpdateData error (code 26)
E/Sensors ( 611): MLUpdateData error (code 26)
E/Sensors ( 611): MLUpdateData error (code 26)
E/Sensors ( 611): MLUpdateData error (code 26)
E/Sensors ( 611): MLUpdateData error (code 26)
E/Sensors ( 611): MLUpdateData error (code 26)
E/Sensors ( 611): MLUpdateData error (code 26)
E/Sensors ( 611): MLUpdateData error (code 26)
E/Sensors ( 611): MLUpdateData error (code 26)
I/GSensorCalibration(11466): do calibration
I/GSensorCalibration(11466): Execute bma150_usr
E/Sensors ( 611): MLUpdateData error (code 26)
E/Sensors ( 611): MLUpdateData error (code 26)
D/G_SENSOR_CALIBRATION_USER(13179): Calibration USER 2.2
D/G_SENSOR_CALIBRATION_USER(13179): main: chip_layout = 1
E/Sensors ( 611): MLUpdateData error (code 26)
E/Sensors ( 611): MLUpdateData error (code 26)
E/Sensors ( 611): MLUpdateData error (code 26)
E/Sensors ( 611): MLUpdateData error (code 26)
E/Sensors ( 611): MLUpdateData error (code 26)
E/Sensors ( 611): MLUpdateData error (code 26)
E/Sensors ( 611): MLUpdateData error (code 26)
E/Sensors ( 611): MLUpdateData error (code 26)
E/Sensors ( 611): MLUpdateData error (code 26)
E/Sensors ( 611): MLUpdateData error (code 26)
E/Sensors ( 611): MLUpdateData error (code 26)
E/Sensors ( 611): MLUpdateData error (code 26)
E/Sensors ( 611): MLUpdateData error (code 26)
E/Sensors ( 611): MLUpdateData error (code 26)
E/Sensors ( 611): MLUpdateData error (code 26)
E/Sensors ( 611): MLUpdateData error (code 26)
E/Sensors ( 611): MLUpdateData error (code 26)
E/Sensors ( 611): MLUpdateData error (code 26)
E/Sensors ( 611): MLUpdateData error (code 26)
E/Sensors ( 611): MLUpdateData error (code 26)
E/Sensors ( 611): MLUpdateData error (code 26)
E/Sensors ( 611): MLUpdateData error (code 26)
E/Sensors ( 611): MLUpdateData error (code 26)
E/Sensors ( 611): MLUpdateData error (code 26)
E/Sensors ( 611): MLUpdateData error (code 26)
E/Sensors ( 611): MLUpdateData error (code 26)
E/Sensors ( 611): MLUpdateData error (code 26)
E/Sensors ( 611): MLUpdateData error (code 26)
E/Sensors ( 611): MLUpdateData error (code 26)
E/Sensors ( 611): MLUpdateData error (code 26)
E/Sensors ( 611): MLUpdateData error (code 26)
E/Sensors ( 611): MLUpdateData error (code 26)
E/Sensors ( 611): MLUpdateData error (code 26)
E/Sensors ( 611): MLUpdateData error (code 26)
E/Sensors ( 611): MLUpdateData error (code 26)
E/Sensors ( 611): MLUpdateData error (code 26)
E/Sensors ( 611): MLUpdateData error (code 26)
E/Sensors ( 611): MLUpdateData error (code 26)
E/Sensors ( 611): MLUpdateData error (code 26)
E/Sensors ( 611): MLUpdateData error (code 26)
E/Sensors ( 611): MLUpdateData error (code 26)
E/Sensors ( 611): MLUpdateData error (code 26)
E/Sensors ( 611): MLUpdateData error (code 26)
E/Sensors ( 611): MLUpdateData error (code 26)
E/Sensors ( 611): MLUpdateData error (code 26)
E/Sensors ( 611): MLUpdateData error (code 26)
E/Sensors ( 611): MLUpdateData error (code 26)
E/Sensors ( 611): MLUpdateData error (code 26)
E/Sensors ( 611): MLUpdateData error (code 26)
E/Sensors ( 611): MLUpdateData error (code 26)
E/Sensors ( 611): MLUpdateData error (code 26)
E/Sensors ( 611): MLUpdateData error (code 26)
E/Sensors ( 611): MLUpdateData error (code 26)
E/Sensors ( 611): MLUpdateData error (code 26)
E/Sensors ( 611): MLUpdateData error (code 26)
E/Sensors ( 611): MLUpdateData error (code 26)
E/Sensors ( 611): MLUpdateData error (code 26)
D/G_SENSOR_CALIBRATION_USER(13179): Offset setting: x=0 y=-7 z=3
E/Sensors ( 611): MLUpdateData error (code 26)
E/Sensors ( 611): MLUpdateData error (code 26)
I/System (11466): at com.android.settings.GSensorCalibration.execBMA150(GSensorCalibration.java)
I/System (11466): at com.android.settings.GSensorCalibration.doCalibrate(GSensorCalibration.java)
I/System (11466): at com.android.settings.GSensorCalibration.access$700(GSensorCalibration.java)
I/System (11466): at com.android.settings.GSensorCalibration$CALHandler.handleMessage(GSensorCalibration.java)
I/GSensorCalibration(11466): unregister Listener
E/Sensors ( 611): MLUpdateData error (code 26)
V/Sensors ( 611): int poll__activate(sensors_poll_device_t*, int, int)
V/Sensors ( 611): int sensors_poll_context_t::activate(int, int)
D/Sensors ( 611): handle : 14 en: 0, v09.1-Store Calibration, Landscape support
D/Sensors ( 611): mEnabled = 0x0
E/Sensors ( 611): error: unable to stop DMP (retcode = 25)
D/Sensors ( 611): calling MLStoreCalibration()
E/Sensors ( 611): MLStoreCalibration Fail!
D/Sensors ( 611): MPLSensor::enable--1
V/Sensors ( 611): int poll__setDelay(sensors_poll_device_t*, int, int64_t)
V/Sensors ( 611): int sensors_poll_context_t::setDelay(int, int64_t)
I/GSensorCalibration(11466): startAnimation
I/GSensorCalibration(11466): animation:
D/SensorManager(11466): [SensorManager] registerListener: delay = 0
V/Sensors ( 611): int poll__activate(sensors_poll_device_t*, int, int)
V/Sensors ( 611): int sensors_poll_context_t::activate(int, int)
D/Sensors ( 611): handle : 14 en: 1, v09.1-Store Calibration, Landscape support
D/Sensors ( 611): mEnabled = 0x4000
E/Sensors ( 611): error: unable to set MPL sensor power states (sens=112 retcode = 26)
E/Sensors ( 611): unable to start dmp
D/Sensors ( 611): Use Gyro!
D/Sensors ( 611): MPLSensor::enable--1
V/Sensors ( 611): int poll__setDelay(sensors_poll_device_t*, int, int64_t)
V/Sensors ( 611): int sensors_poll_context_t::setDelay(int, int64_t)
E/Sensors ( 611): error setting FIFO rate
D/Sensors ( 611): (llu)G_Delay = 200
E/Sensors ( 611): MLUpdateData error (code 26)
V/Sensors ( 611): int poll__setDelay(sensors_poll_device_t*, int, int64_t)
V/Sensors ( 611): int sensors_poll_context_t::setDelay(int, int64_t)
E/Sensors ( 611): error setting FIFO rate
D/Sensors ( 611): (llu)G_Delay = 20
E/Sensors ( 611): MLUpdateData error (code 26)
E/Sensors ( 611): MLUpdateData error (code 26)
E/Sensors ( 611): MLUpdateData error (code 26)
E/Sensors ( 611): MLUpdateData error (code 26)
E/Sensors ( 611): MLUpdateData error (code 26)
E/Sensors ( 611): MLUpdateData error (code 26)
E/Sensors ( 611): MLUpdateData error (code 26)
E/Sensors ( 611): MLUpdateData error (code 26)
E/Sensors ( 611): MLUpdateData error (code 26)
E/Sensors ( 611): MLUpdateData error (code 26)
E/Sensors ( 611): MLUpdateData error (code 26)
E/Sensors ( 611): MLUpdateData error (code 26)
E/Sensors ( 611): MLUpdateData error (code 26)
E/Sensors ( 611): MLUpdateData error (code 26)
E/Sensors ( 611): MLUpdateData error (code 26)
E/Sensors ( 611): MLUpdateData error (code 26)
E/Sensors ( 611): MLUpdateData error (code 26)
E/Sensors ( 611): MLUpdateData error (code 26)
E/Sensors ( 611): MLUpdateData error (code 26)
E/Sensors ( 611): MLUpdateData error (code 26)
E/Sensors ( 611): MLUpdateData error (code 26)
E/Sensors ( 611): MLUpdateData error (code 26)
E/Sensors ( 611): MLUpdateData error (code 26)
E/Sensors ( 611): MLUpdateData error (code 26)
E/Sensors ( 611): MLUpdateData error (code 26)
E/Sensors ( 611): MLUpdateData error (code 26)
E/Sensors ( 611): MLUpdateData error (code 26)
E/Sensors ( 611): MLUpdateData error (code 26)
E/Sensors ( 611): MLUpdateData error (code 26)
E/Sensors ( 611): MLUpdateData error (code 26)
E/Sensors ( 611): MLUpdateData error (code 26)
E/Sensors ( 611): MLUpdateData error (code 26)
E/Sensors ( 611): MLUpdateData error (code 26)
E/Sensors ( 611): MLUpdateData error (code 26)
E/Sensors ( 611): MLUpdateData error (code 26)
E/Sensors ( 611): MLUpdateData error (code 26)
E/Sensors ( 611): MLUpdateData error (code 26)
E/Sensors ( 611): MLUpdateData error (code 26)
E/Sensors ( 611): MLUpdateData error (code 26)
E/Sensors ( 611): MLUpdateData error (code 26)
E/Sensors ( 611): MLUpdateData error (code 26)
E/Sensors ( 611): MLUpdateData error (code 26)
E/Sensors ( 611): MLUpdateData error (code 26)
E/Sensors ( 611): MLUpdateData error (code 26)
E/Sensors ( 611): MLUpdateData error (code 26)
E/Sensors ( 611): MLUpdateData error (code 26)
E/Sensors ( 611): MLUpdateData error (code 26)
E/Sensors ( 611): MLUpdateData error (code 26)
E/Sensors ( 611): MLUpdateData error (code 26)
E/Sensors ( 611): MLUpdateData error (code 26)
E/Sensors ( 611): MLUpdateData error (code 26)
E/Sensors ( 611): MLUpdateData error (code 26)
E/Sensors ( 611): MLUpdateData error (code 26)
E/Sensors ( 611): MLUpdateData error (code 26)
E/Sensors ( 611): MLUpdateData error (code 26)
D/GSensorCalibration(11466): onStop
V/Sensors ( 611): int poll__activate(sensors_poll_device_t*, int, int)
V/Sensors ( 611): int sensors_poll_context_t::activate(int, int)
D/Sensors ( 611): handle : 14 en: 0, v09.1-Store Calibration, Landscape support
D/Sensors ( 611): mEnabled = 0x0
E/Sensors ( 611): error: unable to stop DMP (retcode = 25)
D/Sensors ( 611): calling MLStoreCalibration()
E/Sensors ( 611): MLStoreCalibration Fail!
D/Sensors ( 611): MPLSensor::enable--1
V/Sensors ( 611): int poll__setDelay(sensors_poll_device_t*, int, int64_t)
V/Sensors ( 611): int sensors_poll_context_t::setDelay(int, int64_t)
_________________________________________________________________________________________
There is no solution, because it is probably a hardware fault. Had this problem once and had to send it in for repair.
Sent from my HTC One X using xda app-developers app
Marc199 said:
There is no solution, because it is probably a hardware fault. Had this problem once and had to send it in for repair.
Sent from my HTC One X using xda app-developers app
Click to expand...
Click to collapse
i don't want to send it back to HTC cause i bought it in asia. If I send it back , I think i will need to pay for the repairing cost.
tamlmt168 said:
i don't want to send it back to HTC cause i bought it in asia. If I send it back , I think i will need to pay for the repairing cost.
Click to expand...
Click to collapse
well, i agree probably it is a HW problem, if you don't want to send it back you'll live with it

Compile CM 10.1 kernel,but baseband unknown.how to fix?

I compile a kernel from the CM 10.1 source for my N7108, but baseband unknown.and kernel version unavailable
Who can help me to solve this problem?please.
https://github.com/wctliu/Samsung-kernel-N7108/blob/master/adb-full-log.txt
a part of the log
Code:
--------- beginning of /dev/log/main
I/installd( 1856): installd firing up
I/DEBUG ( 1849): debuggerd: May 22 2013 02:49:39
--------- beginning of /dev/log/system
I/Vold ( 1846): Vold 2.1 (the revenge) firing up
D/Vold ( 1846): Volume sdcard1 state changing -1 (Initializing) -> 0 (No-Media)
D/Vold ( 1846): Volume usbdisk0 state changing -1 (Initializing) -> 0 (No-Media)
I/Netd ( 1848): Netd 1.0 starting
W/InterfaceController( 1848): Error (Symbol not found: ) while searching for the interface command fini function
D/Vold ( 1846): Volume sdcard1 state changing 0 (No-Media) -> 2 (Pending)
D/macloader( 1859): Deleting file /data/.cid.info
D/DirectVolume( 1846): DirectVolume::handlePartitionAdded -> MAJOR 179, MINOR 49, PARTN 1
D/Vold ( 1846): Volume sdcard1 state changing 2 (Pending) -> 1 (Idle-Unmounted)
I/SurfaceFlinger( 1851): SurfaceFlinger is starting
I/SurfaceFlinger( 1851): use dithering
I/SurfaceFlinger( 1851): SurfaceFlinger's main thread ready to run. Initializing graphics H/W...
D/gpsd ( 1860): main()
