Errors during booting in logcat - should I be worried? - Desire Q&A, Help & Troubleshooting

Hi all, I'm new in this forum. When booting with the logcat on, I see several errors appearing:
(1) First error:
I/dalvikvm( 99): Zip is good, but no classes.dex inside, and no .odex file in the same directory
W/PackageManager( 99): Exception reading jar: /system/framework/com.htc.resources.apk
W/PackageManager( 99): java.io.IOException: /system/framework/com.htc.resources.apk
W/PackageManager( 99): at dalvik.system.DexFile.isDexOptNeeded(Native Method)
W/PackageManager( 99): at com.android.server.PackageManagerService.<init>(PackageManagerService.java:908)
W/PackageManager( 99): at com.android.server.PackageManagerService.main(PackageManagerService.java:686)
W/PackageManager( 99): at com.android.server.ServerThread.run(SystemServer.java:144)
(2) Second error:
E/DatabaseUtils( 205): Writing exception to parcel
E/DatabaseUtils( 205): android.database.sqlite.SQLiteException: no such column: phonetic_name: , while compiling: SELECT _id, display_name, starred, photo_id, has_phone_number, lookup, ext_account_Type, status_update_id FROM contacts WHERE ( (in_visible_group=1) AND has_phone_number=1) ORDER BY phonetic_name COLLATE LOCALIZED ASC, display_name COLLATE LOCALIZED ASC
E/DatabaseUtils( 205): at android.database.sqlite.SQLiteCompiledSql.native_compile(Native Method)
E/DatabaseUtils( 205): at android.database.sqlite.SQLiteCompiledSql.compile(SQLiteCompiledSql.java:91)
E/DatabaseUtils( 205): at android.database.sqlite.SQLiteCompiledSql.<init>(SQLiteCompiledSql.java:64)
E/DatabaseUtils( 205): at android.database.sqlite.SQLiteProgram.<init>(SQLiteProgram.java:80)
E/DatabaseUtils( 205): at android.database.sqlite.SQLiteQuery.<init>(SQLiteQuery.java:46)
E/DatabaseUtils( 205): at android.database.sqlite.SQLiteDirectCursorDriver.query(SQLiteDirectCursorDriver.java:53)
E/DatabaseUtils( 205): at android.database.sqlite.SQLiteDatabase.rawQueryWithFactory(SQLiteDatabase.java:1412)
E/DatabaseUtils( 205): at android.database.sqlite.SQLiteQueryBuilder.query(SQLiteQueryBuilder.java:351)
E/DatabaseUtils( 205): at com.android.providers.contacts.HtcContactsProvider2.query(HtcContactsProvider2.java:4071)
E/DatabaseUtils( 205): at android.content.ContentProvider$Transport.bulkQuery(ContentProvider.java:156)
E/DatabaseUtils( 205): at android.content.ContentProviderNative.onTransact(ContentProviderNative.java:134)
E/DatabaseUtils( 205): at android.os.Binder.execTransact(Binder.java:288)
E/DatabaseUtils( 205): at dalvik.system.NativeStart.run(Native Method)
(3) Third error:
W/System.err( 505): java.lang.NullPointerException
W/System.err( 505): at com.paypal.android.a.h.a(Unknown Source)
W/System.err( 505): at com.paypal.android.a.a.j(Unknown Source)
W/System.err( 505): at com.paypal.android.a.f.run(Unknown Source)
Should I be worried about them?
First one seems to be an error in a standard HTC app.
Second one seems to be related to my contacts missing a field?
Third one seems related to paypal (why???) I don't have paypal.
thank u for any help

It is normal to get warnings, which 1 and 3 are. It is not so normal to get an error, but as long as your phone is working and not having any problems, it is something you can ignore

Related

unreproducable problem with exchange on 2.2

Hi there,
just updated a working mates Desire to 2.2. But since then always when he wants to create his exchange account he got a failed to create account (after the screen where you can select Calender, Mail and contacts.
The strange is we use the same exchange server and we both tested it via wlan. It worked for me but not for him (we have the same rom /radio/recovery)
Even if i try to login with my account on his device i got the same error.
Here's what i've done so far:
-reflash radio / rom
-wipe everything (several times)
-change roms
-copy my mail.apk via adb to his device
-redownload the rom
If it helps, here is the logcat from the setup procedure:
W/System.err( 719): at com.htc.android.mail.eassvc.core.BaseSyncSource.saveD
ata(BaseSyncSource.java:367)
W/System.err( 719): at com.htc.android.mail.eassvc.core.BaseSyncSource.setCo
lID(BaseSyncSource.java:252)
W/System.err( 719): at com.htc.android.mail.eassvc.core.SyncManager.getFolde
rHierarchy(SyncManager.java:1409)
W/System.err( 719): at com.htc.android.mail.eassvc.core.SyncManager.syncMail
FolderAndUpdAccount(SyncManager.java:7956)
W/System.err( 719): at com.htc.android.mail.eassvc.core.SyncManager.createAc
count(SyncManager.java:8081)
W/System.err( 719): at com.htc.android.mail.eassvc.EASAppSvc$MailBlockComman
dHandler.createAccount(EASAppSvc.java:6234)
W/System.err( 719): at com.htc.android.mail.eassvc.EASAppSvc.createAccount(E
ASAppSvc.java:6548)
W/System.err( 719): at com.htc.android.mail.eassvc.EASAppSvc$EasAuthenticato
r.addAccount(EASAppSvc.java:454)
W/System.err( 719): at android.accounts.AbstractAccountAuthenticator$Transpo
rt.addAccount(AbstractAccountAuthenticator.java:129)
W/System.err( 719): at android.accounts.IAccountAuthenticator$Stub.onTransac
t(IAccountAuthenticator.java:67)
W/System.err( 719): at android.os.Binder.execTransact(Binder.java:288)
W/System.err( 719): at dalvik.system.NativeStart.run(Native Method)
D/EAS_AppSvc( 719): 06021143 Exception happen, createAccount out of retry times
, quit.
I/LockUtil( 719): 06021143 - release PowerLock: MAIL_BLK
D/EAS_AppSvc( 719): 06021143 < createAccount:
I/EAS_AppSvc( 719): 06021143 addAccount faile (-1)
D/EAS_AppSvc( 719): 06021143 BackupManager.dataChanged()
W/BackupManagerService( 295): dataChanged but no participant pkg='com.htc.andro
id.mail' uid=9997
D/SynchronizationSetting( 719): 06021143 callback: finish account setup
D/EAS_AppSvc( 719): 06021143 deleteLoginConfig()
D/MailManager( 719): 06021143 - writeLoginConfig
D/MailManager( 719): 06021143 !!Attention, email address empty
D/MailManager( 719): 06021143 !!Attentiln, serverName empty
D/MailManager( 719): 06021143 !!Attention, userName empty
D/MailManager( 719): 06021143 !!Attention, password empty
D/EAS_AppSvc( 719): 06021143 > deleteMailAccount()
D/BaseSyncSource( 719): 06021143 > deleteData()3
D/MailSyncSource( 719): 06021143 - saveData()
D/MailManager( 719): 06021143 > saveMailboxInfo
D/MailManager( 719): 06021143 < saveMailboxInfo: true
D/BaseSyncSource( 719): 06021143 < deleteData()
D/MailManager( 719): 06021143 - delete exchange account start
D/MailManager( 719): 06021143 deleteAccount() default_path: /data/data/com.htc.
android.mail/app_mail_eas
D/dalvikvm( 464): GC_EXPLICIT freed 3528 objects / 179696 bytes in 155ms
D/dalvikvm( 719): GC_FOR_MALLOC freed 5401 objects / 413032 bytes in 54ms
W/BackupManagerService( 295): dataChanged but no participant pkg='com.htc.andro
id.mail' uid=9997
D/MailManager( 719): 06021143 - delete exchange account finish: true
D/EAS_AppSvc( 719): 06021143 < deleteMailAccount()
D/EAS_AppSvc( 719): 06021143 - setLoginConfig()
D/MailManager( 719): 06021143 - writeLoginConfig
D/MailManager( 719): 06021143 write login config failed: Can't retrieve exchang
e account
D/EASProgressDialog( 719): 06021143 onStop()
V/HtcAlertDialog( 719): onStop
I/HtcAlertDialog( 719): deinitSensor
D/SynchronizationSetting( 719): 06021143 onCreateDialog(2)
I/AlertDialog( 719): [onCreate] auto launch SIP.
I/dalvikvm( 719): Jit: resizing JitTable from 8192 to 16384
D/dalvikvm( 473): GC_EXPLICIT freed 4613 objects / 433144 bytes in 61ms
D/NativeCrypto( 473): Freeing OpenSSL session
D/dalvikvm( 727): GC_EXPLICIT freed 1717 objects / 110936 bytes in 82ms
D/HtcLockScreen( 295): onRefreshBatteryInfo showBatteryInfo:truepluggedIn:trueb
atteryLevel:37
D/HtcLockScreen( 295): onRefreshBatteryInfo currentData mPluggedIn:truemBattery
Level:36
I/HtcLockScreen( 295): updateStatusViewByPriority, mIsSimCheckView = false, mIs
BatteryInfo = false, mIsMusicPlaying = false, mIsAirPlaneMode = false
I/global ( 295): Default buffer size used in BufferedReader constructor. It wo
uld be better to be explicit if an 8k-char buffer is required.
I/global ( 295): Default buffer size used in BufferedReader constructor. It wo
uld be better to be explicit if an 8k-char buffer is required.
D/BatteryService( 295): isUsbConnected() = true
D/BatteryService( 295): mPlugType = 2
D/BaseSyncSource( 719): 06021143 - setColID()2
D/BaseSyncSource( 719): 06021143 > saveData(2)
D/BaseSyncSource( 719): 06021143 > saveData(2)
D/MailSyncSource( 719): 06021143 - saveData()
D/MailManager( 719): 06021143 > saveMailboxInfo
E/ActivityThread( 719): Failed to find provider info for com.android.calendar
D/MailManager( 719): 06021143 < saveMailboxInfo: true
D/EAS_SyncEngine( 719): 06021143 writeGlobalInfo: {FF0526DA-A672-440C-AE21-D38D
2D7EEF09}1
W/System.err( 719): java.lang.IllegalArgumentException: Unknown URI content://c
om.android.calendar/easSyncInfo
W/System.err( 719): at android.content.ContentResolver.update(ContentResolve
r.java:703)
W/System.err( 719): at com.htc.android.mail.eassvc.core.BaseSyncSource.saveD
ata(BaseSyncSource.java:367)
W/System.err( 719): at com.htc.android.mail.eassvc.core.BaseSyncSource.setCo
lID(BaseSyncSource.java:252)
W/System.err( 719): at com.htc.android.mail.eassvc.core.SyncManager.getFolde
rHierarchy(SyncManager.java:1409)
W/System.err( 719): at com.htc.android.mail.eassvc.core.SyncManager.syncMail
FolderAndUpdAccount(SyncManager.java:7956)
W/System.err( 719): at com.htc.android.mail.eassvc.core.SyncManager.createAc
count(SyncManager.java:8081)
W/System.err( 719): at com.htc.android.mail.eassvc.EASAppSvc$MailBlockComman
dHandler.createAccount(EASAppSvc.java:6234)
W/System.err( 719): at com.htc.android.mail.eassvc.EASAppSvc.createAccount(E
ASAppSvc.java:6548)
W/System.err( 719): at com.htc.android.mail.eassvc.EASAppSvc$EasAuthenticato
r.addAccount(EASAppSvc.java:454)
W/System.err( 719): at android.accounts.AbstractAccountAuthenticator$Transpo
rt.addAccount(AbstractAccountAuthenticator.java:129)
W/System.err( 719): at android.accounts.IAccountAuthenticator$Stub.onTransac
t(IAccountAuthenticator.java:67)
W/System.err( 719): at android.os.Binder.execTransact(Binder.java:288)
W/System.err( 719): at dalvik.system.NativeStart.run(Native Method)
D/EAS_AppSvc( 719): 06021143 Exception happen, createAccount out of retry times
, quit.
I/LockUtil( 719): 06021143 - release PowerLock: MAIL_BLK
D/EAS_AppSvc( 719): 06021143 < createAccount:
I/EAS_AppSvc( 719): 06021143 addAccount faile (-1)
D/EAS_AppSvc( 719): 06021143 BackupManager.dataChanged()
W/BackupManagerService( 295): dataChanged but no participant pkg='com.htc.andro
id.mail' uid=9997
D/SynchronizationSetting( 719): 06021143 callback: finish account setup
D/EAS_AppSvc( 719): 06021143 deleteLoginConfig()
D/MailManager( 719): 06021143 - writeLoginConfig
D/MailManager( 719): 06021143 !!Attention, email address empty
D/MailManager( 719): 06021143 !!Attentiln, serverName empty
D/MailManager( 719): 06021143 !!Attention, userName empty
D/MailManager( 719): 06021143 !!Attention, password empty
D/EAS_AppSvc( 719): 06021143 > deleteMailAccount()
D/BaseSyncSource( 719): 06021143 > deleteData()3
D/MailSyncSource( 719): 06021143 - saveData()
D/MailManager( 719): 06021143 > saveMailboxInfo
D/MailManager( 719): 06021143 < saveMailboxInfo: true
D/BaseSyncSource( 719): 06021143 < deleteData()
D/MailManager( 719): 06021143 - delete exchange account start
D/MailManager( 719): 06021143 deleteAccount() default_path: /data/data/com.htc.
android.mail/app_mail_eas
D/dalvikvm( 464): GC_EXPLICIT freed 3528 objects / 179696 bytes in 155ms
D/dalvikvm( 719): GC_FOR_MALLOC freed 5401 objects / 413032 bytes in 54ms
W/BackupManagerService( 295): dataChanged but no participant pkg='com.htc.andro
id.mail' uid=9997
D/MailManager( 719): 06021143 - delete exchange account finish: true
D/EAS_AppSvc( 719): 06021143 < deleteMailAccount()
D/EAS_AppSvc( 719): 06021143 - setLoginConfig()
D/MailManager( 719): 06021143 - writeLoginConfig
D/MailManager( 719): 06021143 write login config failed: Can't retrieve exchang
e account
D/EASProgressDialog( 719): 06021143 onStop()
V/HtcAlertDialog( 719): onStop
I/HtcAlertDialog( 719): deinitSensor
D/SynchronizationSetting( 719): 06021143 onCreateDialog(2)
I/AlertDialog( 719): [onCreate] auto launch SIP.
I/dalvikvm( 719): Jit: resizing JitTable from 8192 to 16384
D/dalvikvm( 473): GC_EXPLICIT freed 4613 objects / 433144 bytes in 61ms
D/NativeCrypto( 473): Freeing OpenSSL session
D/dalvikvm( 727): GC_EXPLICIT freed 1717 objects / 110936 bytes in 82ms
Click to expand...
Click to collapse

problem process android.phone died

Hello, i've a Legend and since a few month, and anytime i see process.android.phone.acore has stopped and i need to enter my pin code. I thought is the root which caused the problem, but last week i've bought an unbranded (not rooted but no operator brand) Desire and i've the same problem
I've caught the problem in logcat with the desire:
Code:
D/TelephonyRegistry( 99): notifyDataConnection() state=2isDataConnectivityPossible()true, reason=null
D/TelephonyRegistry( 99): broadcastDataConnectionStateChanged() state=CONNECTEDtypes=default, interfaceName=rmnet0
D/TelephonyRegistry( 99): notifyDataConnection() state=2isDataConnectivityPossible()true, reason=null
D/TelephonyRegistry( 99): broadcastDataConnectionStateChanged() state=CONNECTEDtypes=default, interfaceName=rmnet0
W/InputManagerService( 99): Starting input on non-focused client [email protected] (uid=9998 pid=2571)
E/AndroidRuntime( 234): FATAL EXCEPTION: Thread-59
E/AndroidRuntime( 234): java.lang.IllegalStateException: Couldn't init cursor window
E/AndroidRuntime( 234): at android.database.CursorWindow.native_init(Native Method)
E/AndroidRuntime( 234): at android.database.CursorWindow.<init>(CursorWindow.java:41)
E/AndroidRuntime( 234): at android.content.ContentProviderProxy.query(ContentProviderNative.java:406)
E/AndroidRuntime( 234): at android.content.ContentResolver.query(ContentResolver.java:245)
E/AndroidRuntime( 234): at com.android.internal.telephony.CallerInfo.getCallerInfo(CallerInfo.java:371)
E/AndroidRuntime( 234): at com.android.internal.telephony.CallerInfo.getCallerInfo(CallerInfo.java:406)
E/AndroidRuntime( 234): at com.android.internal.telephony.CallerInfo.getCallerId(CallerInfo.java:441)
E/AndroidRuntime( 234): at android.provider.Telephony$Mms.getDisplayAddress(Telephony.java:1794)
E/AndroidRuntime( 234): at com.android.providers.telephony.SmsProvider$1.run(SmsProvider.java:550)
E/AndroidRuntime( 234): at java.lang.Thread.run(Thread.java:1102)
W/InputManagerService( 99): Window already focused, ignoring focus gain of: [email protected]
E/ActivityManager( 99): Error running process
E/ActivityManager( 99): java.io.IOException: Error running exec(). Command: [/system/xbin/procrank] Working Directory: null Environment: [ANDROID_SOCKET_zygote=11, ANDROID_BOOTLOGO=1, EXTERNAL_STORAGE=/mnt/sdcard, ANDROID_ASSETS=/system/app, ASEC_MOUNTPOINT=/mnt/asec, PATH=/sbin:/system/sbin:/system/bin:/system/xbin, ANDROID_DATA=/data, BOOTCLASSPATH=/system/framework/core.jar:/system/framework/ext.jar:/system/framework/framework.jar:/system/framework/android.policy.jar:/system/framework/services.jar:/system/framework/com.htc.framework.jar:/system/framework/com.htc.android.pimlib.jar:/system/framework/com.htc.android.easopen.jar:/system/framework/com.scalado.util.ScaladoUtil.jar, ANDROID_PROPERTY_WORKSPACE=10,65536, ANDROID_ROOT=/system, LD_LIBRARY_PATH=/system/lib]
E/ActivityManager( 99): at java.lang.ProcessManager.exec(ProcessManager.java:226)
E/ActivityManager( 99): at java.lang.ProcessBuilder.start(ProcessBuilder.java:201)
E/ActivityManager( 99): at com.android.server.am.ActivityManagerService.logProcessResult(ActivityManagerService.java:9437)
E/ActivityManager( 99): at com.android.server.am.ActivityManagerService.access$900(ActivityManagerService.java:155)
E/ActivityManager( 99): at com.android.server.am.ActivityManagerService$9.run(ActivityManagerService.java:9614)
E/ActivityManager( 99): Caused by: java.io.IOException: No such file or directory
E/ActivityManager( 99): at java.lang.ProcessManager.exec(Native Method)
E/ActivityManager( 99): at java.lang.ProcessManager.exec(ProcessManager.java:224)
E/ActivityManager( 99): ... 4 more
I/ActivityManager( 99): Process com.android.phone (pid 234) has died.
I/WindowManager( 99): WIN DEATH: Window{46335808 com.android.phone/com.android.phone.InCallScreen paused=false}
I/ActivityThread( 524): Removing dead content provider: mms-sms
I/ActivityThread( 524): Removing dead content provider: sms
I/ActivityThread( 235): Removing dead content provider: icc
W/ActivityManager( 99): Scheduling restart of crashed service com.android.phone/.NetworkQueryService in 5000ms
W/ActivityManager( 99): Scheduling restart of crashed service com.android.stk/.StkAppService in 14991ms
W/ActivityManager( 99): Scheduling restart of crashed service com.android.phone/.BluetoothHeadsetService in 24991ms
I/ActivityManager( 99): Kill com.handcent.nextsms (pid 524): provider com.android.providers.telephony.SmsProvider in dying process com.android.phone
I/ActivityManager( 99): Kill com.handcent.nextsms (pid 524): provider com.android.providers.telephony.MmsSmsProvider in dying process com.android.phone
--------- beginning of /dev/log/main
W/ContentService( 99): binderDied() at ObserverNode name preferapn
W/ContentService( 99): binderDied() at ObserverNode name preferapn
W/ContentService( 99): binderDied() at ObserverNode name preferapn
W/ContentService( 99): binderDied() at ObserverNode name preferapn
W/ContentService( 99): binderDied() at ObserverNode name preferapn
W/ContentService( 99): binderDied() at ObserverNode name preferapn
W/ContentService( 99): binderDied() at ObserverNode name preferapn
W/ContentService( 99): binderDied() at ObserverNode name preferapn
W/ContentService( 99): binderDied() at ObserverNode name preferapn
W/ContentService( 99): binderDied() at ObserverNode name preferapn
W/ContentService( 99): binderDied() at ObserverNode name preferapn
W/ContentService( 99): binderDied() at ObserverNode name preferapn
W/ContentService( 99): binderDied() at ObserverNode name preferapn
W/ContentService( 99): binderDied() at ObserverNode name preferapn
W/ContentService( 99): binderDied() at ObserverNode name preferapn
W/ContentService( 99): binderDied() at ObserverNode name preferapn
W/ContentService( 99): binderDied() at ObserverNode name preferapn
W/ContentService( 99): binderDied() at ObserverNode name preferapn
W/ContentService( 99): binderDied() at ObserverNode name preferapn
W/ContentService( 99): binderDied() at ObserverNode name preferapn
W/ContentService( 99): binderDied() at ObserverNode name preferapn
W/ContentService( 99): binderDied() at ObserverNode name preferapn
W/ContentService( 99): binderDied() at ObserverNode name preferapn
W/ContentService( 99): binderDied() at ObserverNode name preferapn
W/ContentService( 99): binderDied() at ObserverNode name preferapn
W/ContentService( 99): binderDied() at ObserverNode name preferapn
I/ActivityManager( 99): Start proc com.android.phone for restart com.android.phone: pid=2689 uid=1001 gids={3002, 3001, 3003}
W/KeyCharacterMap( 2474): Bad keycharmap - filesize=32
W/KeyCharacterMap( 2474): Error loading keycharmap file '/system/usr/keychars/bravo-keypad.kcm.bin'. hw.keyboards.0.devname='bravo-keypad'
W/KeyCharacterMap( 2474): Using default keymap: /system/usr/keychars/qwerty.kcm.bin
I/ActivityThread( 2689): Publishing provider search: com.android.providers.telephony.SearchdbProvider
W/ContentService( 99): binderDied() at ObserverNode name system
W/ContentService( 99): binderDied() at ObserverNode name 5
W/ContentService( 99): binderDied() at ObserverNode name system
W/ContentService( 99): binderDied() at ObserverNode name system
W/ContentService( 99): binderDied() at ObserverNode name system
I/ActivityManager( 99): Process com.handcent.nextsms (pid 524) has died.
W/ActivityManager( 99): Scheduling restart of crashed service com.handcent.nextsms/com.handcent.sms.transaction.SmsReceiverService in 34508ms
W/ActivityManager( 99): Scheduling restart of crashed service com.handcent.nextsms/com.handcent.sms.transaction.HcAppWidgetService in 44508ms
I/WindowManager( 99): WIN DEATH: Window{4671b2e8 com.handcent.nextsms/com.handcent.sms.ui.ComposeMessageActivity paused=false}
W/ContentService( 99): binderDied() at ObserverNode name system
I/WindowManager( 99): WIN DEATH: Window{46678f08 com.handcent.nextsms/com.handcent.sms.ui.ConversationExList paused=false}
I/ActivityThread( 2689): Publishing provider telephony: com.android.providers.telephony.TelephonyProvider
I/ActivityThread( 2689): Publishing provider allmessages: com.android.providers.telephony.AllMessagesProvider
I/ActivityThread( 2689): Publishing provider temporarymessage: com.android.providers.telephony.TemporaryMessageProvider
I/ActivityThread( 2689): Publishing provider sms: com.android.providers.telephony.SmsProvider
I/ActivityThread( 2689): Publishing provider mms-sms: com.android.providers.telephony.MmsSmsProvider
I/ActivityThread( 2689): Publishing provider qtext: com.android.providers.telephony.QTextProvider
I/ActivityThread( 2689): Publishing provider cbchannels: com.android.providers.telephony.CBProvider
I/ActivityThread( 2689): Publishing provider icc: com.android.phone.IccProvider
I/ActivityThread( 2689): Publishing provider htcmsgs: com.android.providers.telephony.HtcMsgsProvider
I/ActivityThread( 2689): Publishing provider mms: com.android.providers.telephony.MmsProvider
D/PhoneApp( 2689): Htc_Sense_Version : 1.6
D/dalvikvm( 2689): Note: class Lcom/android/internal/telephony/BaseCommands; has 162 unimplemented (abstract) methods
My desire is updated at the last version.
Anyone have any solutions?

[APP/PROJECT] Porting Xperia Arc Music App to SGS / Idea stage / Need skills !!

Hi all, i start a little project, trying to port xperia arc's Music Player to our SGS, i'm not a dev, just a "bidouilleur".
Apk's installation is fine, but app FC.
So, here is log of FC :
Code:
I/ActivityManager( 3260): Starting activity: Intent { act=android.intent.action.MAIN cat=[android.intent.category.LAUNCHER] flg=0x10200000 cmp=com.sonyericsson.music/.PlayerActivity }
W/WindowManager( 3260): HistoryRecord{48d2b2d8 com.sonyericsson.music/.PlayerActivity} failed creating starting window
W/WindowManager( 3260): android.view.InflateException: Binary XML file line #2: Error inflating class <unknown>
W/WindowManager( 3260): at android.view.LayoutInflater.createView(LayoutInflater.java:513)
W/WindowManager( 3260): at com.android.internal.policy.impl.PhoneLayoutInflater.onCreateView(PhoneLayoutInflater.java:56)
W/WindowManager( 3260): at android.view.LayoutInflater.createViewFromTag(LayoutInflater.java:563)
W/WindowManager( 3260): at android.view.LayoutInflater.inflate(LayoutInflater.java:385)
W/WindowManager( 3260): at android.view.LayoutInflater.inflate(LayoutInflater.java:320)
W/WindowManager( 3260): at android.view.LayoutInflater.inflate(LayoutInflater.java:276)
W/WindowManager( 3260): at com.android.internal.policy.impl.PhoneWindow.generateLayout(PhoneWindow.java:2217)
W/WindowManager( 3260): at com.android.internal.policy.impl.PhoneWindow.installDecor(PhoneWindow.java:2272)
W/WindowManager( 3260): at com.android.internal.policy.impl.PhoneWindow.getDecorView(PhoneWindow.java:1459)
W/WindowManager( 3260): at com.android.internal.policy.impl.PhoneWindowManager.addStartingWindow(PhoneWindowManager.java:1042)
W/WindowManager( 3260): at com.android.server.WindowManagerService$H.handleMessage(WindowManagerService.java:9144)
W/WindowManager( 3260): at android.os.Handler.dispatchMessage(Handler.java:99)
W/WindowManager( 3260): at android.os.Looper.loop(Looper.java:123)
W/WindowManager( 3260): at com.android.server.WindowManagerService$WMThread.run(WindowManagerService.java:583)
W/WindowManager( 3260): Caused by: java.lang.reflect.InvocationTargetException
W/WindowManager( 3260): at android.widget.FrameLayout.<init>(FrameLayout.java:79)
W/WindowManager( 3260): at java.lang.reflect.Constructor.constructNative(Native Method)
W/WindowManager( 3260): at java.lang.reflect.Constructor.newInstance(Constructor.java:446)
W/WindowManager( 3260): at android.view.LayoutInflater.createView(LayoutInflater.java:500)
W/WindowManager( 3260): ... 13 more
W/WindowManager( 3260): Caused by: android.content.res.Resources$NotFoundException: Resource is not a Drawable (color or path): TypedValue{t=0x2/d=0x1010059 a=-1}
W/WindowManager( 3260): at android.content.res.Resources.loadDrawable(Resources.java:1681)
W/WindowManager( 3260): at android.content.res.TypedArray.getDrawable(TypedArray.java:601)
W/WindowManager( 3260): at android.widget.FrameLayout.<init>(FrameLayout.java:91)
W/WindowManager( 3260): ... 17 more
I/ActivityManager( 3260): Start proc com.sonyericsson.music for activity com.sonyericsson.music/.PlayerActivity: pid=10147 uid=10090 gids={3003, 1015, 3002}
I/Zygote (10147): Zygote: pid 10147 has INTERNET permission, then set capability for CAP_NET_RAW
I/ActivityThread(10147): Publishing provider com.sonyericsson.provider.youtube: com.sonyericsson.music.artistbook.youtube.YouTubePluginProvider
W/ResourceType(10147): Entry identifier 0x120 is larger than entry count 0xa3
W/ResourceType(10147): getEntry failing because entryIndex 254 is beyond type entryCount 163
W/ResourceType(10147): Failure getting entry for 0x010300fe (t=2 e=254) in package 0: 0x80000001
W/ResourceType(10147): Entry identifier 0xfe is larger than entry count 0xa3
W/ResourceType(10147): getEntry failing because entryIndex 244 is beyond type entryCount 163
W/ResourceType(10147): Failure getting entry for 0x010300f4 (t=2 e=244) in package 0: 0x80000001
W/ResourceType(10147): Entry identifier 0xf4 is larger than entry count 0xa3
W/ResourceType(10147): getEntry failing because entryIndex 253 is beyond type entryCount 163
W/ResourceType(10147): Failure getting entry for 0x010300fd (t=2 e=253) in package 0: 0x80000001
W/ResourceType(10147): Entry identifier 0xfd is larger than entry count 0xa3
E/dalvikvm(10147): Could not find class 'android.drm.DrmManagerClient', referenced from method com.sonyericsson.music.common.DrmUtils.<init>
W/dalvikvm(10147): VFY: unable to resolve new-instance 52 (Landroid/drm/DrmManagerClient;) in Lcom/sonyericsson/music/common/DrmUtils;
D/dalvikvm(10147): VFY: replacing opcode 0x22 at 0x0005
D/dalvikvm(10147): VFY: dead code 0x0007-0013 in Lcom/sonyericsson/music/common/DrmUtils;.<init> (Landroid/content/Context;)V
I/dalvikvm(10147): Could not find method android.drm.DrmManagerClient.unloadPlugIns, referenced from method com.sonyericsson.music.common.DrmUtils.close
W/dalvikvm(10147): VFY: unable to resolve virtual method 215: Landroid/drm/DrmManagerClient;.unloadPlugIns ()V
D/dalvikvm(10147): VFY: replacing opcode 0x6e at 0x0002
D/dalvikvm(10147): VFY: dead code 0x0005-0005 in Lcom/sonyericsson/music/common/DrmUtils;.close ()V
I[B]/dalvikvm(10147): Could not find method android.drm.DrmManagerClient.canHandle, referenced from method com.sonyericsson.music.common.DrmUtils.hasValidRights
W/dalvikvm(10147): VFY: unable to resolve virtual method 212: Landroid/drm/DrmManagerClient;.canHandle (Ljava/lang/String;Ljava/lang/String;)Z
D/dalvikvm(10147): VFY: replacing opcode 0x6e at 0x0006
D/dalvikvm(10147): VFY: dead code 0x0009-0014 in Lcom/sonyericsson/music/common/DrmUtils;.hasValidRights (Ljava/lang/String;)Z
D/AndroidRuntime(10147): Shutting down VM
W/dalvikvm(10147): threadid=1: thread exiting with uncaught exception (group=0x4001d7d0)
E/AndroidRuntime(10147): FATAL EXCEPTION: main
E/AndroidRuntime(10147): java.lang.NoClassDefFoundError: android.drm.DrmManagerClient
E/AndroidRuntime(10147): at com.sonyericsson.music.common.DrmUtils.<init>(DrmUtils.java:49)[/B]
E/AndroidRuntime(10147): at com.sonyericsson.music.PlayerActivity.onCreate(PlayerActivity.java:349)
E/AndroidRuntime(10147): at android.app.Instrumentation.callActivityOnCreate(Instrumentation.java:1049)
E/AndroidRuntime(10147): at android.app.ActivityThread.performLaunchActivity(ActivityThread.java:2627)
E/AndroidRuntime(10147): at android.app.ActivityThread.handleLaunchActivity(ActivityThread.java:2679)
E/AndroidRuntime(10147): at android.app.ActivityThread.access$2300(ActivityThread.java:125)
E/AndroidRuntime(10147): at android.app.ActivityThread$H.handleMessage(ActivityThread.java:2033)
E/AndroidRuntime(10147): at android.os.Handler.dispatchMessage(Handler.java:99)
E/AndroidRuntime(10147): at android.os.Looper.loop(Looper.java:123)
E/AndroidRuntime(10147): at android.app.ActivityThread.main(ActivityThread.java:4627)
E/AndroidRuntime(10147): at java.lang.reflect.Method.invokeNative(Native Method)
E/AndroidRuntime(10147): at java.lang.reflect.Method.invoke(Method.java:521)
E/AndroidRuntime(10147): at com.android.internal.os.ZygoteInit$MethodAndArgsCaller.run(ZygoteInit.java:858)
E/AndroidRuntime(10147): at com.android.internal.os.ZygoteInit.main(ZygoteInit.java:616)
E/AndroidRuntime(10147): at dalvik.system.NativeStart.main(Native Method)
Seems to miss a "method" about DRMs... Any IDEAS ?
Sorry i guess i read this thread too late yet i will reply...
check values folder within that styles.xml
your app must be referencing to a theme from SEMCUxpres.apk so the error...
quite intresting....
so...any new news about this thread?
copy the drm class from sony framework into the app.
Then you still have to fix the ressource error.

[Q] Copilot Live Premium Nordics 9.1.0.119

Anyone else having problems using this? For me the previous version (9.1.0.93) worked just fine, but after updating to the newest, it force closes on launch. Regardless of ROM. Tried several bot Sense and AOSP ROMs, and it didn't work on any of them.
Also tried contacting customer support, but they don't reply to any of my inquiries. And after a bit of reading at their forum, I found out that it is close to impossible to get any support from them. Just take a read here:
http://getsatisfaction.com/copilotlive/topics
If anyone have the apk for 9.1.0.93, it would really help me out, as I would be able to get it working again.
For anyone with the proper knowledge, here is the logcat of the FC.
Code:
I/ActivityManager( 917): Starting activity: Intent { act=android.intent.action.MAIN cat=[android.intent.category.LAUNCHER] flg=0x10200000 cmp=com.alk.copilot.eumarket.premiumeumaj/com.alk.copilot.Copilot } from pid 3741
V/HtcAppUsageStats( 917): (launch app, package): (CoPilot Live EU Major, com.alk.copilot.eumarket.premiumeumaj)
D/PhoneWindow( 3741): couldn't save which view has focus because the focused view [email protected] has no id.
I/ActivityManager( 917): Start proc com.alk.copilot.eumarket.premiumeumaj for activity com.alk.copilot.eumarket.premiumeumaj/com.alk.copilot.Copilot: pid=15507 uid=10085 gids={3003, 1015}
D/Sensors ( 917): Enable akm: en = 1
D/AK8973 ( 655): Compass Start
D/SensorService( 917): noteStartSensor: uid = 0x3e8, handle = 0x0
D/StatusBarPolicy( 2930): onSignalStrengthsChanged
I/htcfs-main(15506): main()
I/htcfs-main(15506): ############# HTC FS - START ##################
V/CommonCopilotActivity(15507): Copilot onCreate com.alk.copilot.eumarket.premiumeumaj
I/ggheart ( 3741): onStop
I/htcfs-main(15506): ############# HTC FS - END 1 ##################
V/CoPilot (15507): onCreate
D/dalvikvm( 3741): GC_EXPLICIT freed 97K, 51% free 4243K/8583K, external 6521K/8123K, paused 126ms
E/AssetExtraction(15507): IO error occurred reading user.cfg: java.io.FileNotFoundException: /mnt/sdcard/com.alk.copilot.eumarket.premiumeumaj/user.cfg (No such file or directory)
W/System.err(15507): java.io.FileNotFoundException: /mnt/sdcard/com.alk.copilot.eumarket.premiumeumaj/deviceoverrides.xml (No such file or directory)
W/System.err(15507): at org.apache.harmony.luni.platform.OSFileSystem.open(Native Method)
W/System.err(15507): at dalvik.system.BlockGuard$WrappedFileSystem.open(BlockGuard.java:232)
W/System.err(15507): at java.io.FileInputStream.<init>(FileInputStream.java:80)
W/System.err(15507): at java.io.FileInputStream.<init>(FileInputStream.java:132)
W/System.err(15507): at java.io.FileReader.<init>(FileReader.java:66)
W/System.err(15507): at com.alk.copilot.util.CopilotDeviceListHandler.ParseXMLDeviceList(CopilotDeviceListHandler.java:45)
W/System.err(15507): at com.alk.copilot.util.CopilotDeviceListHandler.GetOverride(CopilotDeviceListHandler.java:116)
W/System.err(15507): at com.alk.copilot.CommonCopilotActivity.getViewPixelFormat(CommonCopilotActivity.java:374)
W/System.err(15507): at com.alk.copilot.NativeRenderer.setPixelFormat(NativeRenderer.java:76)
W/System.err(15507): at com.alk.copilot.NativeRenderer.setup(NativeRenderer.java:68)
W/System.err(15507): at com.alk.copilot.NativeRenderer.<init>(NativeRenderer.java:54)
W/System.err(15507): at java.lang.reflect.Constructor.constructNative(Native Method)
W/System.err(15507): at java.lang.reflect.Constructor.newInstance(Constructor.java:415)
W/System.err(15507): at android.view.LayoutInflater.createView(LayoutInflater.java:505)
W/System.err(15507): at android.view.LayoutInflater.createViewFromTag(LayoutInflater.java:570)
W/System.err(15507): at android.view.LayoutInflater.rInflate(LayoutInflater.java:623)
W/System.err(15507): at android.view.LayoutInflater.inflate(LayoutInflater.java:408)
W/System.err(15507): at android.view.LayoutInflater.inflate(LayoutInflater.java:320)
W/System.err(15507): at android.view.LayoutInflater.inflate(LayoutInflater.java:276)
W/System.err(15507): at com.android.internal.policy.impl.PhoneWindow.setContentView(PhoneWindow.java:224)
W/System.err(15507): at android.app.Activity.setContentView(Activity.java:1702)
W/System.err(15507): at com.alk.copilot.Copilot.initView(Copilot.java:208)
W/System.err(15507): at com.alk.copilot.Copilot.onCreate(Copilot.java:195)
W/System.err(15507): at android.app.Instrumentation.callActivityOnCreate(Instrumentation.java:1093)
W/System.err(15507): at android.app.ActivityThread.performLaunchActivity(ActivityThread.java:1780)
W/System.err(15507): at android.app.ActivityThread.handleLaunchActivity(ActivityThread.java:1837)
W/System.err(15507): at android.app.ActivityThread.access$1500(ActivityThread.java:132)
W/System.err(15507): at android.app.ActivityThread$H.handleMessage(ActivityThread.java:1033)
W/System.err(15507): at android.os.Handler.dispatchMessage(Handler.java:99)
W/System.err(15507): at android.os.Looper.loop(Looper.java:143)
W/System.err(15507): at android.app.ActivityThread.main(ActivityThread.java:4196)
W/System.err(15507): at java.lang.reflect.Method.invokeNative(Native Method)
W/System.err(15507): at java.lang.reflect.Method.invoke(Method.java:507)
W/System.err(15507): at com.android.internal.os.ZygoteInit$MethodAndArgsCaller.run(ZygoteInit.java:839)
W/System.err(15507): at com.android.internal.os.ZygoteInit.main(ZygoteInit.java:597)
W/System.err(15507): at dalvik.system.NativeStart.main(Native Method)
V/CommonCopilotActivity(15507): pixel format: null
D/StatusBarService( 2930): addNotification notification = StatusBarNotification(package=com.alk.copilot.eumarket.premiumeumaj id=0 tag=null notification=Notification(vibrate=null,sound=null,defaults=0x0,flags=0x0)), key = [email protected], fullScreenIntent = null, contentIntent = PendingIntent{40710098: [email protected]}
V/CoPilot (15507): onResume
W/dalvikvm(15507): threadid=9: thread exiting with uncaught exception (group=0x4001d5a0)
E/AndroidRuntime(15507): FATAL EXCEPTION: Copilot StartUp Thread
E/AndroidRuntime(15507): java.lang.NullPointerException
E/AndroidRuntime(15507): at com.alk.copilot.tts.TTSHandler.CheckVoiceData(TTSHandler.java:103)
E/AndroidRuntime(15507): at com.alk.copilot.StartupThread.run(StartupThread.java:37)
W/ActivityManager( 917): Force finishing activity com.alk.copilot.eumarket.premiumeumaj/com.alk.copilot.Copilot
I/NativeRenderer(15507): calling setMeasuredDimensions with 480, 762
V/CoPilot (15507): CoPilot onPause1
V/CoPilot (15507): CoPilot onPause2
D/Sensors ( 917): Enable akm: en = 0
D/SensorService( 917): noteStopSensor: uid = 0x3e8, handle = 0x0
I/DemoService( 3741): DiyScheduer.onStart
I/ggheart ( 3741): onStart
I/ActivityManager( 917): Process com.dasur.slideit:dasur.process.update (pid 15356) has died.
V/CoPilot (15507): onStop
V/CoPilot (15507): onDestroy
E/JavaBinder(15507): Unknown binder error code. 0xfffffff7
I/Process (15507): Sending signal. PID: 15507 SIG: 9
I/ActivityManager( 917): Process com.alk.copilot.eumarket.premiumeumaj (pid 15507) has died.
I/WindowManager( 917): WIN DEATH: Window{40c64fc0 com.alk.copilot.eumarket.premiumeumaj/com.alk.copilot.Copilot paused=false}
D/InputManagerService( 917): Window already focused, ignoring focus gain of: [email protected]
D/AK8973 ( 655): Compass CLOSE
I/wpa_supplicant( 3098): Reset vh_switch_counter due to receive LINKSPEED cmd
D/ConnectivityService( 917): getMobileDataEnabled returning true

[Q] Bootloop on [BETA 0.18.2.1][17.09] ICS

Hya folks,
a couple of weeks ago I flashed the mentioned ROM. Everything went well until today as my mobile crashed for no ovisious reason. I just realized it after finding it booting in my pocket. Even adb logcat is not usable due to the fact that adb just tells me "waiting for device". I made a full restore with a previous nandroid of my phone. Phone booted, so everything good until i tried a reboot. Bootloop again but at least with logCat support. That's what it tells me:
Code:
W/PackageManager( 497): Unknown permission com.android.vending.permission.UPDAT
E_MARKET_FAILURE in package com.android.vending.updater
W/PackageManager( 497): Unknown permission com.shazam.android.preloadinfo.provi
der.ACCESS_DATA in package com.shazam.android
W/PackageManager( 497): Not granting permission com.google.android.gm.permissio
n.READ_GMAIL to package com.gau.golauncherex.notification (protectionLevel=2 fla
gs=0xbe46)
W/PackageManager( 497): Unknown permission com.google.android.providers.gmail.p
ermission.READ_GMAIL in package com.gau.golauncherex.notification
W/PackageManager( 497): Unknown permission com.fsck.k9.permission.READ_MESSAGES
in package com.gau.golauncherex.notification
W/PackageManager( 497): Not granting permission android.permission.WRITE_SECURE
_SETTINGS to package com.whatsapp (protectionLevel=3 flags=0xbe44)
W/PackageManager( 497): Not granting permission android.permission.CALL_PRIVILE
GED to package com.skype.raider (protectionLevel=3 flags=0x8be44)
W/PackageManager( 497): Not granting permission android.permission.CONNECTIVITY
_INTERNAL to package com.et.easy.download.pro (protectionLevel=3 flags=0xbe44)
W/PackageManager( 497): Unknown permission com.dolphin.browser.permission.Addon
in package com.et.easy.download.pro
W/PackageManager( 497): Not granting permission com.google.android.gm.permissio
n.READ_GMAIL to package com.google.android.apps.uploader (protectionLevel=2 flag
s=0x8be45)
W/PackageManager( 497): Unknown permission android.permission.READ_EXTERNAL_STO
RAGE in package com.android.vending
W/PackageManager( 497): Not granting permission android.permission.SEND_DOWNLOA
D_COMPLETED_INTENTS to package com.android.vending (protectionLevel=2 flags=0xab
ec5)
W/PackageManager( 497): Unknown permission android.permission.MANAGE_USERS in p
ackage com.android.vending
W/PackageManager( 497): Unknown permission android.permission.INTERACT_ACROSS_U
SERS in package com.android.vending
W/PackageManager( 497): Not granting permission android.permission.DEVICE_POWER
to package com.android.deskclock (protectionLevel=2 flags=0x8be45)
D/dalvikvm( 497): GC_EXPLICIT freed 852K, 35% free 5450K/8323K, paused 3ms+4ms
E/System ( 497): ******************************************
E/System ( 497): ************ Failure starting core service
E/System ( 497): java.lang.RuntimeException: There can be only one required ve
rifier
E/System ( 497): at com.android.server.pm.PackageManagerService.getRequir
edVerifierLPr(PackageManagerService.java:1205)
E/System ( 497): at com.android.server.pm.PackageManagerService.<init>(Pa
ckageManagerService.java:1168)
E/System ( 497): at com.android.server.pm.PackageManagerService.main(Pack
ageManagerService.java:843)
E/System ( 497): at com.android.server.ServerThread.run(SystemServer.java
:170)
I/SystemServer( 497): Input Method Service
W/SystemServer( 497): ***********************************************
F/SystemServer( 497): BOOT FAILURE starting Input Manager Service
F/SystemServer( 497): java.lang.NullPointerException
F/SystemServer( 497): at android.app.PendingIntent.getBroadcast(PendingIntent.
java:293)
F/SystemServer( 497): at com.android.server.InputMethodManagerService.<init>(I
nputMethodManagerService.java:551)
F/SystemServer( 497): at com.android.server.ServerThread.run(SystemServer.java
:286)
F/SystemServer( 497): BOOT FAILURE starting Accessibility Manager
F/SystemServer( 497): java.lang.NullPointerException
F/SystemServer( 497): at android.app.ContextImpl.registerReceiverInternal(Cont
extImpl.java:1081)
F/SystemServer( 497): at android.app.ContextImpl.registerReceiver(ContextImpl.
java:1056)
F/SystemServer( 497): at android.app.ContextImpl.registerReceiver(ContextImpl.
java:1050)
F/SystemServer( 497): at com.android.internal.content.PackageMonitor.register(
PackageMonitor.java:65)
F/SystemServer( 497): at com.android.server.accessibility.AccessibilityManager
Service.registerPackageChangeAndBootCompletedBroadcastReceiver(AccessibilityMana
gerService.java:278)
F/SystemServer( 497): at com.android.server.accessibility.AccessibilityManager
Service.<init>(AccessibilityManagerService.java:172)
F/SystemServer( 497): at com.android.server.ServerThread.run(SystemServer.java
:294)
F/SystemServer( 497): BOOT FAILURE making display ready
F/SystemServer( 497): java.lang.NullPointerException
F/SystemServer( 497): at com.android.server.ServerThread.run(SystemServer.java
:302)
E/AndroidRuntime( 497): Error reporting WTF
E/AndroidRuntime( 497): java.lang.NullPointerException
E/AndroidRuntime( 497): at com.android.internal.os.RuntimeInit.wtf(Runti
meInit.java:345)
E/AndroidRuntime( 497): at android.util.Log$1.onTerribleFailure(Log.java
:103)
E/AndroidRuntime( 497): at android.util.Log.wtf(Log.java:278)
E/AndroidRuntime( 497): at com.android.server.ServerThread.reportWtf(Sys
temServer.java:79)
E/AndroidRuntime( 497): at com.android.server.ServerThread.run(SystemSer
ver.java:289)
I/SystemServer( 497): Accessibility Manager
W/SystemServer( 497): ***********************************************
E/AndroidRuntime( 497): Error reporting WTF
E/AndroidRuntime( 497): java.lang.NullPointerException
E/AndroidRuntime( 497): at com.android.internal.os.RuntimeInit.wtf(Runti
meInit.java:345)
E/AndroidRuntime( 497): at android.util.Log$1.onTerribleFailure(Log.java
:103)
E/AndroidRuntime( 497): at android.util.Log.wtf(Log.java:278)
E/AndroidRuntime( 497): at com.android.server.ServerThread.reportWtf(Sys
temServer.java:79)
E/AndroidRuntime( 497): at com.android.server.ServerThread.run(SystemSer
ver.java:297)
W/SystemServer( 497): ***********************************************
E/AndroidRuntime( 497): Error reporting WTF
E/AndroidRuntime( 497): java.lang.NullPointerException
E/AndroidRuntime( 497): at com.android.internal.os.RuntimeInit.wtf(Runti
meInit.java:345)
E/AndroidRuntime( 497): at android.util.Log$1.onTerribleFailure(Log.java
:103)
E/AndroidRuntime( 497): at android.util.Log.wtf(Log.java:278)
E/AndroidRuntime( 497): at com.android.server.ServerThread.reportWtf(Sys
temServer.java:79)
E/AndroidRuntime( 497): at com.android.server.ServerThread.run(SystemSer
ver.java:304)
W/SystemServer( 497): ***********************************************
F/SystemServer( 497): BOOT FAILURE performing boot dexopt
F/SystemServer( 497): java.lang.NullPointerException
F/SystemServer( 497): at com.android.server.ServerThread.run(SystemServer.java
:308)
W/dalvikvm( 497): threadid=12: thread exiting with uncaught exception (group=0x
40a701f8)
I/Process ( 497): Sending signal. PID: 497 SIG: 9
E/AndroidRuntime( 497): Error reporting WTF
E/AndroidRuntime( 497): java.lang.NullPointerException
E/AndroidRuntime( 497): at com.android.internal.os.RuntimeInit.wtf(Runti
meInit.java:345)
E/AndroidRuntime( 497): at android.util.Log$1.onTerribleFailure(Log.java
:103)
E/AndroidRuntime( 497): at android.util.Log.wtf(Log.java:278)
E/AndroidRuntime( 497): at com.android.server.ServerThread.reportWtf(Sys
temServer.java:79)
E/AndroidRuntime( 497): at com.android.server.ServerThread.run(SystemSer
ver.java:310)
E/AndroidRuntime( 497): *** FATAL EXCEPTION IN SYSTEM PROCESS: android.server.S
erverThread
E/AndroidRuntime( 497): java.lang.NullPointerException
E/AndroidRuntime( 497): at com.android.server.ServerThread.run(SystemSer
ver.java:314)
E/AndroidRuntime( 497): Error reporting crash
E/AndroidRuntime( 497): java.lang.NullPointerException
E/AndroidRuntime( 497): at com.android.internal.os.RuntimeInit$UncaughtH
andler.uncaughtException(RuntimeInit.java:72)
E/AndroidRuntime( 497): at java.lang.ThreadGroup.uncaughtException(Threa
dGroup.java:693)
E/AndroidRuntime( 497): at java.lang.ThreadGroup.uncaughtException(Threa
dGroup.java:690)
I/ServiceManager( 273): service 'sensorservice' died
I/ServiceManager( 273): service 'power' died
I/ServiceManager( 273): service 'entropy' died
I/ServiceManager( 273): service 'batteryinfo' died
I/ServiceManager( 273): service 'telephony.registry' died
I/ServiceManager( 273): service 'usagestats' died
E/installd( 283): eof
E/installd( 283): failed to read size
I/installd( 283): closing connection
I/Zygote ( 470): Exit zygote because system server (497) has terminated
I/ServiceManager( 273): service 'media.audio_flinger' died
I/ServiceManager( 273): service 'media.player' died
I/ServiceManager( 273): service 'media.camera' died
I/ServiceManager( 273): service 'media.audio_policy' died
I/Netd ( 520): Netd 1.0 starting
D/AndroidRuntime( 519):
D/AndroidRuntime( 519): >>>>>> AndroidRuntime START com.android.internal.os.Zyg
oteInit <<<<<<
D/AndroidRuntime( 519): CheckJNI is OFF
I/ ( 521): ServiceManager: 0x236958
E/AudioHardwareQSD( 521): Cannot open /dev/audience_a1026 -1
I/HTC Acoustic( 521): libhtc_acoustic.so version 2.0.1.5
E/HTC Acoustic( 521): Fail to open /system/etc/AdieHWCodecSetting.csv -1.
E/HTC Acoustic( 521): read ADIE para from file failed -1
E/HTC Acoustic( 521): ioctl ACOUSTIC_UPDATE_ADIE failed -1
I/HTC Acoustic( 521): open /system/etc/AudioBTID.csv success.
I/HTC Acoustic( 521): BT ID table version: PASSION_HTC_20100610
E/HTC Acoustic( 521): Fail to open /system/etc/TPA2018.csv -1.
D/AudioHardwareQSD( 521): speaker amplifier tpa2018 is not supported
I/AudioFlinger( 521): Loaded primary audio interface from LEGACY Audio HW HAL (
audio)
I/AudioFlinger( 521): Using 'LEGACY Audio HW HAL' (audio.primary) as the primar
y audio interface
I/AudioFlinger( 521): Loaded a2dp audio interface from A2DP Audio HW HAL (audio
)
D/AudioHardwareInterface( 521): setMode(NORMAL)
I/AudioHardwareQSD( 521): Set master volume to 1.000000
I/CameraService( 521): CameraService started (pid=521)
D/QcomCamera( 521): HAL_get_number_of_cameras: loading libcamera at 0xb000e9f0
I/AudioFlinger( 521): AudioFlinger's thread 0x2398f0 ready to run
W/AudioFlinger( 521): Thread AudioOut_1 cannot connect to the power manager ser
vice
I/AudioHardwareQSD( 521): Routing audio to Speakerphone
D/AudioHardwareQSD( 521): Switching audio device to
D/AudioHardwareQSD( 521): Speakerphone
I/AudioHardwareQSD( 521): voice volume 5 (range is 0 to 5)
D/AudioHardwareQSD( 521): Setting in-call volume to 100
W/AudioPolicyManagerBase( 521): getDeviceForStrategy() unknown strategy: 5
I/AudioPolicyService( 521): Loaded audio policy from LEGACY Audio Policy HAL (a
udio_policy)
I/SamplingProfilerIntegration( 519): Profiling disabled.
I/Zygote ( 519): Preloading classes...
D/dalvikvm( 519): GC_EXPLICIT freed 37K, 84% free 410K/2560K, paused 1ms+1ms
D/TextLayoutCache( 519): Using debug level: 0 - Debug Enabled: 0
W/Zygote ( 519): Class not found for preloading: android.media.AudioManager$2
I/dalvikvm( 519): threadid=1: recursive native library load attempt (/system/li
b/libmedia_jni.so)
D/MtpDeviceJNI( 519): register_android_mtp_MtpDevice
I/dalvikvm( 519): threadid=1: recursive native library load attempt (/system/li
b/libmedia_jni.so)
I/dalvikvm( 519): threadid=1: recursive native library load attempt (/system/li
b/libmedia_jni.so)
W/Zygote ( 519): Class not found for preloading: android.media.IRemoteControlC
lientDispatcher
W/Zygote ( 519): Class not found for preloading: android.media.IRemoteControlC
lientDispatcher$Stub
W/Zygote ( 519): Class not found for preloading: android.text.TextDirectionHeu
ristics$CharCount
W/Zygote ( 519): Class not found for preloading: android.text.method.WordItera
tor$1
I/dalvikvm( 519): threadid=1: recursive native library load attempt (/system/li
b/libwebcore.so)
D/dalvikvm( 519): No JNI_OnLoad found in /system/lib/libchromium_net.so 0x0, sk
ipping init
W/Zygote ( 519): Class not found for preloading: android.widget.EdgeGlow
D/dalvikvm( 519): GC_FOR_ALLOC freed 622K, 37% free 1627K/2560K, paused 29ms
E/PhonePolicy( 519): Could not preload class for phone policy: com.android.inte
rnal.policy.impl.PhoneWindow$ContextMenuCallback
I/System ( 519): Loaded time zone names for in 673ms (661ms in ICU)
I/System ( 519): Loaded time zone names for en_US in 519ms (507ms in ICU)
I/System ( 519): Loaded time zone names for de_DE in 556ms (545ms in ICU)
I/Zygote ( 519): ...preloaded 2297 classes in 3117ms.
D/dalvikvm( 519): GC_EXPLICIT freed 978K, 33% free 2170K/3203K, paused 3ms+3ms
I/Zygote ( 519): Preload resources disabled, skipped.
D/dalvikvm( 519): GC_EXPLICIT freed 9K, 33% free 2161K/3203K, paused 2ms+3ms
D/dalvikvm( 519): GC_EXPLICIT freed <1K, 33% free 2161K/3203K, paused 6ms+2ms
D/dalvikvm( 519): GC_EXPLICIT freed <1K, 33% free 2161K/3203K, paused 3ms+2ms
I/dalvikvm( 519): System server process 547 has been created
I/Zygote ( 519): Accepting command socket connections
I/sysproc ( 547): Entered system_init()
I/sysproc ( 547): ServiceManager: 0x149c910
D/SensorService( 547): nuSensorService starting...
D/AK8973 ( 285): Compass Start
