I/ClockWidget( 1030): setPause~ mPaused:true
W/dalvikvm( 1030): disableGcForExternalAlloc: true
W/dalvikvm( 1030): disableGcForExternalAlloc: false
V/ContactWidgetXL( 1030): handleMessage: WHAT_ON_RESUMEtrue false
W/dalvikvm( 1030): disableGcForExternalAlloc: true
W/dalvikvm( 1030): disableGcForExternalAlloc: false
D/AK8973 ( 183): Compass Start
D/Sensors ( 232): open_akm, fd=137
E/MediaScannerService( 1393): Failed to delete file /data/data/com.android.providers.media/pause_scan
D/su ( 5059): 10081 com.speedsoftware.rootexplorer executing 0 /system/bin/sh using shell /system/bin/sh : sh
D/PowerManagerService( 232): New lightsensor value:90, lcdValue:160
D/dalvikvm( 5048): GC_FOR_MALLOC freed 4709 objects / 317888 bytes in 47ms
I/ActivityManager( 232): Displayed activity com.speedsoftware.rootexplorer/.RootExplorer: 1649 ms (total 1649 ms)
D/dalvikvm( 1030): GC_FOR_MALLOC freed 56192 objects / 2092512 bytes in 180ms
D/PowerManagerService( 232): New lightsensor value:160, lcdValue:160
D/dalvikvm( 5048): GC_EXTERNAL_ALLOC freed 3200 objects / 206640 bytes in 69ms
D/dalvikvm( 5048): GC_EXTERNAL_ALLOC freed 294 objects / 19488 bytes in 81ms
D/PowerManagerService( 232): New lightsensor value:90, lcdValue:160
D/PowerManagerService( 232): New lightsensor value:160, lcdValue:160
I/ConnLib ( 470): Enter network idle mode
D/dalvikvm( 5048): GC_EXTERNAL_ALLOC freed 7617 objects / 437312 bytes in 84ms
D/PowerManagerService( 232): New lightsensor value:90, lcdValue:160
D/PowerManagerService( 232): New lightsensor value:160, lcdValue:160
D/dalvikvm( 677): GC_EXPLICIT freed 3592 objects / 184192 bytes in 83ms
I/dalvikvm( 5048): Jit: resizing JitTable from 4096 to 8192
D/dalvikvm( 5048): GC_FOR_MALLOC freed 7411 objects / 429576 bytes in 64ms
D/PowerManagerService( 232): New lightsensor value:40, lcdValue:160
D/PowerManagerService( 232): New lightsensor value:90, lcdValue:160
D/dalvikvm( 5048): GC_EXTERNAL_ALLOC freed 2595 objects / 162488 bytes in 95ms
D/dalvikvm( 1152): GC_EXPLICIT freed 708 objects / 45272 bytes in 51ms
I/ClockWidget( 1030): weatherClock onReceive~ action:android.intent.action.TIME_TICK mPaused:true
E/ClockWidget( 1030): weatherClock onReceive~ mUseAnimation:true
D/PowerManagerService( 232): New lightsensor value:160, lcdValue:160
I/global ( 232): Default buffer size used in BufferedReader constructor. It would be better to be explicit if an 8k-char buffer is required.
I/global ( 232): Default buffer size used in BufferedReader constructor. It would be better to be explicit if an 8k-char buffer is required.
D/BatteryService( 232): isUsbConnected() = false
D/BatteryService( 232): mPlugType = 0
E/Tethering( 232): attempting to remove unknown iface (usb0), ignoring
I/BatteryStatsImpl( 232): notePhoneSignalStrengthLocked: 3->2
D/PowerManagerService( 232): New lightsensor value:90, lcdValue:160
D/PowerManagerService( 232): New lightsensor value:40, lcdValue:160
D/PowerManagerService( 232): New lightsensor value:90, lcdValue:160
D/dalvikvm( 727): GC_EXPLICIT freed 6704 objects / 360584 bytes in 96ms
W/KeyCharacterMap( 5048): No keyboard for id 65540
W/KeyCharacterMap( 5048): Using default keymap: /system/usr/keychars/qwerty.kcm.bin
D/dalvikvm( 5048): GC_FOR_MALLOC freed 9165 objects / 543456 bytes in 61ms
D/dalvikvm( 5048): GC_EXTERNAL_ALLOC freed 3719 objects / 246784 bytes in 68ms
D/PowerManagerService( 232): New lightsensor value:40, lcdValue:160
D/dalvikvm( 5048): GC_FOR_MALLOC freed 7517 objects / 553344 bytes in 49ms
D/PowerManagerService( 232): New lightsensor value:90, lcdValue:160
D/dalvikvm( 5048): GC_EXTERNAL_ALLOC freed 2923 objects / 187232 bytes in 59ms
W/KeyCharacterMap( 5048): No keyboard for id 65540
W/KeyCharacterMap( 5048): Using default keymap: /system/usr/keychars/qwerty.kcm.bin
D/dalvikvm( 5048): GC_FOR_MALLOC freed 7808 objects / 531696 bytes in 47ms
I/BatteryStatsImpl( 232): notePhoneSignalStrengthLocked: 2->3
D/dalvikvm( 5177): Album will have a 32MB heap
W/dalvikvm( 5177): Refusing to reopen boot DEX '/system/framework/com.htc.framework.jar'
D/ViewImage( 5177): onCreate ViewImage ver[2.0.0171]
D/ViewImage( 5177): [HTCAlbum][ViewImage][onResume]: Begin
D/ViewImage( 5177): [HTCAlbum][ViewImage][onResume]: IsOnline: false
D/ViewImage( 5177): [HTCAlbum][ViewImage][onResume]: Image: file:///sdcard/DCIM/.thumbnails/1291389247898.jpg
D/ViewImage( 5177): [HTCAlbum][ViewImage][onResume]: End
D/ViewImage( 5177): [HTCAlbum][ViewImage][ShowViewImageWorker]: has storage: true, disable SDcard: false
I/webkit_GifImageParser( 5177): Enter android_webkit_GIFImageParser_nativeBegin
I/webkit_GifImageParser( 5177): sizeof ImageDecoder=68 sizeof RGBA32Buffer=120
I/webkit_GifImageParser( 5177): gifdecoder new:0x29d550
W/webkit_GifImageParser( 5177): LEAVE android_webkit_GIFImageParser_nativeBegin
D/FullScreenView( 5177): [HTCAlbum][FullScreenView][initFullScreenView]: Begin
D/FullScreenView( 5177): [HTCAlbum][FullScreenView][initFullScreenView]: End
D/FullScreenView( 5177): init position 0
V/FullScreenView( 5177): full screen list count = 1
I/FullScreenView( 5177): compared path file:///sdcard/DCIM/.thumbnails/1291389247898.jpg
D/FullScreenView( 5177): is it view single image? true
D/FullScreenView( 5177): image index=0, uri=file:///sdcard/DCIM/.thumbnails/1291389247898.jpg, path=/sdcard/DCIM/.thumbnails/1291389247898.jpg
V/ImageManager( 5177): view single image file:///sdcard/DCIM/.thumbnails/1291389247898.jpg data available 14547
I/ImageManager( 5177): view single image, file resolution 400 240
D/dalvikvm( 5177): GC_EXTERNAL_ALLOC freed 2720 objects / 191216 bytes in 42ms
V/ImageManager( 5177): B: got bitmap [email protected] with sampleSize 1
I/ActivityManager( 232): Displayed activity com.htc.album/.ViewImage: 430 ms (total 430 ms)
D/FullScreenView( 5177): ------------- start load full image -----------------
D/BitmapUtil( 5177): ###########CameraUtil JNI_ONLOAD#########
V/ImageManager( 5177): inputStream is {ParcelFileDescriptor: [email protected]} mUri file:///sdcard/DCIM/.thumbnails/1291389247898.jpg available data 14547
V/ImageManager( 5177): bitmap is loaded success
D/FullScreenView( 5177): drop full image.
I/ConnLib ( 470): Enter network idle mode
D/FullScreenView( 5177): [HTCAlbum][FullScreenView][handleTouchEvent]: ACTION_UP
I/ConnLib ( 470): Enter network idle mode
D/FullScreenView( 5177): [HTCAlbum][FullScreenView][handleTouchEvent]: ACTION_UP
W/KeyCharacterMap( 5177): No keyboard for id 65540
W/KeyCharacterMap( 5177): Using default keymap: /system/usr/keychars/qwerty.kcm.bin
D/ViewImage( 5177): onPause ViewImage ver[2.0.0171]
D/ScaladoLib( 5177): ###########CameraUtil JNI_ONLOAD#########
D/FullScreenView( 5177): raise all threads priority to high
D/dalvikvm( 5177): GC_EXPLICIT freed 813 objects / 79000 bytes in 48ms
D/ViewImage( 5177): onDestroy ViewImage ver[2.0.0171]
D/ViewImage( 5177): onCreate ViewImage ver[2.0.0171]
D/ViewImage( 5177): [HTCAlbum][ViewImage][onResume]: Begin
D/ViewImage( 5177): [HTCAlbum][ViewImage][onResume]: IsOnline: false
D/ViewImage( 5177): [HTCAlbum][ViewImage][onResume]: Image: file:///sdcard/DCIM/.thumbnails/1291389248559.jpg
D/ViewImage( 5177): [HTCAlbum][ViewImage][onResume]: End
D/ViewImage( 5177): [HTCAlbum][ViewImage][ShowViewImageWorker]: has storage: true, disable SDcard: false
D/FullScreenView( 5177): [HTCAlbum][FullScreenView][initFullScreenView]: Begin
D/FullScreenView( 5177): [HTCAlbum][FullScreenView][initFullScreenView]: End
D/FullScreenView( 5177): init position 0
V/FullScreenView( 5177): full screen list count = 1
I/FullScreenView( 5177): compared path file:///sdcard/DCIM/.thumbnails/1291389248559.jpg
D/FullScreenView( 5177): is it view single image? true
D/FullScreenView( 5177): image index=0, uri=file:///sdcard/DCIM/.thumbnails/1291389248559.jpg, path=/sdcard/DCIM/.thumbnails/1291389248559.jpg
V/ImageManager( 5177): view single image file:///sdcard/DCIM/.thumbnails/1291389248559.jpg data available 1727
I/ImageManager( 5177): view single image, file resolution 64 64
V/ImageManager( 5177): B: got bitmap [email protected] with sampleSize 1
D/FullScreenView( 5177): ------------- start load full image -----------------
V/ImageManager( 5177): inputStream is {ParcelFileDescriptor: [email protected]} mUri file:///sdcard/DCIM/.thumbnails/1291389248559.jpg available data 1727
V/ImageManager( 5177): bitmap is loaded success
D/FullScreenView( 5177): drop full image.
I/ActivityManager( 232): Displayed activity com.htc.album/.ViewImage: 308 ms (total 308 ms)
W/KeyCharacterMap( 5177): No keyboard for id 65540
W/KeyCharacterMap( 5177): Using default keymap: /system/usr/keychars/qwerty.kcm.bin
D/ViewImage( 5177): onPause ViewImage ver[2.0.0171]
D/FullScreenView( 5177): raise all threads priority to high
D/dalvikvm( 5177): GC_EXPLICIT freed 804 objects / 64272 bytes in 89ms
D/dalvikvm( 5048): GC_FOR_MALLOC freed 6998 objects / 461880 bytes in 54ms
D/ViewImage( 5177): onDestroy ViewImage ver[2.0.0171]
D/ViewImage( 5177): onCreate ViewImage ver[2.0.0171]
D/ViewImage( 5177): [HTCAlbum][ViewImage][onResume]: Begin
D/ViewImage( 5177): [HTCAlbum][ViewImage][onResume]: IsOnline: false
D/ViewImage( 5177): [HTCAlbum][ViewImage][onResume]: Image: file:///sdcard/DCIM/.thumbnails/1291389248325.jpg
D/ViewImage( 5177): [HTCAlbum][ViewImage][ShowViewImageWorker]: has storage: true, disable SDcard: false
D/ViewImage( 5177): [HTCAlbum][ViewImage][onResume]: End
D/FullScreenView( 5177): [HTCAlbum][FullScreenView][initFullScreenView]: Begin
D/FullScreenView( 5177): [HTCAlbum][FullScreenView][initFullScreenView]: End
D/FullScreenView( 5177): init position 0
V/FullScreenView( 5177): full screen list count = 1
I/FullScreenView( 5177): compared path file:///sdcard/DCIM/.thumbnails/1291389248325.jpg
D/FullScreenView( 5177): is it view single image? true
D/FullScreenView( 5177): image index=0, uri=file:///sdcard/DCIM/.thumbnails/1291389248325.jpg, path=/sdcard/DCIM/.thumbnails/1291389248325.jpg
V/ImageManager( 5177): view single image file:///sdcard/DCIM/.thumbnails/1291389248325.jpg data available 11698
I/ImageManager( 5177): view single image, file resolution 320 240
V/ImageManager( 5177): B: got bitmap [email protected] with sampleSize 1
D/FullScreenView( 5177): ------------- start load full image -----------------
V/ImageManager( 5177): inputStream is {ParcelFileDescriptor: [email protected]} mUri file:///sdcard/DCIM/.thumbnails/1291389248325.jpg available data 11698
V/ImageManager( 5177): bitmap is loaded success
D/FullScreenView( 5177): drop full image.
I/ActivityManager( 232): Displayed activity com.htc.album/.ViewImage: 293 ms (total 293 ms)
W/KeyCharacterMap( 5177): No keyboard for id 65540
W/KeyCharacterMap( 5177): Using default keymap: /system/usr/keychars/qwerty.kcm.bin
D/ViewImage( 5177): onPause ViewImage ver[2.0.0171]
D/FullScreenView( 5177): raise all threads priority to high
D/dalvikvm( 5177): GC_EXPLICIT freed 1172 objects / 89328 bytes in 55ms
D/ViewImage( 5177): onDestroy ViewImage ver[2.0.0171]
W/KeyCharacterMap( 5048): No keyboard for id 65540
W/KeyCharacterMap( 5048): Using default keymap: /system/usr/keychars/qwerty.kcm.bin
D/dalvikvm( 5048): GC_FOR_MALLOC freed 8364 objects / 573800 bytes in 47ms
D/dalvikvm( 5048): GC_EXTERNAL_ALLOC freed 913 objects / 79568 bytes in 58ms
D/PowerManagerService( 232): New lightsensor value:160, lcdValue:160
W/KeyCharacterMap( 5048): No keyboard for id 65540
W/KeyCharacterMap( 5048): Using default keymap: /system/usr/keychars/qwerty.kcm.bin
D/dalvikvm( 5048): GC_FOR_MALLOC freed 7844 objects / 523312 bytes in 49ms
D/PowerManagerService( 232): New lightsensor value:90, lcdValue:160
I/ClockWidget( 1030): weatherClock onReceive~ action:android.intent.action.TIME_TICK mPaused:true
E/ClockWidget( 1030): weatherClock onReceive~ mUseAnimation:true
W/KeyCharacterMap( 5048): No keyboard for id 65540
W/KeyCharacterMap( 5048): Using default keymap: /system/usr/keychars/qwerty.kcm.bin
D/dalvikvm( 5048): GC_FOR_MALLOC freed 8006 objects / 555288 bytes in 53ms
D/PowerManagerService( 232): New lightsensor value:160, lcdValue:160
D/dalvikvm( 5048): GC_FOR_MALLOC freed 7287 objects / 524832 bytes in 49ms
D/PowerManagerService( 232): New lightsensor value:40, lcdValue:160
D/dalvikvm( 5048): GC_FOR_MALLOC freed 6757 objects / 481520 bytes in 47ms
D/PowerManagerService( 232): New lightsensor value:160, lcdValue:160
D/dalvikvm( 949): GC_EXPLICIT freed 1103 objects / 55696 bytes in 93ms
W/KeyCharacterMap( 5048): No keyboard for id 65540
W/KeyCharacterMap( 5048): Using default keymap: /system/usr/keychars/qwerty.kcm.bin
D/dalvikvm( 5048): GC_FOR_MALLOC freed 7352 objects / 550128 bytes in 49ms
D/PowerManagerService( 232): New lightsensor value:40, lcdValue:160
D/PowerManagerService( 232): New lightsensor value:160, lcdValue:160
W/KeyCharacterMap( 5048): No keyboard for id 65540
W/KeyCharacterMap( 5048): Using default keymap: /system/usr/keychars/qwerty.kcm.bin
D/dalvikvm( 1091): GC_EXPLICIT freed 5303 objects / 285008 bytes in 42ms
D/dalvikvm( 5048): GC_FOR_MALLOC freed 7566 objects / 536784 bytes in 50ms
W/KeyCharacterMap( 5048): No keyboard for id 65540
W/KeyCharacterMap( 5048): Using default keymap: /system/usr/keychars/qwerty.kcm.bin
D/dalvikvm( 5048): GC_EXTERNAL_ALLOC freed 6009 objects / 422136 bytes in 86ms
D/PowerManagerService( 232): New lightsensor value:90, lcdValue:160
D/dalvikvm( 330): GC_EXPLICIT freed 1610 objects / 65384 bytes in 93ms
I/BatteryStatsImpl( 232): notePhoneSignalStrengthLocked: 3->2
D/Sensors ( 232): close_akm, fd=137
I/HtcMusic( 5324): widthPixels 480 heightPixels 800
I/MyGallery( 5324): borranx : widthPixels 480 heightPixels 800
D/AK8973 ( 183): Compass CLOSE
D/dalvikvm( 5324): GC_EXTERNAL_ALLOC freed 1327 objects / 99424 bytes in 40ms
I/HtcMusic( 5324): borranx MyGallery.QVGA 2
D/HtcMusic( 5324): onResume
I/MusicUtils( 5324): internal memory: 292990976
D/HtcMusic( 5324): onResume finished
D/MediaPlaybackService( 5324): onCreate
I/MediaPlayer( 5324): MediaPlayer
D/MediaPlayer( 5324): hasHDMIPermission: -1
D/MediaPlayer( 5324): registerHDMINotification
I/global ( 5324): Default buffer size used in BufferedReader constructor. It would be better to be explicit if an 8k-char buffer is required.
E/HDMIStatusObserver( 5324): status: UNPLUG
D/MediaPlayer( 5324): isHDMIPlug(): false
E/MediaPlayer( 5324): onHDMIStateChanged
E/MediaPlayer( 5324): hdmi_setting not found!
D/MediaPlayer( 5324): getHDMIResolution: 00
D/MediaPlaybackService( 5324): reloadQueue(), (q != null && q.length() > 1)...
D/MediaPlaybackService( 5324): setCategory(0, -1, -1, -2, , -1)
D/MediaPlaybackService( 5324): setDataSource path=content://media/external/audio/media/297
I/MediaPlayer( 5324): MediaPlayer reset()
I/MediaPlayer( 5324): MediaPlayer setDataSource(context, uri)
I/MediaPlayer( 5324): MediaPlayer setDataSource(context, uri,headers)
V/MediaPlayerService( 178): Client(2) constructor
V/MediaPlayerService( 178): Create new client(2) from pid 5324, fd=13, offset=0, length=576460752303423487
V/MediaPlayerService( 178): setDataSource fd=13, offset=0, length=576460752303423487
V/MediaPlayerService( 178): st_dev = 45825
V/MediaPlayerService( 178): st_mode = 32829
V/MediaPlayerService( 178): st_uid = 1000
V/MediaPlayerService( 178): st_gid = 1015
V/MediaPlayerService( 178): st_size = 9483274
V/MediaPlayerService( 178): calculated length = 9483274
V/AudioCache( 178): We only support url check function now.
V/AudioCache( 178): isQCPFileFormat() url=(null)
V/MediaPlayerService( 178): player type = 4
D/MediaPlayerService( 178): player type = STAGEFRIGHT_PLAYER
V/MediaPlayerService( 178): create StagefrightPlayer
D/AwesomePlayer( 178): [U5B] reset (383)
D/AwesomePlayer( 178): [U5B] reset_l (389)
D/AwesomePlayer( 178): [U5B] reset_l (479)
D/AwesomePlayer( 178): [U5B] setDataSource (320)
D/AwesomePlayer( 178): [U5B] reset_l (389)
D/AwesomePlayer( 178): [U5B] reset_l (479)
D/AwesomePlayer( 178): [U5B] setDataSource_l (340)
D/MediaExtractor( 178): [U5B] Create (47)
V/MediaExtractor( 178): Autodetected media content as 'video/mpeg4' with confidence 0.50
D/AwesomePlayer( 178): [U5B] setDataSource_l (351)
D/MediaPlaybackService( 5324): setDataSource finished
D/MediaPlaybackService( 5324): prepare
V/MediaPlayerService( 178): [2] setAudioStreamType(3)
V/MediaPlayerService( 178): [2] prepareAsync
V/MediaPlayerService( 178): [2] notify (0x41e00, 5, 0, 0)
V/MediaPlayerService( 178): [2] notify (0x41e00, 1, 0, 0)
D/MediaPlaybackService( 5324): prepare finished
V/MediaPlayerService( 178): getDuration
V/MediaPlayerService( 178): [2] getDuration = 263872
D/MediaPlaybackService( 5324): mMediaPlayer.getDuration(): 263872
D/MediaPlaybackService( 5324): mMediaPlayer.getDuration(): 263872
V/MediaPlayerService( 178): [2] seekTo(52570)
V/MediaPlayerService( 178): [2] notify (0x41e00, 4, 0, 0)
D/MediaPlaybackService( 5324): onCreate finished
V/MediaPlaybackService( 5324): onStartCommand
D/MediaPlaybackService( 5324): MediaPlayback is onBind: null ref count: 1
I/MediaPlayer( 5324): MediaPlayer handleMessage what=5
I/MediaPlayer( 5324): MediaPlayer handleMessage what=1
I/MediaPlayer( 5324): MediaPlayer handleMessage what=4
D/MediaPlaybackService( 5324): onCallStateChanged, mPlayOnNextPrev= false, isPlaying()= false getAudioId()= 297
D/MediaPlaybackService( 5324): CALL_STATE_IDLE, mResumeAfterCall=false
D/HtcMusic( 5324): onServiceConnected classname= ComponentInfo{com.htc.music/com.htc.music.MediaPlaybackService} ,[email protected]f2ebf8
D/MediaPlaybackService( 5324): !!!! @@@@ stop()
I/MediaPlayer( 5324): MediaPlayer reset()
V/MediaPlayerService( 178): [2] reset
D/AwesomePlayer( 178): [U5B] reset (383)
D/AwesomePlayer( 178): [U5B] reset_l (389)
D/AwesomePlayer( 178): [U5B] reset_l (479)
D/MediaPlaybackService( 5324): gotoIdleState: mPlayOnNextPrev: false
D/MediaPlaybackService( 5324): setDataSource path=/sdcard/sb2/ring10576.mp3
I/MediaPlayer( 5324): MediaPlayer reset()
V/MediaPlayerService( 178): Client(3) constructor
V/MediaPlayerService( 178): Create new client(3) from pid 5324, url=/sdcard/sb2/ring10576.mp3, connId=3
V/MediaPlayerService( 178): setDataSource(/sdcard/sb2/ring10576.mp3)
V/MediaPlayerService( 178): player type = 4
D/MediaPlayerService( 178): player type = STAGEFRIGHT_PLAYER
V/MediaPlayerService( 178): create StagefrightPlayer
D/AwesomePlayer( 178): [U5B] reset (383)
D/AwesomePlayer( 178): [U5B] reset_l (389)
D/AwesomePlayer( 178): [U5B] reset_l (479)
V/MediaPlayerService( 178): setDataSource
I/StagefrightPlayer( 178): setDataSource('/sdcard/sb2/ring10576.mp3')
D/AwesomePlayer( 178): [U5B] reset_l (389)
D/AwesomePlayer( 178): [U5B] reset_l (479)
V/MediaPlayerService( 178): disconnect(2) from pid 5324
D/AwesomePlayer( 178): [U5B] reset (383)
D/AwesomePlayer( 178): [U5B] reset_l (389)
D/AwesomePlayer( 178): [U5B] reset_l (479)
D/AwesomePlayer( 178): [U5B] reset (383)
D/AwesomePlayer( 178): [U5B] reset_l (389)
D/AwesomePlayer( 178): [U5B] reset_l (479)
D/AwesomePlayer( 178): [U5B] reset (383)
D/AwesomePlayer( 178): [U5B] reset_l (389)
D/AwesomePlayer( 178): [U5B] reset_l (479)
D/MediaPlaybackService( 5324): setDataSource finished
D/MediaPlaybackService( 5324): prepare
V/MediaPlayerService( 178): [3] setAudioStreamType(3)
V/MediaPlayerService( 178): Client(2) destructor pid = 5324
V/AudioSink( 178): close
V/MediaPlayerService( 178): disconnect(2) from pid 5324
V/MediaPlayerService( 178): [3] prepareAsync
D/MediaExtractor( 178): [U5B] Create (47)
V/MediaExtractor( 178): Autodetected media content as 'application/ogg' with confidence 0.20
D/AwesomePlayer( 178): [U5B] setDataSource_l (351)
V/MediaPlayerService( 178): [3] notify (0x3b620, 5, 0, 0)
V/MediaPlayerService( 178): [3] notify (0x3b620, 1, 0, 0)
D/MediaPlaybackService( 5324): prepare finished
D/MediaPlaybackService( 5324): !!!!! @@@@@ play() - 1
D/MediaPlaybackService( 5324): requestAudioFocus
I/AudioService( 232): AudioFocus requestAudioFocus() from [email protected][email protected]
D/MediaPlaybackService( 5324): call play() and mediaplayer is initialized
D/MediaPlaybackService( 5324): play() mPlayOnNextPrev= true
I/MediaPlayer( 5324): MediaPlayer start()
I/MediaPlayer( 5324): MediaPlayer invoke()
I/StagefrightPlayer( 178): invoke HDMI resoluion= 0
D/AwesomePlayer( 178): setHDMIResolution+
D/AwesomePlayer( 178): mVideoRenderer is null
D/AwesomePlayer( 178): setHDMIResolution-
D/MediaPlayer( 5324): setHDMIResolution: 0 0
V/MediaPlayerService( 178): [3] setLooping(0)
V/MediaPlayerService( 178): [3] setVolume(1.000000, 1.000000)
V/AudioSink( 178): setVolume(1.000000, 1.000000)
V/MediaPlayerService( 178): [3] start
D/AwesomePlayer( 178): [U5B] play (557)
D/AwesomePlayer( 178): [U5B] play_l (563)
V/AudioSink( 178): open(22050, 1, 1, 4)
V/AudioSink( 178): setVolume
V/AudioSink( 178): start
D/AudioPolicyManagerBase( 178): startOutput() output 1, stream 3
I/AudioHardwareQSD( 178): Routing audio to Speakerphone
D/AudioHardwareQSD( 178): Enable ALT for speaker
D/AudioHardwareQSD( 178): ALT batt temp = 264
D/AudioHardwareQSD( 178): Switching audio device to
D/AudioHardwareQSD( 178): Speakerphone
D/AwesomePlayer( 178): [U5B] play_l (636)
D/MediaPlaybackService( 5324): getArtistName(), mCursor is null...
D/MediaPlaybackService( 5324): getTrackName(), mCursor is null...
I/System.out( 5324): borranx before clear child count 0
I/System.out( 5324): borranx after clear child count 0
D/AudioHardwareQSD( 178): Enable ALT for speaker
D/AudioHardwareQSD( 178): ALT batt temp = 264
I/AudioHardwareQSD( 178): AUDIO_START: start kernel pcm_out driver.
W/AudioFlinger( 178): write blocked for 175 msecs, 3 delayed writes, thread 0x15570
D/dalvikvm( 5324): GC_EXTERNAL_ALLOC freed 2438 objects / 153440 bytes in 64ms
D/dalvikvm( 5324): GC_EXTERNAL_ALLOC freed 376 objects / 26472 bytes in 41ms
D/MediaPlaybackService( 5324): getArtistName(), mCursor is null...
D/MediaPlaybackService( 5324): getTrackName(), mCursor is null...
V/MediaPlayerService( 178): getDuration
V/MediaPlayerService( 178): [3] getDuration = 11031
D/MediaPlaybackService( 5324): mMediaPlayer.getDuration(): 11031
V/MediaPlayerService( 178): getCurrentPosition
V/MediaPlayerService( 178): [3] getCurrentPosition = 1556
I/ActivityManager( 232): Displayed activity com.htc.music/.HtcMusic: 1818 ms (total 1818 ms)
I/System.out( 5324): borranx before clear child count 1
I/System.out( 5324): borranx after clear child count 0
D/dalvikvm( 5324): GC_EXTERNAL_ALLOC freed 216 objects / 9600 bytes in 58ms
D/dalvikvm( 5324): GC_EXTERNAL_ALLOC freed 189 objects / 11128 bytes in 59ms
I/MediaPlayer( 5324): MediaPlayer handleMessage what=5
I/MediaPlayer( 5324): MediaPlayer handleMessage what=1
I/HtcMusic( 5324): ==========PLAYSTATE_CHANGED
V/MediaPlayerService( 178): getCurrentPosition
V/MediaPlayerService( 178): [3] getCurrentPosition = 1556
V/MediaPlayerService( 178): getCurrentPosition
V/MediaPlayerService( 178): [3] getCurrentPosition = 1556
V/MediaPlayerService( 178): getCurrentPosition
V/MediaPlayerService( 178): [3] getCurrentPosition = 3065
W/KeyCharacterMap( 5324): No keyboard for id 65540
W/KeyCharacterMap( 5324): Using default keymap: /system/usr/keychars/qwerty.kcm.bin
D/HtcMusic( 5324): onPause
D/HtcMusic( 5324): onPause finished
D/AK8973 ( 183): Compass Start
D/Sensors ( 232): open_akm, fd=155
D/HtcMusic( 5324): onStop
D/MediaPlaybackService( 5324): !!!! @@@@ stop()
I/MediaPlayer( 5324): MediaPlayer reset()
V/MediaPlayerService( 178): [3] reset
D/AwesomePlayer( 178): [U5B] reset (383)
D/AwesomePlayer( 178): [U5B] reset_l (389)
W/TimedEventQueue( 178): Event 22 was not found in the queue, already cancelled?
V/AudioSink( 178): stop
V/AudioSink( 178): close
D/AwesomePlayer( 178): [U5B] reset_l (479)
D/MediaPlaybackService( 5324): gotoIdleState: mPlayOnNextPrev: false
D/HtcMusic( 5324): onStop finished
I/System.out( 5324): borranx before clear child count 1
I/System.out( 5324): borranx after clear child count 0
D/HtcMusic( 5324): onDestroy finished
D/MediaPlaybackService( 5324): MediaPlayback is onUnbind: null ref count: 0
D/MediaPlaybackService( 5324): onUnbind mPlayListLen > 0
D/PowerManagerService( 232): New lightsensor value:40, lcdValue:160
I/AudioHardwareQSD( 178): AudioHardware pcm playback is going to standby.
D/StreamProcess( 178): OutputStreamProcess::ResetAOLC()
D/dalvikvm( 5048): GC_FOR_MALLOC freed 7573 objects / 503088 bytes in 71ms
I/ConnLib ( 470): Enter network idle mode
I/ConnLib ( 470): Enter network idle mode
I/global ( 232): Default buffer size used in BufferedReader constructor. It would be better to be explicit if an 8k-char buffer is required.
I/global ( 232): Default buffer size used in BufferedReader constructor. It would be better to be explicit if an 8k-char buffer is required.
D/BatteryService( 232): isUsbConnected() = false
D/BatteryService( 232): mPlugType = 0
E/Tethering( 232): attempting to remove unknown iface (usb0), ignoring
I/dalvikvm( 5048): Jit: resizing JitTable from 8192 to 16384
D/dalvikvm( 5048): GC_FOR_MALLOC freed 7068 objects / 443936 bytes in 74ms
W/KeyCharacterMap( 5048): No keyboard for id 65540
W/KeyCharacterMap( 5048): Using default keymap: /system/usr/keychars/qwerty.kcm.bin
D/dalvikvm( 5048): GC_FOR_MALLOC freed 9831 objects / 609872 bytes in 53ms
D/dalvikvm( 5048): GC_EXTERNAL_ALLOC freed 2927 objects / 185032 bytes in 78ms
W/KeyCharacterMap( 5048): No keyboard for id 65540
W/KeyCharacterMap( 5048): Using default keymap: /system/usr/keychars/qwerty.kcm.bin
D/dalvikvm( 5048): GC_FOR_MALLOC freed 7580 objects / 504536 bytes in 49ms
I/BatteryStatsImpl( 232): notePhoneSignalStrengthLocked: 2->3
W/KeyCharacterMap( 5048): No keyboard for id 65540
W/KeyCharacterMap( 5048): Using default keymap: /system/usr/keychars/qwerty.kcm.bin
D/dalvikvm( 5048): GC_FOR_MALLOC freed 8220 objects / 569848 bytes in 50ms
D/Sensors ( 232): close_akm, fd=155
I/ClockWidget( 1030): weatherClock handleMessage~ help to check lock
D/ClockWidget( 1030): WHAT_ON_RESUME~ notifyCause:30
I/ClockWidget( 1030): WHAT_ON_RESUME~ NOTIFY_CAUSE_ACTIVITY
D/AK8973 ( 183): Compass CLOSE
I/ClockWidget( 1030): clear cache
D/ClockWidget( 1030): WHAT_ON_RESUME_DELAY
I/ClockWidget( 1030): clearAnimations~
D/ClockWidget( 1030): applyRotationTest~ mHour:4 mOldHour:4
D/ClockWidget( 1030): applyRotationTest~ mMin:34 mOldMinutes:32
I/ClockWidget( 1030): updateForecastDateNow~ mFSTDateNow:12/3/2010
D/ClockWidget( 1030): myOnNotifyWidgetPause:20
I/ClockWidget( 1030): setPause~ mPaused:true
W/dalvikvm( 1030): disableGcForExternalAlloc: true
W/dalvikvm( 1030): disableGcForExternalAlloc: false
D/AK8973 ( 183): Compass Start
D/Sensors ( 232): open_akm, fd=155
D/alogcat ( 4070): stopping ...
D/alogcat ( 4070): canceling periodic saves
V/alogcat ( 4070): started
V/alogcat ( 4070): resumed
D/alogcat ( 4070): starting ...
I/ClockWidget( 1030): weatherClock onReceive~ action:android.intent.action.TIME_TICK mPaused:true
E/ClockWidget( 1030): weatherClock onReceive~ mUseAnimation:true
D/dalvikvm( 4070): GC_FOR_MALLOC freed 6607 objects / 432408 bytes in 53ms
W/KeyCharacterMap( 4070): No keyboard for id 65540
W/KeyCharacterMap( 4070): Using default keymap: /system/usr/keychars/qwerty.kcm.bin
D/dalvikvm( 4070): GC_EXTERNAL_ALLOC freed 2247 objects / 160488 bytes in 61ms
D/dalvikvm( 4070): GC_EXTERNAL_ALLOC freed 227 objects / 11552 bytes in 44ms
D/dalvikvm( 4070): GC_EXTERNAL_ALLOC freed 54 objects / 3520 bytes in 41ms
D/dalvikvm( 4070): GC_EXTERNAL_ALLOC freed 24 objects / 944 bytes in 39ms
D/dalvikvm( 4070): GC_EXTERNAL_ALLOC freed 60 objects / 14752 bytes in 39ms
D/dalvikvm( 4070): GC_EXTERNAL_ALLOC freed 553 objects / 101920 bytes in 40ms
D/dalvikvm( 4070): GC_EXTERNAL_ALLOC freed 158 objects / 9624 bytes in 50ms
D/dalvikvm( 4070): GC_EXTERNAL_ALLOC freed 111 objects / 23888 bytes in 54ms
D/dalvikvm( 4070): GC_EXTERNAL_ALLOC freed 730 objects / 164464 bytes in 42ms
I/BatteryStatsImpl( 232): notePhoneSignalStrengthLocked: 3->2
D/dalvikvm( 4070): GC_EXTERNAL_ALLOC freed 653 objects / 114640 bytes in 43ms
D/dalvikvm( 4070): GC_EXTERNAL_ALLOC freed 164 objects / 9896 bytes in 41ms
D/dalvikvm( 4070): GC_EXTERNAL_ALLOC freed 97 objects / 24808 bytes in 39ms
D/dalvikvm( 4070): GC_EXTERNAL_ALLOC freed 18 objects / 1048 bytes in 39ms
D/dalvikvm( 4070): GC_EXTERNAL_ALLOC freed 133 objects / 35848 bytes in 42ms
D/dalvikvm( 4070): GC_EXTERNAL_ALLOC freed 70 objects / 3408 bytes in 39ms
D/dalvikvm( 4070): GC_EXTERNAL_ALLOC freed 90 objects / 23952 bytes in 40ms
D/dalvikvm( 4070): GC_EXTERNAL_ALLOC freed 21 objects / 1152 bytes in 39ms
D/dalvikvm( 4070): GC_EXTERNAL_ALLOC freed 351 objects / 78320 bytes in 40ms
D/dalvikvm( 4070): GC_EXTERNAL_ALLOC freed 86 objects / 5352 bytes in 39ms
D/PowerManagerService( 232): New lightsensor value:160, lcdValue:160
D/PowerManagerService( 232): New lightsensor value:90, lcdValue:160
D/dalvikvm( 470): GC_EXPLICIT freed 151 objects / 5912 bytes in 89ms
D/dalvikvm( 670): GC_EXPLICIT freed 9585 objects / 272064 bytes in 110ms
V/NotificationService( 232): dual Led off
E/lights ( 232): write ok string=0,len=1
D/MediaPlaybackService( 5324): !!!! @@@@@@@@ onDestroy
E/lights ( 232): write ok string=0,len=1
E/lights ( 232): write ok string=0 0,len=3
E/lights ( 232): write ok string=0,len=1
I/MediaPlayer( 5324): MediaPlayer reset()
I/MediaPlayer( 5324): MediaPlayer release()
D/MediaPlayer( 5324): unregisterHDMINotification
I/global ( 5324): Default buffer size used in BufferedReader constructor. It would be better to be explicit if an 8k-char buffer is required.
E/HDMIStatusObserver( 5324): status: UNPLUG
E/HDMIStatusObserver( 5324): onEvent: false
E/lights ( 232): write ok string=0,len=1
V/MediaPlayerService( 178): disconnect(3) from pid 5324
D/AwesomePlayer( 178): [U5B] reset (383)
D/AwesomePlayer( 178): [U5B] reset_l (389)
D/AwesomePlayer( 178): [U5B] reset_l (479)
D/AwesomePlayer( 178): [U5B] reset (383)
D/AwesomePlayer( 178): [U5B] reset_l (389)
D/AwesomePlayer( 178): [U5B] reset_l (479)
D/AwesomePlayer( 178): [U5B] reset (383)
D/AwesomePlayer( 178): [U5B] reset_l (389)
D/AwesomePlayer( 178): [U5B] reset_l (479)
E/lights ( 232): write ok string=0 0,len=3
V/MediaPlayerService( 178): Client(3) destructor pid = 5324
V/AudioSink( 178): close
V/MediaPlayerService( 178): disconnect(3) from pid 5324
I/AudioService( 232): AudioFocus abandonAudioFocus() from [email protected][email protected]
D/MediaPlaybackService( 5324): onDestroy finished
D/dalvikvm( 405): GC_EXPLICIT freed 4847 objects / 267376 bytes in 104ms
D/PowerManagerService( 232): New lightsensor value:160, lcdValue:160
D/PowerManagerService( 232): New lightsensor value:40, lcdValue:160
D/dalvikvm( 1393): GC_EXPLICIT freed 605 objects / 27984 bytes in 99ms
D/dalvikvm( 5048): GC_EXPLICIT freed 1806 objects / 125328 bytes in 113ms
I/BatteryStatsImpl( 232): notePhoneSignalStrengthLocked: 2->3
I/ClockWidget( 1030): weatherClock onReceive~ action:android.intent.action.TIME_TICK mPaused:true
E/ClockWidget( 1030): weatherClock onReceive~ mUseAnimation:true
D/dalvikvm( 329): GC_FOR_MALLOC freed 12705 objects / 510232 bytes in 104ms
D/PowerManagerService( 232): New lightsensor value:160, lcdValue:160
D/PowerManagerService( 232): New lightsensor value:90, lcdValue:160
I/BatteryStatsImpl( 232): notePhoneSignalStrengthLocked: 3->2
I/BatteryStatsImpl( 232): notePhoneSignalStrengthLocked: 2->3
D/PowerManagerService( 232): New lightsensor value:160, lcdValue:160
V/KeyguardViewMediator( 232): password timeout now
D/dalvikvm( 4070): GC_EXTERNAL_ALLOC freed 1964 objects / 357176 bytes in 56ms
I/BatteryStatsImpl( 232): notePhoneSignalStrengthLocked: 3->2
D/PowerManagerService( 232): New lightsensor value:90, lcdValue:160
I/BatteryStatsImpl( 232): notePhoneSignalStrengthLocked: 2->3
D/PowerManagerService( 232): New lightsensor value:160, lcdValue:160
D/dalvikvm( 1030): GC_EXPLICIT freed 25287 objects / 921112 bytes in 129ms
D/PowerManagerService( 232): New lightsensor value:90, lcdValue:160
D/dalvikvm( 330): GC_EXPLICIT freed 522 objects / 21304 bytes in 90ms
D/PowerManagerService( 232): New lightsensor value:160, lcdValue:160
I/ClockWidget( 1030): weatherClock onReceive~ action:android.intent.action.TIME_TICK mPaused:true
E/ClockWidget( 1030): weatherClock onReceive~ mUseAnimation:true
D/dalvikvm( 5324): GC_EXPLICIT freed 453 objects / 45712 bytes in 83ms
D/PowerManagerService( 232): New lightsensor value:90, lcdValue:160
D/PowerManagerService( 232): New lightsensor value:160, lcdValue:160
I/BatteryStatsImpl( 232): notePhoneSignalStrengthLocked: 3->2
D/PowerManagerService( 232): New lightsensor value:90, lcdValue:160
D/dalvikvm( 4070): GC_EXTERNAL_ALLOC freed 1228 objects / 160592 bytes in 46ms
I/ClockWidget( 1030): weatherClock onReceive~ action:android.intent.action.TIME_TICK mPaused:true
E/ClockWidget( 1030): weatherClock onReceive~ mUseAnimation:true
I/BatteryStatsImpl( 232): notePhoneSignalStrengthLocked: 2->3
I/BatteryStatsImpl( 232): notePhoneSignalStrengthLocked: 3->2
D/dalvikvm( 4070): GC_EXTERNAL_ALLOC freed 825 objects / 131304 bytes in 45ms
D/dalvikvm( 4070): GC_EXTERNAL_ALLOC freed 134 objects / 11592 bytes in 40ms
D/dalvikvm( 4070): GC_EXTERNAL_ALLOC freed 141 objects / 31000 bytes in 44ms
I/BatteryStatsImpl( 232): notePhoneSignalStrengthLocked: 2->3
D/dalvikvm( 1030): GC_EXPLICIT freed 88 objects / 4480 bytes in 107ms
D/dalvikvm( 4070): GC_EXTERNAL_ALLOC freed 1005 objects / 169176 bytes in 42ms
D/dalvikvm( 4070): GC_EXTERNAL_ALLOC freed 177 objects / 11448 bytes in 39ms
D/dalvikvm( 330): GC_EXPLICIT freed 211 objects / 8688 bytes in 58ms
I/BatteryStatsImpl( 232): notePhoneSignalStrengthLocked: 3->2
D/PowerManagerService( 232): New lightsensor value:160, lcdValue:160
I/BatteryStatsImpl( 232): notePhoneSignalStrengthLocked: 2->3
D/PowerManagerService( 232): New lightsensor value:90, lcdValue:160
I/ClockWidget( 1030): weatherClock onReceive~ action:android.intent.action.TIME_TICK mPaused:true
E/ClockWidget( 1030): weatherClock onReceive~ mUseAnimation:true
I/BatteryStatsImpl( 232): notePhoneSignalStrengthLocked: 3->2
D/PowerManagerService( 232): New lightsensor value:40, lcdValue:160
D/dalvikvm( 4070): GC_EXTERNAL_ALLOC freed 2048 objects / 308560 bytes in 60ms
D/PowerManagerService( 232): New lightsensor value:90, lcdValue:160
I/BatteryStatsImpl( 232): notePhoneSignalStrengthLocked: 2->3
V/alogcat ( 4070): save instance
V/alogcat ( 4070): paused
D/Sensors ( 232): close_akm, fd=155
I/ClockWidget( 1030): weatherClock handleMessage~ help to check lock
D/ClockWidget( 1030): WHAT_ON_RESUME~ notifyCause:30
I/ClockWidget( 1030): WHAT_ON_RESUME~ NOTIFY_CAUSE_ACTIVITY
D/alogcat ( 4070): stopping ...
D/alogcat ( 4070): stopped
D/AK8973 ( 183): Compass CLOSE
D/ClockWidget( 1030): WHAT_ON_RESUME_DELAY
I/ClockWidget( 1030): clear cache
I/ClockWidget( 1030): clearAnimations~
D/ClockWidget( 1030): applyRotationTest~ mHour:4 mOldHour:4
D/ClockWidget( 1030): applyRotationTest~ mMin:39 mOldMinutes:34
I/ClockWidget( 1030): updateForecastDateNow~ mFSTDateNow:12/3/2010
D/ClockWidget( 1030): myOnNotifyWidgetPause:20
I/ClockWidget( 1030): setPause~ mPaused:true
W/dalvikvm( 1030): disableGcForExternalAlloc: true
W/dalvikvm( 1030): disableGcForExternalAlloc: false
V/ContactWidgetXL( 1030): handleMessage: WHAT_ON_RESUMEtrue false
W/dalvikvm( 1030): disableGcForExternalAlloc: true
W/dalvikvm( 1030): disableGcForExternalAlloc: false
D/TETHER -> TetherApplication( 5413): Calling onCreate()
D/TETHER -> TetherApplication( 5413): Current directory is /data/data/android.tether
D/TETHER -> TetherApplication( 5413): Directory '/data/data/android.tether/bin' already exists!
D/TETHER -> TetherApplication( 5413): Directory '/data/data/android.tether/var' already exists!
D/TETHER -> TetherApplication( 5413): Directory '/data/data/android.tether/conf' already exists!
I/global ( 5413): Default buffer size used in BufferedReader constructor. It would be better to be explicit if an 8k-char buffer is required.
D/TETHER -> MainActivity( 5413): Calling onCreate()
D/dalvikvm( 5413): GC_EXTERNAL_ALLOC freed 3306 objects / 237808 bytes in 41ms
D/dalvikvm( 5413): GC_EXTERNAL_ALLOC freed 482 objects / 31512 bytes in 36ms
I/global ( 5413): Default buffer size used in BufferedReader constructor. It would be better to be explicit if an 8k-char buffer is required.
I/global ( 5413): Default buffer size used in BufferedReader constructor. It would be better to be explicit if an 8k-char buffer is required.
I/global ( 5413): Default buffer size used in BufferedReader constructor. It would be better to be explicit if an 8k-char buffer is required.
D/TETHER -> TetherApplication( 5413): Update-checks are disabled!
D/dalvikvm( 5413): GC_FOR_MALLOC freed 7190 objects / 484776 bytes in 44ms
D/dalvikvm( 5413): GC_FOR_MALLOC freed 2630 objects / 525776 bytes in 50ms
D/dalvikvm( 5413): GC_FOR_MALLOC freed 1980 objects / 500216 bytes in 41ms
D/dalvikvm( 5413): GC_FOR_MALLOC freed 1842 objects / 492752 bytes in 41ms
D/dalvikvm( 5413): GC_FOR_MALLOC freed 1895 objects / 495672 bytes in 41ms
D/dalvikvm( 5413): GC_FOR_MALLOC freed 1886 objects / 495984 bytes in 41ms
D/dalvikvm( 5413): GC_FOR_MALLOC freed 1805 objects / 490992 bytes in 41ms
D/dalvikvm( 5413): GC_FOR_MALLOC freed 1804 objects / 490616 bytes in 41ms
D/dalvikvm( 232): GC_EXPLICIT freed 56747 objects / 3197960 bytes in 264ms
D/dalvikvm( 5413): GC_FOR_MALLOC freed 8177 objects / 408528 bytes in 104ms
D/dalvikvm( 5413): GC_EXPLICIT freed 4906 objects / 252592 bytes in 118ms
D/TETHER -> MainActivity( 5413): Calling onResume()
I/ActivityManager( 232): Displayed activity android.tether/.MainActivity: 1939 ms (total 1939 ms)
D/PowerManagerService( 232): New lightsensor value:160, lcdValue:160
W/KeyCharacterMap( 5413): No keyboard for id 65540
W/KeyCharacterMap( 5413): Using default keymap: /system/usr/keychars/qwerty.kcm.bin
D/TETHER -> MainActivity( 5413): StartBtn pressed ...
I/TETHER -> NativeTask( 5413): Trying to load libnativetask.so
D/dalvikvm( 5413): No JNI_OnLoad found in /system/lib/libnativetask.so 0x46f348d8, skipping init
I/global ( 5413): Default buffer size used in BufferedReader constructor. It would be better to be explicit if an 8k-char buffer is required.
I/global ( 5413): Default buffer size used in BufferedReader constructor. It would be better to be explicit if an 8k-char buffer is required.
D/TETHER -> CoreTask( 5413): Writing 331 bytes to file: /data/data/android.tether/conf/tether.conf
D/dalvikvm( 5413): GC_FOR_MALLOC freed 5977 objects / 400864 bytes in 62ms
D/TETHER -> CoreTask( 5413): Writing 195 bytes to file: /data/data/android.tether/conf/dnsmasq.conf
D/TETHER -> CoreTask( 5413): Writing 352 bytes to file: /data/data/android.tether/bin/blue-up.sh
D/TETHER -> TetherApplication( 5413): Creation of configuration-files took ==> 305 milliseconds.
D/TETHER -> CoreTask( 5413): Writing 48 bytes to file: /data/data/android.tether/conf/resolv.conf
D/TETHER -> CoreTask( 5413): Root-Command ==> su -c "/data/data/android.tether/bin/tether start 1"
D/su ( 5423): 10045 /system/bin/sh executing 0 /data/data/android.tether/bin/tether start 1 using shell /system/bin/sh : sh
D/PowerManagerService( 232): New lightsensor value:90, lcdValue:160
I/ClockWidget( 1030): weatherClock handleMessage~ help to check lock
D/ClockWidget( 1030): WHAT_ON_RESUME~ notifyCause:30
I/ClockWidget( 1030): WHAT_ON_RESUME~ NOTIFY_CAUSE_ACTIVITY
D/TETHER -> MainActivity( 5413): Calling onStop()
D/ClockWidget( 1030): WHAT_ON_RESUME_DELAY
I/ClockWidget( 1030): clear cache
D/ClockWidget( 1030): applyRotationTest~ mHour:4 mOldHour:4
D/ClockWidget( 1030): applyRotationTest~ mMin:39 mOldMinutes:39
I/ClockWidget( 1030): updateForecastDateNow~ mFSTDateNow:12/3/2010
D/ClockWidget( 1030): myOnNotifyWidgetPause:20
I/ClockWidget( 1030): setPause~ mPaused:true
W/dalvikvm( 1030): disableGcForExternalAlloc: true
W/dalvikvm( 1030): disableGcForExternalAlloc: false
D/Tethering( 232): eth0 is not a tetherable iface, ignoring
D/AK8973 ( 183): Compass Start
D/Sensors ( 232): open_akm, fd=142
D/alogcat ( 4070): stopping ...
D/alogcat ( 4070): canceling periodic saves
V/alogcat ( 4070): started
V/alogcat ( 4070): resumed
D/alogcat ( 4070): starting ...
I/global ( 5413): Default buffer size used in BufferedReader constructor. It would be better to be explicit if an 8k-char buffer is required.
D/dalvikvm( 5413): GC_FOR_MALLOC freed 5940 objects / 453600 bytes in 56ms
D/dalvikvm( 5413): GC_FOR_MALLOC freed 7435 objects / 452880 bytes in 46ms
D/dalvikvm( 5413): GC_EXPLICIT freed 13390 objects / 559456 bytes in 130ms
W/KeyCharacterMap( 4070): No keyboard for id 65540
W/KeyCharacterMap( 4070): Using default keymap: /system/usr/keychars/qwerty.kcm.bin
D/PowerManagerService( 232): New lightsensor value:40, lcdValue:160
D/dalvikvm( 5413): GC_FOR_MALLOC freed 3462 objects / 219600 bytes in 89ms
does your evo stay connected to the internet when you turn on the wifi tether?
try downloading a file with evo to keep connection active then attempt to access the internet with the connected device
NewZJ said:
does your evo stay connected to the internet when you turn on the wifi tether?
try downloading a file with evo to keep connection active then attempt to access the internet with the connected device
Click to expand...
Click to collapse
i can connect from evo to a wireless router, but can't connect anything to the evo as a wireless router, just tried that out, so i don't think the wireless is in total loss, just the part of using it as a router.
Use a different tether file/.apk. search and u will find. Google it and it should show u different threads leading to it.
Using my HTC Evo phone which I'm using Xda app to post
ruben1221 said:
Use a different tether file/.apk. search and u will find. Google it and it should show u different threads leading to it.
Using my HTC Evo phone which I'm using Xda app to post
Click to expand...
Click to collapse
been there and done that, even with the sprint hotspot, same results.
are you trying to use your phone as a wifi extender? I think the wifi tether might not work properly if your evo is connected to wifi
NewZJ said:
are you trying to use your phone as a wifi extender? I think the wifi tether might not work properly if your evo is connected to wifi
Click to expand...
Click to collapse
no, i only use the app when either on 3g or 4g, never while i'm on wifi myself.
have you tried pre8? reported as working when pre14 fails
NewZJ said:
have you tried pre8? reported as working when pre14 fails
Click to expand...
Click to collapse
ill search and try, but i did have pre13, which was working.
EDIT: your a GOD, thank you so much that worked, just weird that one day it worked on pre13, then next a no go.
read somewhere that enabling wifi will solve this, not sure if it will work for you. I think the thread i read said just enabling it worked for them ... who knows worth a shot I guess.

[Q] Phone wont sleep Alogcat posted

Im running my evo on mikfroyos rom.
I installed wifi tether and pdanet. I noticed after this that my phone does not sleep. Ever.
So i uninstalled both and it is still happening. I see red lines in my alogcat but do not know what they mean ill copy it here and hopefully someone can help me
D/dalvikvm( 334): GC_EXTERNAL_ALLOC freed 520 objects / 24336 bytes in 39ms
I/ipd ( 179): IP CMD: /system/bin/ip ru del from all to all table gprs prio 3002
I/ipd ( 179): IP CMD: /system/bin/ip ro flush table gprs
D/MobileDataStateTracker( 222): Received RESET_CONNECTION if=rmnet0 ret=0
D/Tethering( 222): Tethering got CONNECTIVITY_ACTION
E/Tethering( 222): >>>>>connectivity changed<<<<<
E/Tethering( 222): type: mobile, connected: falseD/Tethering( 222): MasterInitialState.processMessage what=3
E/HierarchicalStateMachine( 222): TetherMaster - unhandledMessage: msg.what=3D/dalvikvm( 1047): GC_FOR_MALLOC freed 2564 objects / 165184 bytes in 37ms
W/Rosie ( 334): mAddHtcWidgetByOtherActivity = false, mIsOpenSlideWhenLeaveLaunch = true
I/BatteryStatsImpl( 222): notePhoneSignalStrengthLocked: 2->3
E/Tethering( 222): attempting to remove unknown iface (usb0), ignoringE/BluetoothHandsfree( 325): prevCdma state: IDLE, currCdma state: IDLE
E/BluetoothHandsfree( 325): cdma: callheld: 0I/BluetoothHandsfree( 325): ring(): mIgnoreRing = false mRingingCall.isRinging()true
D/test ( 325): current mode 0
E/BluetoothHeadsetService( 325): java.util.NoSuchElementExceptionD/HtcPhoneSensorFunctions( 325): BePolite Setting: true
E/InCallScreen( 325): java.lang.NullPointerException
E/InCallScreen( 325): java.lang.NullPointerException
E/InCallScreen( 325): at android.telephony.PhoneNumberUtils.getNumberFromIntent(PhoneNumberUtils.java:177)
E/InCallScreen( 325): at com.android.phone.PhoneUtils.getNumberFromIntent(PhoneUtils.java:1645)
E/InCallScreen( 325): at com.android.phone.InCallScreen.getInitialNumber(InCallScreen.java:3810)
E/InCallScreen( 325): at com.android.phone.InCallScreen.setupPreloadContactInfo(InCallScreen.java:7508)
E/InCallScreen( 325): at com.android.phone.InCallScreen.internalResolveIntent(InCallScreen.java:1831)
E/InCallScreen( 325): at com.android.phone.InCallScreen.onCreate(InCallScreen.java:967)
E/InCallScreen( 325): at android.app.Instrumentation.callActivityOnCreate(Instrumentation.java:1069)
E/InCallScreen( 325): at android.app.ActivityThread.performLaunchActivity(ActivityThread.java:2751)
E/InCallScreen( 325): at android.app.ActivityThread.handleLaunchActivity(ActivityThread.java:2803)
E/InCallScreen( 325): at android.app.ActivityThread.access$2300(ActivityThread.java:135)
E/InCallScreen( 325): at android.app.ActivityThread$H.handleMessage(ActivityThread.java:2136)
E/InCallScreen( 325): at android.os.Handler.dispatchMessage(Handler.java:99)
E/InCallScreen( 325): at android.os.Looper.loop(Looper.java:144)
E/InCallScreen( 325): at android.app.ActivityThread.main(ActivityThread.java:4937)
E/InCallScreen( 325): at java.lang.reflect.Method.invokeNative(Native Method)
E/InCallScreen( 325): at java.lang.reflect.Method.invoke(Method.java:521)
E/InCallScreen( 325): at com.android.internal.os.ZygoteInit$MethodAndArgsCaller.run(ZygoteInit.java:868)
E/InCallScreen( 325): at com.android.internal.os.ZygoteInit.main(ZygoteInit.java:626)
E/InCallScreen( 325): at dalvik.system.NativeStart.main(Native Method)D/InCallScreen( 325): internalResolveIntent: action=android.intent.action.MAIN
E/PHONE/InCallScreen_Debug( 325): current flags: 4817152D/InCallScreen( 325): onResume()...
E/IncallScreen( 325): setPowerKeyFlag(false)...E/BluetoothHandsfree( 325): prevCdma state: IDLE, currCdma state: IDLE
E/BluetoothHandsfree( 325): cdma: callheld: 0D/test ( 325): current mode 0
E/BluetoothHeadsetService( 325): java.util.NoSuchElementExceptionD/InCallScreen( 325): ringincCallState: INCOMING
D/PHONE/InCallScreen_Debug( 325): current call status: INCOMING
D/InCallScreen( 325): onDisconnect clean latest caller info mCallerName: null mbHasPhoto: false
D/PhoneApp( 325): updateWakeState: callscreen true, dialer false, speaker false...
D/PhoneApp( 325): updateWakeState: keepScreenOn = true (isRinging true, isDialing false
D/Ringer ( 325): ring()...
I/power ( 222): *** set_screen_state 1
D/Ringer ( 325): makeLooper PLAY_RING_ONCE or PLAY_RING_LOOP mCustomRingtoneUri content://settings/system/ringtone
D/Ringer ( 325): creating ringtone: content://settings/system/ringtone
I/MediaPlayer( 325): MediaPlayer
D/MediaPlayer( 325): hasHDMIPermission: -1
D/MediaPlayer( 325): registerHDMINotification
I/global ( 325): Default buffer size used in BufferedReader constructor. It would be better to be explicit if an 8k-char buffer is required.
E/HDMIStatusObserver( 325): status: UNPLUG
D/MediaPlayer( 325): isHDMIPlug(): false
E/MediaPlayer( 325): onHDMIStateChanged
E/MediaPlayer( 325): hdmi_setting not found!D/MediaPlayer( 325): getHDMIResolution: 00
I/MediaPlayer( 325): MediaPlayer setDataSource(context, uri)
I/MediaPlayer( 325): MediaPlayer setDataSource(context, uri,headers)
D/NotificationFlashLightUtility getIncomingCall( 325): load fail~~~~~~~~~~
V/NotificationService( 222): dual Led for notification
E/lights ( 222): write ok string=0,len=1
E/lights ( 222): write ok string=0,len=1
E/lights ( 222): write ok string=0 0,len=3
E/lights ( 222): write ok string=1,len=1V/MediaPlayerService( 175): Client(1) constructor
V/MediaPlayerService( 175): Create new client(1) from pid 325, fd=19, offset=0, length=576460752303423487
V/MediaPlayerService( 175): setDataSource fd=19, offset=0, length=576460752303423487
V/MediaPlayerService( 175): st_dev = 45825
V/MediaPlayerService( 175): st_mode = 32829
V/MediaPlayerService( 175): st_uid = 1000
V/MediaPlayerService( 175): st_gid = 1015
V/MediaPlayerService( 175): st_size = 124972
V/MediaPlayerService( 175): calculated length = 124972
V/StaticFunction( 175): We only support url check function now.
V/StaticFunction( 175): isQCPFileFormat() url=(null)
E/lights ( 222): write ok string=3,len=1I/ ( 175): Has ID3 info, size = 1024
E/lights ( 222): write ok string=5 0,len=3I/LSState ( 222): EventReceiver:android.intent.action.NOTIFICATION_REMOVE
V/MediaPlayerService( 175): player type = 4
D/MediaPlayerService( 175): player type = STAGEFRIGHT_PLAYER
V/MediaPlayerService( 175): create StagefrightPlayer
I/OMXMaster( 175): #### creating hw plugin...
I/OMXMaster( 175): #### create hw plugin and add plugin done
E/OMXMaster( 175): A component of name 'OMX.qcom.video.decoder.avc' already exists, ignoring this one.
E/OMXMaster( 175): A component of name 'OMX.qcom.video.decoder.mpeg4' already exists, ignoring this one.
E/OMXMaster( 175): A component of name 'OMX.qcom.video.decoder.h263' already exists, ignoring this one.
E/OMXMaster( 175): A component of name 'OMX.qcom.video.decoder.divx' already exists, ignoring this one.
E/OMXMaster( 175): A component of name 'OMX.qcom.video.decoder.vc1' already exists, ignoring this one.
E/OMXMaster( 175): A component of name 'OMX.qcom.video.encoder.avc' already exists, ignoring this one.
E/OMXMaster( 175): A component of name 'OMX.qcom.video.encoder.mpeg4' already exists, ignoring this one.
E/OMXMaster( 175): A component of name 'OMX.qcom.video.encoder.h263' already exists, ignoring this one.
E/OMXMaster( 175): A component of name 'OMX.qcom.audio.decoder.Qcelp13' already exists, ignoring this one.
