E/OMXMaster( 175): A component of name 'OMX.qcom.audio.decoder.evrc' already exists, ignoring this one.E/OMXMaster( 175): A component of name 'OMX.qcom.audio.encoder.tunneled.qcelp13' already exists, ignoring this one.
D/AwesomePlayer( 175): [U5B] reset (383)
D/AwesomePlayer( 175): [U5B] reset_l (389)
D/AwesomePlayer( 175): [U5B] reset_l (479)
D/AwesomePlayer( 175): [U5B] setDataSource (320)
D/AwesomePlayer( 175): [U5B] reset_l (389)
D/AwesomePlayer( 175): [U5B] reset_l (479)
D/AwesomePlayer( 175): [U5B] setDataSource_l (340)
D/MediaExtractor( 175): [U5B] Create (47)
V/MediaExtractor( 175): Autodetected media content as 'audio/mpeg' with confidence 0.30
D/AwesomePlayer( 175): [U5B] setDataSource_l (351)
V/MediaPlayerService( 175): [1] setAudioStreamType(2)
V/MediaPlayerService( 175): [1] prepareAsync
V/MediaPlayerService( 175): [1] notify (0x22a18, 5, 0, 0)
V/MediaPlayerService( 175): [1] notify (0x22a18, 1, 0, 0)
D/PhoneUtils( 325): setAudioMode(MODE_RINGTONE)...
D/AudioService( 222): setMode = 1
D/AudioHardwareQSD( 175): Update TPA2018_SET_MODE to mode 2 success
D/AudioHardwareInterface( 175): setMode(RINGTONE)
D/AudioPolicyManagerBase( 175): setPhoneState() state 1
D/Ringtone( 325): sendBroadcast android.htc.intent.action.PLAYBACK_RINGTONE
D/Ringtone( 325): playing a tone with looping : true
V/MediaPlayerService( 175): [1] setLooping(1)
I/MediaPlayer( 325): MediaPlayer start()
I/MediaPlayer( 325): MediaPlayer invoke()
I/StagefrightPlayer( 175): invoke HDMI resoluion= 0
D/AwesomePlayer( 175): setHDMIResolution+
D/AwesomePlayer( 175): mVideoRenderer is null
D/AwesomePlayer( 175): setHDMIResolution-
D/MediaPlayer( 325): setHDMIResolution: 0 0
V/MediaPlayerService( 175): [1] setLooping(1)
V/MediaPlayerService( 175): [1] setVolume(1.000000, 1.000000)
V/AudioSink( 175): setVolume(1.000000, 1.000000)
V/MediaPlayerService( 175): [1] start
D/AwesomePlayer( 175): [U5B] play (557)
D/AwesomePlayer( 175): [U5B] play_l (563)
V/AudioSink( 175): open(44100, 1, 1, 4)
V/AudioSink( 175): setVolume
V/AudioSink( 175): start
D/AudioPolicyManagerBase( 175): startOutput() output 1, stream 2
D/AwesomePlayer( 175): [U5B] play_l (636)
I/MediaPlayer( 325): MediaPlayer handleMessage what=5
I/MediaPlayer( 325): MediaPlayer handleMessage what=1
D/AudioHardwareQSD( 175): Enable ALT for speaker
D/AudioHardwareQSD( 175): ALT batt temp = 269
I/CallCard( 325): setPhotoImageDrawableuplicated drawable
I/CallCard( 325): setPhotoImageDrawableuplicated drawable
I/BluetoothHandsfree( 325): ring(): mIgnoreRing = false mRingingCall.isRinging()true
D/Ringer ( 325): - starting vibrator...
I/ActivityManager( 222): Displayed activity com.android.phone/.InCallScreen: 807 ms (total 807 ms)
D/alogcat ( 1047): stopping ...
I/AudioHardwareQSD( 175): AUDIO_START: start kernel pcm_out driver.
W/AudioFlinger( 175): write blocked for 323 msecs, 1 delayed writes, thread 0x158e8
D/alogcat ( 1047): stopped
D/CallNotifier( 325): PHONE_ENHANCED_VP_OFF...
D/PowerManagerService( 222): New lightsensor value:90, lcdValue:126
D/HtcPhoneSensorFunctions( 325): BePolite is init with Pitch: -2.0 Roll: 7.0
D/HtcPhoneSensorFunctions( 325): BePolite is on with Pitch: -28.0 Roll:-42.0
D/Ringer ( 325): - stopRing: cleaning up vibrator thread manually...
I/BluetoothHandsfree( 325): ring(): mIgnoreRing = false mRingingCall.isRinging()true
D/InCallScreen( 325): internalAnswerCall()...
D/Ringer ( 325): stopRing()...
D/Ringer ( 325): mRingHandler: STOP_RING...
I/MediaPlayer( 325): MediaPlayer reset()
V/MediaPlayerService( 175): [1] reset
D/AwesomePlayer( 175): [U5B] reset (383)
D/AwesomePlayer( 175): [U5B] reset_l (389)
W/TimedEventQueue( 175): Event 38 was not found in the queue, already cancelled?
V/AudioSink( 175): stop
V/AudioSink( 175): close
D/AwesomePlayer( 175): [U5B] reset_l (479)
I/MediaPlayer( 325): MediaPlayer release()
D/MediaPlayer( 325): unregisterHDMINotification
I/global ( 325): Default buffer size used in BufferedReader constructor. It would be better to be explicit if an 8k-char buffer is required.
E/HDMIStatusObserver( 325): status: UNPLUG
E/HDMIStatusObserver( 325): onEvent: falseV/MediaPlayerService( 175): disconnect(1) from pid 325
D/AwesomePlayer( 175): [U5B] reset (383)
D/AwesomePlayer( 175): [U5B] reset_l (389)
D/AwesomePlayer( 175): [U5B] reset_l (479)
D/AwesomePlayer( 175): [U5B] reset (383)
D/AwesomePlayer( 175): [U5B] reset_l (389)
D/AwesomePlayer( 175): [U5B] reset_l (479)
D/AwesomePlayer( 175): [U5B] reset (383)
D/AwesomePlayer( 175): [U5B] reset_l (389)
D/AwesomePlayer( 175): [U5B] reset_l (479)
V/MediaPlayerService( 175): Client(1) destructor pid = 325
V/AudioSink( 175): close
V/MediaPlayerService( 175): disconnect(1) from pid 325
D/PhoneUtils( 325): setAudioMode(MODE_NORMAL)...
I/phone ( 325): acceptCall: incoming...
D/AudioHardwareQSD( 175): Setting mic mute to 0
D/PhoneUtils( 325): setAudioMode(MODE_IN_CALL)...
D/AudioService( 222): setMode = 2
D/AudioHardwareQSD( 175): Update TPA2018_SET_MODE to mode 3 success
D/AudioHardwareInterface( 175): setMode(IN_CALL)
D/AudioPolicyManagerBase( 175): setPhoneState() state 2
I/AudioHardwareQSD( 175): Routing audio to Handset
D/AudioHardwareQSD( 175): skip update ACDB due to in-call
D/AudioHardwareQSD( 175): Switching audio device to
D/AudioHardwareQSD( 175): Handset
I/dalvikvm( 325): Jit: resizing JitTable from 4096 to 8192
D/CallNotifier( 325): PHONE_ENHANCED_VP_OFF...
D/CallNotifier( 325): PHONE_ENHANCED_VP_OFF...
I/AudioService( 222): AudioFocus requestAudioFocus() from AudioFocus_For_Phone_Ring_And_Calls
I/BluetoothA2dpService( 222): suspend A2dp mixer due to phone state exit normal
D/WimaxService( 222): onReceive ACTION_PHONE_STATE_CHANGED state=OFFHOOK
D/WimaxStateTracker( 222): handlePhoneOffHook DDTM is not implemented
D/CallNotifier( 325): onCallConnected: MT call? true
V/NotificationService( 222): dual Led off
E/lights ( 222): write ok string=0,len=1
E/lights ( 222): write ok string=0,len=1
E/lights ( 222): write ok string=0 0,len=3
E/lights ( 222): write ok string=0,len=1
E/lights ( 222): write ok string=0,len=1
E/lights ( 222): write ok string=0 0,len=3
I/LSState ( 222): EventReceiver:android.intent.action.NOTIFICATION_REMOVE
E/BluetoothHandsfree( 325): onCallConnected()
D/BluetoothHandsfree( 325): updatePhoneState()
D/BluetoothHandsfree( 325): audioOn()
D/BluetoothHandsfree( 325): audioOn(): headset is not connected!
E/BluetoothHandsfree( 325): prevCdma state: IDLE, currCdma state: SINGLE_ACTIVE
E/BluetoothHandsfree( 325): cdma: callheld: 0D/BluetoothHandsfree( 325): cdmaSetSecondCallState: Setting mCdmaIsSecondCallActive to false
D/AudioHardwareQSD( 175): start voice with RX ID 0, TX ID 0
D/PhoneApp( 325): updateProximitySensorMode: acquiring...
D/AudioHardwareQSD( 175): Voice Started!!
D/AudioHardwareQSD( 175): Setting in-call volume to 100
D/Sensors ( 222): close_akm, fd=127
D/test ( 325): current mode 0
D/AudioHardwareQSD( 175): Setting mic mute to 1
D/AudioHardwareQSD( 175): Setting mic mute to 0
D/CallNotifier( 325): stopRing()... (OFFHOOK state)
D/InCallScreen( 325): ringincCallState: IDLE
D/InCallScreen( 325): fgCallState: ACTIVE
D/InCallScreen( 325): bgCallState: IDLE
D/PHONE/InCallScreen_Debug( 325): current call status: SINGLE_ALIVE
I/CallCard( 325): setPhotoImageDrawableuplicated drawable
I/CallCard( 325): setPhotoImageDrawableuplicated drawable
D/PhoneApp( 325): updateWakeState: callscreen true, dialer false, speaker false...
D/PhoneApp( 325): updateWakeState: keepScreenOn = false (isRinging false, isDialing false
I/LSState ( 222): EventReceiver:android.intent.action.NOTIFICATION_ADD
I/GPSButton( 222): Update State
I/WimaxButton( 222): Update State
V/NotificationService( 222): dual Led off
E/lights ( 222): write ok string=0,len=1
E/lights ( 222): write ok string=0,len=1
E/lights ( 222): write ok string=0 0,len=3
E/lights ( 222): write ok string=0,len=1
E/lights ( 222): write ok string=0,len=1
E/lights ( 222): write ok string=0 0,len=3D/AK8973 ( 180): Compass CLOSE
I/GPSButton( 222): Update State
I/WimaxButton( 222): Update State
V/NotificationService( 222): dual Led off
E/lights ( 222): write ok string=0,len=1
E/lights ( 222): write ok string=0,len=1
E/lights ( 222): write ok string=0 0,len=3
E/lights ( 222): write ok string=0,len=1
E/lights ( 222): write ok string=0,len=1
E/lights ( 222): write ok string=0 0,len=3I/CallCard( 325): setPhotoImageDrawableuplicated drawable
I/GPSButton( 222): Update State
I/WimaxButton( 222): Update State
I/GPSButton( 222): Update State
I/WimaxButton( 222): Update State
I/GPSButton( 222): Update State
I/WimaxButton( 222): Update State
I/GPSButton( 222): Update State
I/WimaxButton( 222): Update State
I/GPSButton( 222): Update State
I/WimaxButton( 222): Update State
I/GPSButton( 222): Update State
I/WimaxButton( 222): Update State
D/skia ( 222): purging 199K from font cache [22 entries]
I/GPSButton( 222): Update State
I/WimaxButton( 222): Update State
I/GPSButton( 222): Update State
I/WimaxButton( 222): Update State
I/GPSButton( 222): Update State
I/WimaxButton( 222): Update State
I/GPSButton( 222): Update State
I/WimaxButton( 222): Update State
I/GPSButton( 222): Update State
I/WimaxButton( 222): Update State
I/GPSButton( 222): Update State
I/WimaxButton( 222): Update State
I/GPSButton( 222): Update State
I/WimaxButton( 222): Update State
I/GPSButton( 222): Update State
I/WimaxButton( 222): Update State
I/GPSButton( 222): Update State
I/WimaxButton( 222): Update State
I/GPSButton( 222): Update State
I/WimaxButton( 222): Update State
I/GPSButton( 222): Update State
I/WimaxButton( 222): Update State
I/power ( 222): *** set_screen_state 0
D/InCallScreen( 325): onSaveInstanceState()...
D/InCallScreen( 325): onPause()...
D/PhoneApp( 325): re-enable status bar
E/PhoneApp( 325): mStatusBarDisableCount is already zeroD/SurfaceFlinger( 222): About to give-up screen, flinger = 0x14a8b8
D/PhoneApp( 325): updateWakeState: callscreen false, dialer false, speaker false...
D/PhoneApp( 325): updateWakeState: keepScreenOn = false (isRinging false, isDialing false
W/IInputConnectionWrapper( 325): getExtractedText on inactive InputConnection
W/IInputConnectionWrapper( 325): getExtractedText on inactive InputConnection
D/ContactWidgetXL( 334): Received intent:android.intent.action.SCREEN_OFF
V/ConnLib ( 573): Screen Off
D/skia ( 222): purging 197K from font cache [19 entries]
I/BluetoothHandsfree( 325): ring(): mIgnoreRing = false mRingingCall.isRinging()false
E/BluetoothHandsfree( 325): Not allow to sent RING, ignore it
I/AudioHardwareQSD( 175): AudioHardware pcm playback is going to standby.
D/InCallScreen( 325): Handler: handling message { what=10001 when=481435 } while not in foreground
D/dalvikvm( 796): GC_FOR_MALLOC freed 11253 objects / 522744 bytes in 47ms
D/dalvikvm( 530): GC_EXPLICIT freed 964 objects / 50872 bytes in 39ms
D/dalvikvm( 573): GC_EXPLICIT freed 2432 objects / 247600 bytes in 83ms
D/dalvikvm( 656): GC_EXPLICIT freed 4487 objects / 267592 bytes in 76ms
D/dalvikvm( 684): GC_EXPLICIT freed 1908 objects / 261216 bytes in 89ms
D/dalvikvm( 700): GC_EXPLICIT freed 1874 objects / 127392 bytes in 73ms
D/dalvikvm( 719): GC_EXPLICIT freed 2787 objects / 133880 bytes in 93ms
D/dalvikvm( 813): GC_EXPLICIT freed 1076 objects / 76984 bytes in 73ms
D/dalvikvm( 851): GC_EXPLICIT freed 1299 objects / 211176 bytes in 86ms
D/dalvikvm( 399): GC_EXPLICIT freed 1899 objects / 99680 bytes in 79ms
D/dalvikvm( 411): GC_EXPLICIT freed 1983 objects / 154640 bytes in 71ms
D/NativeCrypto( 411): Freeing OpenSSL session
D/dalvikvm( 796): GC_EXPLICIT freed 2960 objects / 87160 bytes in 67ms
I/dalvikvm( 222): Jit: resizing JitTable from 16384 to 32768
D/dalvikvm( 334): GC_EXPLICIT freed 4158 objects / 184760 bytes in 69ms
D/dalvikvm( 796): GC_EXPLICIT freed 8989 objects / 465488 bytes in 76ms
I/dalvikvm( 222): Total arena pages for JIT: 11
D/dalvikvm( 334): GC_EXPLICIT freed 1716 objects / 63832 bytes in 58ms
D/dalvikvm( 796): GC_FOR_MALLOC freed 11362 objects / 522744 bytes in 46ms
D/dalvikvm( 796): GC_EXPLICIT freed 2472 objects / 61360 bytes in 57ms
I/power ( 222): *** set_screen_state 1
D/InCallScreen( 325): onResume()...
D/InCallScreen( 325): - onResume: initial status = SUCCESS
D/InCallScreen( 325): syncWithPhoneState()...
E/IncallScreen( 325): setPowerKeyFlag(false)...
D/InCallScreen( 325): ringincCallState: IDLE
D/InCallScreen( 325): fgCallState: ACTIVE
D/InCallScreen( 325): bgCallState: IDLE
D/PHONE/InCallScreen_Debug( 325): current call status: SINGLE_ALIVE
I/CallCard( 325): setPhotoImageDrawableuplicated drawable
I/CallCard( 325): setPhotoImageDrawableuplicated drawable
I/power ( 222): *** set_screen_state 1
D/PhoneApp( 325): updateWakeState: callscreen true, dialer false, speaker false...
D/PhoneApp( 325): updateWakeState: keepScreenOn = false (isRinging false, isDialing false
D/WimaxService( 222): onReceive SCREEN_ON
I/WimaxStateTracker( 222): handleScreenOn : Wimax is not enabled
D/InCallScreen( 325): updateCdmaRoamingIcon()...
V/InCallScreen( 325): Cdma ROAMING_INDICATOR_OFF, removing ERI icon
D/BluetoothHandsfree( 325): updatePhoneState()
E/BluetoothHandsfree( 325): prevCdma state: IDLE, currCdma state: SINGLE_ACTIVE
E/BluetoothHandsfree( 325): cdma: callheld: 0D/test ( 325): current mode 0
D/AudioHardwareQSD( 175): Setting mic mute to 1
D/AudioHardwareQSD( 175): Setting mic mute to 0
D/CallNotifier( 325): stopRing()... (OFFHOOK state)
E/IncallScreen( 325): setPowerKeyFlag(false)...D/InCallScreen( 325): ringincCallState: IDLE
D/InCallScreen( 325): fgCallState: ACTIVE
D/InCallScreen( 325): bgCallState: IDLE
D/PHONE/InCallScreen_Debug( 325): current call status: SINGLE_ALIVE
I/CallCard( 325): setPhotoImageDrawableuplicated drawable
I/CallCard( 325): setPhotoImageDrawableuplicated drawable
D/PhoneApp( 325): updateWakeState: callscreen true, dialer false, speaker false...
D/PhoneApp( 325): updateWakeState: keepScreenOn = false (isRinging false, isDialing false
I/CallCard( 325): setPhotoImageDrawableuplicated drawable
I/LSState ( 222): EventReceiver:android.intent.action.NOTIFICATION_UPDATE
I/CallCard( 325): setPhotoImageDrawableuplicated drawable
D/SurfaceFlinger( 222): Screen about to return, flinger = 0x14a8b8
D/ContactWidgetXL( 334): Received intent:android.intent.action.SCREEN_ON
V/ConnLib ( 573): Screen On
I/GPSButton( 222): Update State
I/WimaxButton( 222): Update State
I/GPSButton( 222): Update State
I/WimaxButton( 222): Update State
D/NetworkLocationProvider( 222): onDataConnectionStateChanged 2
E/IncallScreen( 325): finishImmediatelyIfNecessary
E/IncallScreen( 325): finishImmediatelyIfNecessary total = 1D/BluetoothHandsfree( 325): updatePhoneState()
E/BluetoothHandsfree( 325): prevCdma state: IDLE, currCdma state: SINGLE_ACTIVEE/BluetoothHandsfree( 325): cdma: callheld: 0D/test ( 325): current mode 0
D/CallNotifier( 325): stopRing()... (OFFHOOK state)
E/IncallScreen( 325): setPowerKeyFlag(false)...D/InCallScreen( 325): ringincCallState: IDLE
D/InCallScreen( 325): fgCallState: DISCONNECTING
D/InCallScreen( 325): bgCallState: IDLE
D/PHONE/InCallScreen_Debug( 325): current call status: IDLE
W/CallCard( 325): displayMainCallStatus: unexpected call state: DISCONNECTING
I/CallCard( 325): setPhotoImageDrawableuplicated drawable
I/LSState ( 222): EventReceiver:android.intent.action.NOTIFICATION_UPDATE
D/dalvikvm( 325): GC_FOR_MALLOC freed 11864 objects / 530560 bytes in 63ms
I/CallCard( 325): setPhotoImageDrawableuplicated drawable
D/PhoneApp( 325): updateWakeState: callscreen true, dialer false, speaker false...
D/PhoneApp( 325): updateWakeState: keepScreenOn = false (isRinging false, isDialing false
D/PowerManagerService( 222): New lightsensor value:40, lcdValue:89
I/CallCard( 325): setPhotoImageDrawableuplicated drawable
D/CallNotifier( 325): ota =12
V/InCallScreen( 325): ota msg = 12
D/KeyguardUpdateMonitor( 222): handleCarrierInfoUpdate: plmn = Sprint, spn = null
I/HtcLockScreen( 222): onRefreshCarrierInfo
I/HtcLockScreen( 222): -----refreshCarrierInfo plmn=Sprint,spn=null, service=0
I/HtcLockScreen( 222): -----refreshViewsWhetherSimOk -----: READY
I/HtcLockScreen( 222): updateStatusViewByPriority, mIsSimCheckView = false, mIsBatteryInfo = false, mIsMusicPlaying = false, mIsAirPlaneMode = false
I/AudioService( 222): AudioFocus abandonAudioFocus() from AudioFocus_For_Phone_Ring_And_Calls
D/InCallScreen( 325): updateCdmaRoamingIcon()...
V/InCallScreen( 325): Cdma ROAMING_INDICATOR_OFF, removing ERI icon
D/WimaxService( 222): onReceive ACTION_PHONE_STATE_CHANGED state=IDLE
D/WimaxStateTracker( 222): handlePhoneIdle DDTM is not implemented
D/CallNotifier( 325): DISCONNECT
E/BluetoothHandsfree( 325): onCallDisconnected()D/BluetoothHandsfree( 325): audioOff(): mPendingSco: false, mScoSocket: , mA2dpState: 0, mA2dpSuspended: false
D/PhoneApp( 325): - clearOtaState ...
D/CallNotifier( 325): - onDisconnect: cause = LOCAL, incoming = true, date = 1298487528974
D/CallNotifier( 325): stopRing()... (onDisconnect)
D/PhoneApp( 325): pulse screen lock
D/PhoneApp( 325): updateWakeState: callscreen true, dialer false, speaker false...
D/PhoneApp( 325): updateWakeState: keepScreenOn = false (isRinging false, isDialing false
D/PhoneApp( 325): updateProximitySensorMode: releasing...
D/PhoneUtils( 325): setAudioMode(MODE_NORMAL)...
D/AudioService( 222): setMode = 0
D/AudioHardwareQSD( 175): Update TPA2018_SET_MODE to mode 1 success
D/AudioHardwareInterface( 175): setMode(NORMAL)
D/AudioPolicyManagerBase( 175): setPhoneState() state 0
I/AudioHardwareQSD( 175): Routing audio to Handset
D/AudioHardwareQSD( 175): Enable ALT for speaker
D/AudioHardwareQSD( 175): ALT batt temp = 301
D/AudioHardwareQSD( 175): Switching audio device to
D/AudioHardwareQSD( 175): Handset
D/NetworkLocationProvider( 222): onDataConnectionStateChanged 2
D/AudioHardwareQSD( 175): Voice Stopped!!
V/NotificationService( 222): dual Led off
E/lights ( 222): write ok string=0,len=1
E/lights ( 222): write ok string=0,len=1
E/lights ( 222): write ok string=0 0,len=3
E/lights ( 222): write ok string=0,len=1
E/lights ( 222): write ok string=0,len=1
E/lights ( 222): write ok string=0 0,len=3D/CallNotifier( 325): - getPresentation(): ignoring connection's presentation: 1
D/CallNotifier( 325): - getPresentation: presentation: 1
I/LSState ( 222): EventReceiver:android.intent.action.NOTIFICATION_REMOVE
D/WindowManager( 222): setShowKeyguard(false)
D/InCallScreen( 325): onDisconnect: incoming: true state: DISCONNECTED post dial state: NOT_STARTED, cause=LOCAL
D/InCallScreen( 325): onDisconnect clean latest caller info mCallerName: null mbHasPhoto: false
D/PhoneApp( 325): updateWakeState: callscreen true, dialer false, speaker false...
D/PhoneApp( 325): updateWakeState: keepScreenOn = false (isRinging false, isDialing false
D/AudioPolicyManagerBase( 175): startOutput() output 1, stream 0
D/end call( 325): user ID: 0
D/end call( 325): record number: 0
D/end call( 325): number: 9203497467
D/end call( 325): get end call
D/AudioHardwareQSD( 175): Enable ALT for speaker
D/AudioHardwareQSD( 175): ALT batt temp = 301
D/end call( 325): show end call
I/AlertDialog( 325): [onCreate] auto launch SIP.
D/AK8973 ( 180): Compass Start
D/Sensors ( 222): open_akm, fd=45
D/InCallScreen( 325): delayedCleanupAfterDisconnect()... Phone state = IDLE
D/BluetoothHandsfree( 325): updatePhoneState()
E/BluetoothHandsfree( 325): prevCdma state: IDLE, currCdma state: IDLE
E/BluetoothHandsfree( 325): cdma: callheld: 0D/BluetoothHandsfree( 325): cdmaSetSecondCallState: Setting mCdmaIsSecondCallActive to false
E/IncallScreen( 325): setPowerKeyFlag(false)...E/PhoneApp( 325): mStatusBarDisableCount is already zeroD/PhoneApp( 325): updateWakeState: callscreen false, dialer false, speaker false...
D/PhoneApp( 325): updateWakeState: keepScreenOn = false (isRinging false, isDialing false
E/NetworkStateTracker( 222): net.tcp.buffersize.evdo not found in system properties. Using defaults
V/NetworkStateTracker( 222): Setting TCP values: [4096,87380,110208,4096,16384,110208] which comes from [net.tcp.buffersize.default]
D/Tethering( 222): Tethering got CONNECTIVITY_ACTION
E/Tethering( 222): >>>>>connectivity changed<<<<<
E/Tethering( 222): type: mobile, connected: trueD/Tethering( 222): MasterInitialState.processMessage what=3
E/HierarchicalStateMachine( 222): TetherMaster - unhandledMessage: msg.what=3
D/UploadManager( 429): Action android.net.conn.CONNECTIVITY_CHANGE
ok sorry if thats to long. I just posted a snippet. so anyone here know what problems i need to fix? Should i just do a full wipe and re flash the rom?
Recovery, wipe dalvic and cache, reboot.
ok tried that and it didnt work. still not sleeping and getting the same errors in alogcat.

[Solved] Camera problem

Anyone have any issues with the camera app? Ever since I installed the cracked Skype apk my camera just shows a black screen. It happens on both the back and front cameras and in video mode. The hardware works though as I can review a pic taken and the video is fine its just not displaying in the camera app.
I uninstalled Skype wiped cache and dalvik but no change. When Skype was installed video calls worked just fine.
Any ideas?
Thanks, Matt.
Sent from my ADR6350 using XDA App
Which Rom? Which camera app?
nimdae said:
Which Rom? Which camera app?
Click to expand...
Click to collapse
Stock RMK Rom and stock camera app. I did recompile the stock HTC kernel to add TUN support, but that's it. I'll get a logcat later today.
Sent from my ADR6350 using XDA App
Not sure what caused this, but here is the logcat...at least I know the hardware is good.
Any ideas? Perhaps a different kernel? Not sure why this wouldn't work as its the stock HTC code.
Code:
07-17 12:20:40.772: WARN/HTCCamera(3506): !!!! @@@@ broadcastStopVoiceRecording() - start
07-17 12:20:40.782: WARN/HTCCamera(3506): !!!! @@@@ broadcastStopVoiceRecording() - end
07-17 12:20:40.782: WARN/HTCCamera(3506): OnResume - reset UI, immediately set mMainLayout invisible
07-17 12:20:40.792: WARN/########## HtcSettingsReceiver ##########(3506): 2011-07-17 12:20:40 793(ms) onReceive-start
07-17 12:20:40.802: DEBUG/AK8975(1356): Compass Start
07-17 12:20:40.802: WARN/HTCCamera(3506): Block Capture UI - onResume(), and unblock after start preview
07-17 12:20:40.802: WARN/HTCCamera(3506): onResume() - mFocusingState = NO_FOCUSING
07-17 12:20:40.802: WARN/HTCCamera(3506): keyguard is not shown !!!!!
07-17 12:20:40.802: WARN/HTCCamera(3506): OnResume - set mWaitResetSettings to true
07-17 12:20:40.802: WARN/HTCCamera(3506): onResume() - end
07-17 12:20:40.822: WARN/HTCCamera(3506): $$$$$$$$$$$$$$$$$$$$$$$$$$$$$ surfaceCreated [email protected]
07-17 12:20:40.822: WARN/HTCCamera(3506): $$$$$$$$$$$$$$$$$$$$$$$$$$$$$ surfaceCreated $$$$$$$$$$$$$$$$$$$$$$$$$$$ start preview
07-17 12:20:40.822: WARN/CameraThread(3506): CameraHandler Message - START_PREVIEW start mode0
07-17 12:20:40.822: DEBUG/CameraService(1349): CameraService::connect E (pid 3506, id 0), max 2
07-17 12:20:40.822: INFO/CameraService(1349): cameraId:0
07-17 12:20:40.822: INFO/CameraService(1349): 2D mode only
07-17 12:20:40.822: INFO/QualcommCameraHardware(1349): openCameraHardware: call createInstance
07-17 12:20:40.822: DEBUG/QualcommCameraHardware(1349): createInstance: E
07-17 12:20:40.822: DEBUG/QualcommCameraHardware(1349): Storing the current target type as 2
07-17 12:20:40.822: DEBUG/QualcommCameraHardware(1349): constructor EX
07-17 12:20:40.822: DEBUG/QualcommCameraHardware(1349): startCamera E
07-17 12:20:40.822: DEBUG/QualcommCameraHardware(1349): loading liboemcamera at 0xb000e680
07-17 12:20:40.822: WARN/HTCCamera(3506): $$$$$$$$$$$$$$$$$$$$$$$$$$$$$ surfaceChanged $$$$$$$$$$$$$$$$$$$$$$$$$$$ w=480 h=800
07-17 12:20:40.832: INFO/QualcommCameraHardware(1349): Set main cam
07-17 12:20:40.832: INFO/mm-camera(1349): set sensor selection :0
07-17 12:20:40.882: WARN/InputManagerService(1493): [unbindCurrentClientLocked] Disable input method client.
07-17 12:20:40.882: WARN/InputManagerService(1493): [startInputLocked] Enable input method client.
07-17 12:20:40.932: INFO/QualcommCameraHardware(1349): Open Device node : /dev/msm_camera/control1
07-17 12:20:40.932: INFO/mm-camera(1349): Open Device node : /dev/msm_camera/config1
07-17 12:20:40.952: INFO/mm-camera(1349): [AWB Calibration] from kernel: fuse_id: 0x0, 0x0, 0x4, 0xd776e
...
...
MSM_CAM_IOCTL_CONFIG_VFE failed...
...
...
07-17 12:20:41.632: ERROR/OverlayLIB(1349): overlay play failed.
07-17 12:20:41.632: ERROR/Overlay(1349): Queuebuffer failed for framebuffer 0
Looks like it was a kernel problem. I restored the original kernel and now the camera works just fine.
I am having problems with my camera as well. All I get is a black screen. How did you restore the kernel? I may want to give that a shot.
Thanks.
Sent from my ADR6350 using XDA App
mcfhsieh said:
I am having problems with my camera as well. All I get is a black screen. How did you restore the kernel? I may want to give that a shot.
Thanks.
Sent from my ADR6350 using XDA App
Click to expand...
Click to collapse
with a little research anything is achieveable..
Dev section
http://forum.xda-developers.com/showthread.php?t=1068236
or reflash the ROM
How were you able to take pics and vids if you were getting the black screen? Did you access the camera using another app?
Sent from my ADR6350 using XDA App
mcfhsieh said:
I am having problems with my camera as well. All I get is a black screen. How did you restore the kernel? I may want to give that a shot.
Thanks.
Sent from my ADR6350 using XDA App
Click to expand...
Click to collapse
Before I flashed my new kernel I made a backup of the stock kernel - this should ALWAYS be done when doing kernel development for an occasion just like this!
I backed up my kernel in recovery by doing
Code:
cat /dev/block/mmcblk0p22 > /sdcard/stock_kernel.img
In fact you need to do this in order to extract/repack the ramdisk image if you ever wanted to modify the init.rc, etc.
Restoring the stock image can be done in the bootloader with fastboot on your host machine:
Code:
fastboot flash boot /path/to/stock_kernel.img
In addition to backing up the stock kernel image from the boot partition I always backup the stock kernel modules in /system/lib/modules in case something goes wrong - usually its getting the wifi module to load.
--Matt.
mcfhsieh said:
How were you able to take pics and vids if you were getting the black screen? Did you access the camera using another app?
Sent from my ADR6350 using XDA App
Click to expand...
Click to collapse
The camera hardware still works, it seems there is just a problem with the overlay buffer getting displayed on the screen. In reality the image is still captured and stored correctly.
Thanks for the reply. I can't even see the camera button or anything. The only thing that comes up is the white camera logo when I first open the camera app. It's probably a hardware issue for me.
Sent from my ADR6350 using XDA App
Run a logcat to see what's up.
Sent from my ADR6350 using XDA App
This is what I got:
W/HTCCamera( 2700): onKeyDown - UI Block !!!
W/HTCCamera( 2700): onKeyDown - UI Block !!!
W/HTCCamera( 2700): onKeyDown - UI Block !!!
W/HTCCamera( 2700): onKeyDown - UI Block !!!
W/HTCCamera( 2700): onKeyDown - UI Block !!!
W/HTCCamera( 2700): onKeyDown - UI Block !!!
W/HTCCamera( 2700): onKeyDown - UI Block !!!
W/HTCCamera( 2700): onKeyDown - UI Block !!!
This is the first time running logcat. Dont know if I did it right.
Thanks,
There's got to be more...take a look at my logcat a few posts up...look for that kind of error.
You running a custom kernel?
Sent from my ADR6350 using XDA App
Here is some more logcat.
W/HTCCamera( 2602): onResume() - mFocusingState = NO_FOCUSING
W/HTCCamera( 2602): keyguard is not shown !!!!!
W/HTCCamera( 2602): OnResume - set mWaitResetSettings to true
W/HTCCamera( 2602): onResume() - end
W/HTCCamera( 2602): $$$$$$$$$$$$$$$$$$$$$$$$$$$$$ surfaceCreated $$$$$$$$$$$$$$$
[email protected]
W/HTCCamera( 2602): $$$$$$$$$$$$$$$$$$$$$$$$$$$$$ surfaceCreated $$$$$$$$$$$$$$$
$$$$$$$$$$$$ start preview
W/CameraThread( 2602): CameraHandler Message - START_PREVIEW start mode0
W/HTCCamera( 2602): $$$$$$$$$$$$$$$$$$$$$$$$$$$$$ surfaceChanged $$$$$$$$$$$$$$$
$$$$$$$$$$$$ w=480 h=800
D/CameraService( 1343): CameraService::connect E (pid 2602, id 0), max 2
I/ActivityManager( 1461): Displayed com.android.camera/.CameraEntry: +321ms
W/InputManagerService( 1461): [unbindCurrentClientLocked] Disable input method c
lient.
W/InputManagerService( 1461): [startInputLocked] Enable input method client.
W/KeyboardStateImpl( 1569): EditorInfo provided is null or not valid, defaulting
to dumb mode!
D/InputManagerService( 1461): Starting input on non-focused client com.android.i
[email protected] (uid=9999 pid=1599)
D/PowerManagerService( 1461): New lightsensor value:225, lcdValue:116
I/ScreenBrightnessWidget( 1599): GetCurrentSetting: nRet = 2
D/SurfaceFlinger( 1461): layer=0x83b168 is not in the purgatory list
D/AutoSetting( 1651): service - mRequestRunnable: screen on delay 10s, request N
LP now
D/AutoSetting( 1651): service - mHandler: request location update
V/LocationManagerService( 1461): requestLocationUpdates
V/LocationManagerService( 1461): requestLocationUpdatesLocked: updateProvidersLo
cked
D/LocationManagerService( 1461): [updateProvidersLocked]
D/skia ( 1671): purging 150K from font cache [17 entries]
D/dalvikvm( 1671): GC_EXPLICIT freed 196K, 47% free 3109K/5767K, external 0K/512
K, paused 70ms
D/PowerManagerService( 1461): New lightsensor value:160, lcdValue:83
D/PowerManagerService( 1461): lightSensorChangedLocked, buttonValue >= 0, mPower
State = 3
D/PowerManagerService( 1461): setPenMenuButtonLed: 2
V/DeviceStorageMonitorService( 1461): freeMemory=712622080
D/DeviceStorageMonitorService( 1461): OoO SMS Memory available. SMS_AVAILABLE_TH
RESHOLD == 524288
I/DeviceStorageMonitorService( 1461): Posting Message again
D/StatusBarPolicy( 1548): iconIndex=1
V/StatusBarPolicy( 1548): cdmaLevel:2;max:4
D/StatusBarPolicy( 1548): iconLevel:2
D/skia ( 1599): purging 218K from font cache [27 entries]
D/dalvikvm( 1599): GC_EXPLICIT freed 236K, 45% free 4336K/7879K, external 17026K
/19074K, paused 73ms
D/dalvikvm( 1761): GC_EXPLICIT freed 134K, 60% free 3482K/8647K, external 0K/0K,
paused 76ms
W/HTCCamera( 2602): Unknown orientation !!!
D/PowerManagerService( 1461): New lightsensor value:225, lcdValue:116
D/StatusBarPolicy( 1548): iconIndex=1
V/StatusBarPolicy( 1548): cdmaLevel:2;max:4
D/StatusBarPolicy( 1548): iconLevel:2
V/HtcAppUsageStats( 1461): handleMessage msg=1
W/HTCCamera( 2602): onPause() - start
I/ActivityManager( 1461): Starting activity: Intent { act=android.intent.action.
MAIN cat=[android.intent.category.HOME] flg=0x10200000 cmp=com.htc.launcher/.Lau
ncher } from pid 1461
W/HTCCamera( 2602): onPause() - mIsUIReady = false
W/HTCCamera( 2602): $$$$$$$$$$$$$$$$$$$$$$$$$$$$$ surfaceDestroyed $$$$$$$$$$$$$
$$$$$$$$$$$$$$
V/HtcAppUsageStats( 1461): (launch app, package): (HTC Sense, com.htc.launcher)
W/########## HtcSettingsReceiver ##########( 2602): 2011-07-23 11:28:38 183(ms)
onReceive-start
W/HTCCamera( 2602): onPause() - mFocusingState = NO_FOCUSING
W/HTCCamera( 2602): OnPause - set mWaitResetSettings to false
W/HTCCamera( 2602): releaseFaceDetection()
W/HTCCamera( 2602): onPause mIdle is false
W/HTCCamera( 2602): OnPause - Freeze UI !!!
D/SensorService( 1461): disable: get sensor name = BMA150 3-axis Accelerometer
D/Sensors ( 1461): Enable akm: en = 0
D/SensorService( 1461): pid=2602, uid=10103
W/HTCCamera( 2602): doOnPause() - start
W/HTCCamera( 2602): OnPause - hide UI, set mMainLayout invisible
W/HTCCamera( 2602): doOnPause() - end
W/HTCCamera( 2602): onPause() - end
I/CarouselTimeLog( 1599): onStart() finish: 1311434918234
D/CarouselDummyActivity( 1599): CarouselDummyActivity.onResume: tab_allapps
D/Background traffic light( 1599): traffic light: RED, mBackgroundTrafficLight =
true
D/William ( 1599): - refreshUsageStatCache -
W/InputManagerService( 1461): [unbindCurrentClientLocked] Disable input method c
lient.
W/InputManagerService( 1461): [startInputLocked] Enable input method client.
W/KeyboardStateImpl( 1569): EditorInfo provided is null or not valid, defaulting
to dumb mode!
W/HTCCamera( 2602): onStop() - start
W/HTCCamera( 2602): onStop() - end
D/AK8975 ( 1350): Compass CLOSE
D/BatteryService( 1461): SendIntentforPowersaver
D/WifiService( 1461): [smart wifi] mSmartWiFiStatus: 0 mBatteryLevel: 42 mWifiCo
nnected: true
D/WifiService( 1461): [smart wifi] ACTION_BATTERY_CHANGED pluggedType: 2
D/DATA ( 1575): tryEnableSuperPowerSaving: false, isPowerSavingOn: false, isM
obileDataOn: true, isScreenOn: true, mIsCharging: true
D/HtcCdmaPhoneApp( 1575): level 42 scale 100
I/Fumo ( 1911): mBatteryLevel:42
D/dalvikvm( 1911): GC_CONCURRENT freed 268K, 49% free 2876K/5575K, external 0K/0
K, paused 2ms+2ms
D/DEBUG ( 1599): updateCellLayoutCache(3.5555556, 3.5607476)
D/PowerManagerService( 1461): New lightsensor value:160, lcdValue:83
D/PowerManagerService( 1461): lightSensorChangedLocked, buttonValue >= 0, mPower
State = 3
D/PowerManagerService( 1461): setPenMenuButtonLed: 2
D/Background traffic light( 1599): traffic light: RED, mBackgroundTrafficLight =
false
I/ScreenBrightnessWidget( 1599): GetCurrentSetting: nRet = 0
D/DEBUG ( 1599): updateCellLayoutCache(3.5555556, 3.5607476)
V/HtcAppUsageStats( 1461): handleMessage msg=1
V/HtcAppUsageStats( 1461): (launch app, package): (Camera, com.android.camera)
I/ActivityManager( 1461): Starting activity: Intent { act=android.intent.action.
MAIN cat=[android.intent.category.LAUNCHER] flg=0x10200000 cmp=com.android.camer
a/.CameraEntry bnds=[0,234][117,352] } from pid 1599
D/Background traffic light( 1599): traffic light: GREEN, mBackgroundTrafficLight
= false
W/HTCCamera( 2602): onNewIntent: com.android.camera.CameraEntry
W/HTCCamera( 2602): need to do create, not to initate mode onNewIntent!!
W/HTCCamera( 2602): onRestart() - start
W/HTCCamera( 2602): onRestart() - end
W/HTCCamera( 2602): onStart() - start
W/HTCCamera( 2602): onStart() - end
W/HTCCamera( 2602): onResume() - start
W/HTCCamera( 2602): !!!! @@@@ broadcastStopVoiceRecording() - start
W/HTCCamera( 2602): !!!! @@@@ broadcastStopVoiceRecording() - end
D/SensorService( 1461): enable: get sensor name = BMA150 3-axis Accelerometer
D/Sensors ( 1461): Enable akm: en = 1
D/SensorService( 1461): pid=2602, uid=10103
W/HTCCamera( 2602): OnResume - reset UI, immediately set mMainLayout invisible
W/########## HtcSettingsReceiver ##########( 2602): 2011-07-23 11:28:45 532(ms)
onReceive-start
W/HTCCamera( 2602): Block Capture UI - onResume(), and unblock after start previ
ew
W/HTCCamera( 2602): onResume() - mFocusingState = NO_FOCUSING
W/HTCCamera( 2602): keyguard is not shown !!!!!
W/HTCCamera( 2602): OnResume - set mWaitResetSettings to true
D/AK8975 ( 1350): Compass Start
W/HTCCamera( 2602): onResume() - end
W/HTCCamera( 2602): $$$$$$$$$$$$$$$$$$$$$$$$$$$$$ surfaceCreated $$$$$$$$$$$$$$$
[email protected]
W/HTCCamera( 2602): $$$$$$$$$$$$$$$$$$$$$$$$$$$$$ surfaceCreated $$$$$$$$$$$$$$$
$$$$$$$$$$$$ start preview
W/HTCCamera( 2602): $$$$$$$$$$$$$$$$$$$$$$$$$$$$$ surfaceChanged $$$$$$$$$$$$$$$
$$$$$$$$$$$$ w=480 h=800
W/InputManagerService( 1461): [unbindCurrentClientLocked] Disable input method c
lient.
W/KeyboardStateImpl( 1569): EditorInfo provided is null or not valid, defaulting
to dumb mode!
W/InputManagerService( 1461): [startInputLocked] Enable input method client.
W/dalvikvm( 1599): disableGcForExternalAlloc: false
D/InputManagerService( 1461): Starting input on non-focused client com.android.i
[email protected] (uid=9999 pid=1599)
I/ScreenBrightnessWidget( 1599): GetCurrentSetting: nRet = 2
D/AppWidgetHostView( 1599): updateAppWidget mInfo = AppWidgetProviderInfo(provid
er=ComponentInfo{com.nullsoft.winamp/com.nullsoft.winamp.widget.PlaybackAppWidge
tProvider})
D/skia ( 1599): purging 172K from font cache [21 entries]
D/dalvikvm( 1599): GC_EXPLICIT freed 239K, 45% free 4335K/7879K, external 16986K
/19034K, paused 76ms
V/HtcAppUsageStats( 1461): handleMessage msg=1
W/HTCCamera( 2602): onPause() - start
W/HTCCamera( 2602): onPause() - mIsUIReady = false
W/HTCCamera( 2602): $$$$$$$$$$$$$$$$$$$$$$$$$$$$$ surfaceDestroyed $$$$$$$$$$$$$
$$$$$$$$$$$$$$
I/ActivityManager( 1461): Starting activity: Intent { act=android.intent.action.
MAIN cat=[android.intent.category.HOME] flg=0x10200000 cmp=com.htc.launcher/.Lau
ncher } from pid 1461
V/HtcAppUsageStats( 1461): (launch app, package): (HTC Sense, com.htc.launcher)
W/########## HtcSettingsReceiver ##########( 2602): 2011-07-23 11:28:58 200(ms)
onReceive-start
W/HTCCamera( 2602): onPause() - mFocusingState = NO_FOCUSING
W/HTCCamera( 2602): OnPause - set mWaitResetSettings to false
W/HTCCamera( 2602): releaseFaceDetection()
W/HTCCamera( 2602): onPause mIdle is false
W/HTCCamera( 2602): OnPause - Freeze UI !!!
D/SensorService( 1461): disable: get sensor name = BMA150 3-axis Accelerometer
D/Sensors ( 1461): Enable akm: en = 0
D/SensorService( 1461): pid=2602, uid=10103
W/HTCCamera( 2602): doOnPause() - start
W/HTCCamera( 2602): OnPause - hide UI, set mMainLayout invisible
W/HTCCamera( 2602): doOnPause() - end
W/HTCCamera( 2602): onPause() - end
I/CarouselTimeLog( 1599): onStart() finish: 1311434938265
D/CarouselDummyActivity( 1599): CarouselDummyActivity.onResume: tab_allapps
D/Background traffic light( 1599): traffic light: RED, mBackgroundTrafficLight =
true
D/William ( 1599): - refreshUsageStatCache -
W/InputManagerService( 1461): [unbindCurrentClientLocked] Disable input method c
lient.
W/KeyboardStateImpl( 1569): EditorInfo provided is null or not valid, defaulting
to dumb mode!
W/InputManagerService( 1461): [startInputLocked] Enable input method client.
W/HTCCamera( 2602): onStop() - start
W/HTCCamera( 2602): onStop() - end
D/AK8975 ( 1350): Compass CLOSE
D/DEBUG ( 1599): updateCellLayoutCache(3.5555556, 3.5607476)
D/PowerManagerService( 1461): New lightsensor value:225, lcdValue:116
D/Background traffic light( 1599): traffic light: GREEN, mBackgroundTrafficLight
= false
D/skia ( 2602): purging 6K from font cache [1 entries]
D/dalvikvm( 2602): GC_EXPLICIT freed 154K, 48% free 2857K/5447K, external 0K/512
K, paused 78ms
D/AutoSetting( 1651): service - mHandler: cancel location update
D/AutoSetting( 1651): service - changes count: 0
D/AutoSetting( 1651): service - notifyErrorMessage() send out error:2
D/AutoSetting( 1651): service - no change received, request a single u
pdate
V/LocationManagerService( 1461): requestLocationUpdates
V/LocationManagerService( 1461): requestLocationUpdatesLocked: updateProvidersLo
cked
D/LocationManagerService( 1461): [updateProvidersLocked]
V/DeviceStorageMonitorService( 1461): freeMemory=712622080
D/DeviceStorageMonitorService( 1461): OoO SMS Memory available. SMS_AVAILABLE_TH
RESHOLD == 524288
I/DeviceStorageMonitorService( 1461): Posting Message again
D/StatusBarPolicy( 1548): iconIndex=1
V/StatusBarPolicy( 1548): cdmaLevel:3;max:4
D/StatusBarPolicy( 1548): iconLevel:3
D/DEBUG ( 1599): updateCellLayoutCache(3.5555556, 3.5607476)
D/StatusBarPolicy( 1548): iconIndex=1
V/StatusBarPolicy( 1548): cdmaLevel:3;max:4
D/StatusBarPolicy( 1548): iconLevel:3
D/StatusBarPolicy( 1548): iconIndex=1
V/StatusBarPolicy( 1548): cdmaLevel:3;max:4
D/StatusBarPolicy( 1548): iconLevel:3
V/DeviceStorageMonitorService( 1461): freeMemory=712622080
D/DeviceStorageMonitorService( 1461): OoO SMS Memory available. SMS_AVAILABLE_TH
RESHOLD == 524288
I/DeviceStorageMonitorService( 1461): Posting Message again
D/StatusBarPolicy( 1548): iconIndex=1
V/StatusBarPolicy( 1548): cdmaLevel:2;max:4
D/StatusBarPolicy( 1548): iconLevel:2
D/dalvikvm( 1548): GC_CONCURRENT freed 336K, 47% free 3314K/6151K, external 2540
K/2753K, paused 6ms+3ms
D/ReaderManager( 2030): construct 0
D/ReaderManager( 2030): [ATS][com.htc.googlereader][bind_engine] start
D/ReaderManager( 2030): context package com.htc.googlereader
D/ReaderManager( 2030): bindResult=true
D/BackgroundService( 2030): onStartCommand()
D/BackgroundService( 2030): ClearImageThread start!
D/ReaderService( 2030): onCreate()
D/ReaderService( 2030): [ATS][com.htc.googlereader][start_engine]
D/ReaderService( 2030): onBind()
D/ReaderManager( 2030): onServiceConnected
D/ReaderManager( 2030): [ATS][com.htc.googlereader][bind_engine] connected
D/ReaderService( 2030): registerCallback
D/ReaderService( 2030): getRefreshTaskIDList
D/ReaderManager( 2030): flushPendingTask()
D/BackgroundService( 2030): clear image under path = /mnt/sdcard/.data/HtcGreade
r
D/BackgroundService( 2030): total image number = 0
D/BackgroundService( 2030): clear image under path = /mnt/sdcard/.data/HtcGreade
r/feedicon
D/BackgroundService( 2030): total image number = 0
D/BackgroundService( 2030): ClearImageThread stop!
D/BackgroundService( 2030): stopBackgroundTask taskType = 1
D/BackgroundService( 2030): onDestroy()
D/ReaderManager( 2030): release 1
D/ReaderService( 2030): unregisterCallback
D/ReaderService( 2030): onDestroy()
D/dalvikvm( 2030): GC_EXPLICIT freed 114K, 49% free 2789K/5379K, external 0K/0K,
paused 69ms
V/LocationManagerService( 1461): requestLocationUpdatesLocked: updateProvidersLo
cked
D/LocationManagerService( 1461): [updateProvidersLocked]
D/BatteryService( 1461): SendIntentforPowersaver
D/WifiService( 1461): [smart wifi] mSmartWiFiStatus: 0 mBatteryLevel: 43 mWifiCo
nnected: true
D/WifiService( 1461): [smart wifi] ACTION_BATTERY_CHANGED pluggedType: 2
D/DATA ( 1575): tryEnableSuperPowerSaving: false, isPowerSavingOn: false, isM
obileDataOn: true, isScreenOn: true, mIsCharging: true
D/HtcCdmaPhoneApp( 1575): level 43 scale 100
I/Fumo ( 1911): mBatteryLevel:43
D/dalvikvm( 2432): GC_EXPLICIT freed 22K, 48% free 2967K/5639K, external 0K/0K,
paused 58ms
D/dalvikvm( 2490): GC_EXPLICIT freed 100K, 47% free 2896K/5447K, external 0K/0K,
paused 69ms
D/DEBUG ( 1599): updateCellLayoutCache(3.5555556, 3.5607476)
D/StatusBarPolicy( 1548): iconIndex=1
V/StatusBarPolicy( 1548): cdmaLevel:3;max:4
D/StatusBarPolicy( 1548): iconLevel:3
V/DeviceStorageMonitorService( 1461): freeMemory=712622080
D/DeviceStorageMonitorService( 1461): OoO SMS Memory available. SMS_AVAILABLE_TH
RESHOLD == 524288
I/DeviceStorageMonitorService( 1461): Posting Message again
This problem was occuring before a flashed Gingersense. I am not running any custom kernels.

[Q]DHD couldnot get IP address via DHCP when using WIFI

I am porting a SAGA 2.3.5 Sense 3.0 ROM to DHD. but now a critical issue is troubling me. the phone couldnot get the IP address via DHCP. Here is the log. any one helps me analyse. Thanks a lots.
Ahlangwolf said:
I am porting a SAGA 2.3.5 Sense 3.0 ROM to DHD. but now a critical issue is troubling me. the phone couldnot get the IP address via DHCP. Here is the log. any one helps me analyse. Thanks a lots.
Click to expand...
Click to collapse
I/wpa_supplicant( 2387): Initial scan channel number: 13
V/BatteryStatsImpl( 1347): release partial wakelock, name=*network-location-cell-update*, pid=1505
V/AlarmManager( 1347): Adding Alarm{408fc388 type 2 com.google.android.location} 636428
V/LocationManagerService( 1347): SettingsObserver(update): updateProvidersLocked
D/LocationManagerService( 1347): [updateProvidersLocked]
V/Performance( 1428): >>[email protected] onChange
V/Performance( 1428): <<[email protected] onChange, 0ms
V/Performance( 1428): >>[email protected] onChange
V/Performance( 1428): <<[email protected] onChange, 0ms
V/Performance( 1347): >>[email protected] onReceive:Intent { act=android.net.wifi.WIFI_STATE_CHANGED flg=0x10000000 (has extras) }, tid=1367
V/Performance( 1347): <<[email protected] onReceive, 0ms
V/BatteryStatsImpl( 1347): release partial wakelock, name=WifiService, pid=1347
I/ClockWidget( 1480): onSettingChanged
D/AutoSetting( 1613): Util - isSetupWizardCompleted(): true
I/WifiHW ( 1347): Connect to Supplicant done
V/BatteryStatsImpl( 1347): hold partial wakelock, name=WifiService, pid=1347
V/BatteryStatsImpl( 1347): release partial wakelock, name=WifiService, pid=1347
V/BatteryStatsImpl( 1347): hold partial wakelock, name=WifiService, pid=1347
D/WifiService( 1347): enable and start wifi due to updateWifiState
V/BatteryStatsImpl( 1347): release partial wakelock, name=WifiService, pid=1347
I/keystore( 1242): uid: 1000 action: e -> 7 state: 2 -> 2 retry: 4
D/WifiStateTracker( 1347): resetSupplicantLoopState
V/WifiStateTracker( 1347): Connection to supplicant established, state=DISCONNECTED
V/Performance( 1597): <<[email protected] onReceive, 113ms
V/Performance( 1597): >>[email protected] onReceive:Intent { act=android.net.wifi.WIFI_STATE_CHANGED flg=0x10000000 (has extras) }, tid=1597
V/Performance( 1428): >>[email protected] onReceive:Intent { act=android.net.wifi.supplicant.CONNECTION_CHANGE (has extras) }, tid=1428
V/Performance( 1428): <<[email protected] onReceive, 0ms
V/Performance( 1597): <<[email protected] onReceive, 3ms
D/NetworkStateTracker( 1347): setDetailed state, old =DISCONNECTED and new state=DISCONNECTED
D/StatusBarPolicy( 1428): onReceive , action=android.net.wifi.supplicant.CONNECTION_CHANGE
I/wpa_supplicant( 2387): Rx Data Filter Add [0] command
I/wpa_supplicant( 2387): Rx Data Filter Add [3] command
V/Performance( 1597): >>[email protected] onReceive:Intent { act=android.net.wifi.WIFI_STATE_CHANGED flg=0x10000000 cmp=com.android.settings/.NSReceiver (has extras) }, tid=1597
I/wpa_supplicant( 2387): Rx Data Filter Add [4] command
I/keystore( 1242): uid: 1000 action: t -> 2 state: 2 -> 2 retry: 4
V/WifiStateTracker( 1347): KeyStore.LOCKED
D/NetSharing_NSReceiver( 1597): onReceive : android.net.wifi.WIFI_STATE_CHANGED
I/wpa_supplicant( 2387): DISABLE_80211X
I/wpa_supplicant( 2387): CTRL_IFACE: wpa_supplicant_ctrl_iface_disable_80211X
I/wpa_supplicant( 2387): set scan channel number: 13
D/NetSharing( 1597): wifi enabled change, state = true
V/Performance( 1597): <<[email protected] onReceive, 7ms
D/SurfaceFlinger( 1347): [DISP] removeAbnormalLayer
D/SurfaceFlinger( 1347): [DISP] layer 0x7d4f00(Layer, 1428) 1 2
V/Performance( 1597): >>[email protected] onReceive:Intent { act=android.net.wifi.supplicant.CONNECTION_CHANGE (has extras) }, tid=1597
V/Performance( 1597): <<[email protected] onReceive, 12ms
V/Performance( 1597): >>[email protected] onReceive:Intent { act=android.net.wifi.WIFI_STATE_CHANGED flg=0x10000000 cmp=com.android.settings/.widget.SettingsAppWidgetProvider (has extras) }, tid=1597
V/Performance( 1597): <<[email protected] onReceive, 8ms
D/AutoSetting( 1613): Util - mobile data connected
D/AutoSetting( 1613): service - processLocationBundle() get bundle's address
D/AutoSetting( 1613): service - AddressCache: found address in 500.0m
D/AutoSetting( 1613): service - processLocationBundle() compare city name
D/AutoSetting( 1613): service - processLocationBundle() get bundle's locale address
D/AutoSetting( 1613): service - AddressCache: found address in 500.0m
D/AutoSetting( 1613): service - processLocationBundle() set info complete
D/AutoSetting( 1613): service - processLocationBundle() get bundle's timezone id
D/AutoSetting( 1613): service - LocationBundle: getTimeZone() search timezone by name: beijing, country: china
D/Provider( 1613): [WeatherProvider] query, uri: content://com.htc.provider.weather/locationlist/lang/0409WWE, selection: name like 'beijing' AND country like 'china'
D/AutoSetting( 1613): service - LocationBundle: getTimeZone() timezone found
D/AutoSetting( 1613): service - LocationBundle: getTimeZone() TimeZoneID: Asia/Hong_Kong, TimeZone:-480
D/AutoSetting( 1613): service - processLocationBundle() process finished
D/AutoSetting( 1613): service - handleMessage() process successful, send out updated city
D/AutoSetting( 1613): service - saveAndNotify() save bundle as current, complete info: true
D/AutoSetting( 1613): service - notifyWeatherProvider() send current location notify intent, name: 北京市, state: 北京市, country: 中国, tzid: Asia/Hong_Kong
D/Provider( 1613): [WeatherProvider] delete, uri: content://com.htc.provider.weather/location, where: app='com.htc.htclocationservice'
V/Performance( 1613): >>[email protected] onReceive:Intent { act=com.htc.htclocationservice.currentlocation.updated cmp=com.htc.sync.provider.weather/.Receiver }, tid=1613
V/Performance( 1613): <<[email protected] onReceive, 1ms
I/WSP ( 1613): [Receiver] EVENT - CURRENT LOCATION CHANGED
D/WSPPUtility( 1613): EVENT - REQUEST, req: 1__
D/Provider( 1613): [WeatherProvider] query, uri: content://com.htc.provider.weather/location, selection: app='com.htc.htclocationservice'
D/AutoSetting( 1613): service - processTimeZoneID() TimeZoneID: Asia/Hong_Kong
D/AutoSetting( 1613): service - setSystemTimeZoneID() TimeZoneID is not changed, current: Asia/Hong_Kong
D/AutoSetting( 1613): service - handleMessage() remove all retry messages
I/wpa_supplicant( 2387): CTRL-EVENT-STATE-CHANGE id=-1 state=2 BSSID=00:00:00:00:00:00
V/WifiMonitor( 1347): Event [CTRL-EVENT-STATE-CHANGE id=-1 state=2 BSSID=00:00:00:00:00:00]
V/WifiStateTracker( 1347): Changing supplicant state: DISCONNECTED ==> SCANNING
I/wpa_supplicant( 2387): Trying to get current scan results first without requesting a new scan to speed up initial association
I/wpa_supplicant( 2387): wpa_supplicant_get_scan_results:return scan results2
I/wpa_supplicant( 2387): AP:ssid[sunlinlin],rssi[-85],BSSID=d8:5d:4c:39:19:6c
I/wpa_supplicant( 2387): AP:ssid[Microsoft],rssi[-67],BSSID=00:13:7f:ba:ec:00
I/wpa_supplicant( 2387): Received 408 bytes of scan results (2 BSSes)
I/wpa_supplicant( 2387): wpa_driver_wext_get_scan_results---
W/wpa_supplicant( 2387): [EAP-MSG] EAP [email protected]: eap_methods not available
I/wpa_supplicant( 2387): Trying to associate with 00:13:7f:ba:ec:00 (SSID='Microsoft' freq=2437 MHz)
D/NetworkStateTracker( 1347): setDetailed state, old =DISCONNECTED and new state=SCANNING
V/WifiStateTracker( 1347): setScanResultHandling mWifiState = 3 , isDriverStopped = false
V/Performance( 1597): >>[email protected] onReceive:Intent { act=android.net.wifi.supplicant.STATE_CHANGE flg=0x30000000 (has extras) }, tid=1597
V/Performance( 1597): <<[email protected] onReceive, 1ms
