[Q] Please help on logcat Mms.apk send and receive metropcs - EVO 4G Q&A, Help & Troubleshooting

Hi i know this has been discussed before but can anyone take a couple of minutes to look at my log and point me in some direction since i can not make heads or tails of it. First, I have an evo flashed to metropcs carrier. The evo has a stock sprint rom with internet,gps,market(DL & install),sms, and voice calls working EXCEPT MMS,. Now, i installed a apktool to my windows 7 64bit powered laptop and decompiled the Mms.apk but not getting a smali folder. So I get ahold of an incredibles Mms.apk and decompile that and do get a smali folder. I decompiled because they told me to change the httputil.smali file X-MDN to the metropcs X-MDN. So I skipped that but did manage to get a log using logcat from when the phone tries to send and receive, so they are below. I know there are roms to make everything working but don want to flash to another rom, i was just wondering if i could get the stock one working since everything on is, except mms thanks for any and all help!!:
(i know its long sorry just didnt know which parts are important so i just copied everything)
When sending mms:
Code:
D/Jerry ( 552): Connection_startMmsConnectivity() >>0
D/ComposeMessageActivity( 552): ComposeMessageActivity onPause <<<<
W/IInputConnectionWrapper( 552): finishComposingText on inactive InputConnectio
n
W/IInputConnectionWrapper( 552): finishComposingText on inactive InputConnectio
n
D/ConversationList( 552): ContentObserver:onChange foreground> false
V/MmsSystemEventReceiver( 552): Intent received: Intent { act=android.intent.ac
tion.CONTENT_CHANGED cmp=com.android.mms/.transaction.MmsSystemEventReceiver (ha
s extras) }
V/MmsSystemEventReceiver( 552): INVALIDATED_CONTENTS:mms cache update: 5
D/ComposeMessageActivity( 552): updateTemporarySmsMessage thread_id> 62
D/ConnectivityService( 104): special network already active
D/ComposeMessageActivity( 552): mIsFromDraft> false, mMsgType> null, mMsgId> 0
D/ComposeMessageActivity( 552): deleteTemporarySmsMessage> 62
D/ComposeMessageActivity( 552): onCreate Start, savedInstanceState:null
D/ComposeMessageActivity( 552): requestWindowFeature
D/ComposeMessageActivity( 552): thread_id: 62
D/SmsProvider( 212): delete url=content://sms, match=0
D/SmsProvider( 212): where= thread_id=62 AND type=3
D/ComposeMessageActivity( 552): mHtcThreadId: 0
D/ComposeMessageActivity( 552): mComposeMode: false
D/ComposeMessageActivity( 552): mContactId: -1
V/MessageTextEditor( 552): Nli: -1
D/ComposeMessageActivity( 552): setContentView(R.layout.detail_thread_view)
D/ComposeMessageActivity( 552): onCreate End
D/ComposeMessageActivity( 552): onResume
D/Jerry ( 552): removeNotificationByID >62, -1
D/ComposeMessageActivity( 552): initFocus: false
W/IInputConnectionWrapper( 552): finishComposingText on inactive InputConnectio
n
D/Jerry ( 552): ComposeMessageActivity mCategory >[General]
D/ComposeMessageActivity( 552): initActivityState: null, Intent { cmp=com.andro
id.mms/.ui.ComposeMessageActivity (has extras) }
I/ActivityManager( 104): Displayed activity com.android.mms/.ui.ComposeMessageA
ctivity: 639 ms (total 639 ms)
D/MessageTextEditor( 552): setTextCounter:SmsMode> true
D/Jerry ( 552): new mMessageBodyEditor
D/RecipientList( 552): getRecipientListFromArray>
D/ComposeMessageActivity( 552): initialize sms body
D/ComposeMessageActivity( 552): initMessageList: false
D/ComposeMessageActivity( 552): getThreadType: get mbroadcastType> 0
V/ComposeMessageActivity( 552): onCreate(): savedInstanceState = null
V/ComposeMessageActivity( 552): onCreate(): intent = Intent { cmp=com.android.m
ms/.ui.ComposeMessageActivity (has extras) }
V/ComposeMessageActivity( 552): onCreate(): mThreadId = 62
V/ComposeMessageActivity( 552): onCreate(): mMessageUri = null
D/ComposeMessageActivity( 552): -----------------mMessageUri:null
D/ComposeMessageActivity( 552): handleSendIntent> type: null
D/Jerry ( 552): removeNotificationByID >62, -1
V/MmsProvider( 212): Query uri=content://mms/drafts, match=6
D/ComposeMessageActivity( 552): get the ContactNameCache
D/ComposeMessageActivity( 552): htcThreadid> 0, threadId> 62
D/Jerry ( 552): getThreadUri >content://mms-sms/conversations/62?category=0
D/ComposeMessageActivity( 552): initFocus: false
D/ComposeMessageActivity( 552): -----------------onQueryComplete
D/ComposeMessageActivity( 552): readTemporarySmsMessage. thread_id> 62
D/ComposeMessageActivity( 552): dataSet onChange.
D/MessageListView( 552): resetPanelView:
D/Jerry ( 552): complete >[email protected]
470e5c98, [email protected]
I/AudioHardwareQSD( 65): AudioHardware pcm playback is going to standby.
D/StreamProcess( 65): OutputStreamProcess::ResetAOLC()
D/MediaModelFactory( 552): ---------------contentType: image/jpeg
D/MediaModelFactory( 552): ---------------mediaName: download_feel_inside.jpg
D/MediaModelFactory( 552): ---------------check MIME: image/jpeg
V/MmsProvider( 212): Query uri=content://mms/part/6, match=12
V/MmsProvider( 212): Query uri=content://mms/part/6, match=12
D/UriImage( 552): ---------mContentType: image/jpeg
V/MmsProvider( 212): Query uri=content://mms/part/6, match=12
D/MessageListAdapter( 552): ------------------------------------------> Message
Cache size: 1
D/MultimediaMessage( 552): ------------isPending:mBoxId: 4
D/MessageUtils( 552): loadThumbnailBitmap: content://mms/part/6
V/MmsProvider( 212): Query uri=content://mms/part/6, match=12
V/MmsProvider( 212): Query uri=content://mms/part/6, match=12
V/MmsProvider( 212): Query uri=content://mms/part/6, match=12
D/MessageUtils( 552): Create message thumbnail cache file: /data/data/com.andro
id.mms/cache/PART_1294965732728
I/MessageListView( 552): dispatchDraw relayout
D/ComposeMessageActivity( 552): onStop:
D/ComposeMessageActivity( 552): onDestroy:
D/MessageTextEditor( 552): setTextCounter:SmsMode> false
D/MobileDataStateTracker( 104): Requested host route to 402df0a for mms(rmnet0)
D/MobileDataStateTracker( 104): IP: 10.223.2.4 is existed in RU already!
V/HttpUtils( 552): httpConnection: params list
V/HttpUtils( 552): token = 0
V/HttpUtils( 552): url = http://mms.metropcs.net:3128/mmsc
V/HttpUtils( 552): method = POST
V/HttpUtils( 552): isProxySet = true
V/HttpUtils( 552): proxyHost = proxy.metropcs.net
V/HttpUtils( 552): proxyPort = 3128
D/HttpUtils( 552): ---------------------> sleep 5 secs before http connection:
73091
I/BatteryStatsImpl( 104): notePhoneSignalStrengthLocked: 2->1
D/Jerry ( 552): removeNotificationByID >62, -1
D/HttpUtils( 552): done, sleep 5 secs: 73096
D/dalvikvm( 300): GC_FOR_MALLOC freed 4400 objects / 369616 bytes in 79ms
V/HttpUtils( 552): key=value, value=Mozilla/5.0 (Linux; U; Android 1.5; en-us;
Sprint APA9292KT) AppleWebKit/528.5+ (KHTML, like Gecko) Version/3.1.2 Mobile Sa
fari/525.20.1
D/HttpUtils( 552): [HttpUtils] createHttpClient w/ socket timeout 60000 ms, , U
A=Mozilla/5.0 (Linux; U; Android 1.5; en-us; Sprint APA9292KT) AppleWebKit/528.5
+ (KHTML, like Gecko) Version/3.1.2 Mobile Safari/525.20.1
D/HttpUtils( 552): CID: SPCS_001
V/HTC-DSA-SystemProperties( 552): SystemProperties - Caller: [com.android.mms]
V/HTC-DSA-ConnectionManager( 552): platform pass[com.android.mms]
V/SecurityManager( 552): Pid:552, Uid:10096
E/SecurityManager( 552): checkPermission():-1
V/HTC-DSA-SystemProperties( 552): ****** require SYSTEMPROPERTIES permission-ge
tString!!******
D/Jerry ( 552): ori_NAI >null
V/SecurityManager( 552): Pid:552, Uid:10096
E/SecurityManager( 552): checkPermission():-1
V/HTC-DSA-SystemProperties( 552): ****** require SYSTEMPROPERTIES permission-ge
tString!!******
D/Jerry ( 552): NAI >null:pcs
D/Jerry ( 552): Base64_NAI >bnVsbDpwY3M=
V/HttpUtils( 552): key=value, value=http://device.sprintpcs.com/HTC/APA9292KT/3
256511.rdf
I/BatteryStatsImpl( 104): notePhoneSignalStrengthLocked: 1->2
D/dalvikvm( 599): GC_FOR_MALLOC freed 8307 objects / 523632 bytes in 54ms
D/dalvikvm( 649): GC_EXPLICIT freed 3209 objects / 227552 bytes in 72ms
D/dalvikvm( 660): GC_EXPLICIT freed 450 objects / 27760 bytes in 69ms
D/Jerry ( 552): status >HTTP/1.1 200 OK
V/MmsProvider( 212): Update uri=content://mms/5, match=1
V/MmsProvider( 212): Update values=resp_st=227
V/MmsProvider( 212): Broadcasting intent: Intent { act=android.intent.action.CO
NTENT_CHANGED (has extras) }
V/MmsSystemEventReceiver( 552): Intent received: Intent { act=android.intent.ac
tion.CONTENT_CHANGED cmp=com.android.mms/.transaction.MmsSystemEventReceiver (ha
s extras) }
V/MmsSystemEventReceiver( 552): INVALIDATED_CONTENTS:mms cache update: 5
D/ConversationList( 552): ContentObserver:onChange foreground> false
D/MessageListAdapter( 552): onContentChanged, do async requery
D/SendTransaction( 552): !!Send MMS fail!! reason=227
D/Jerry ( 552): code >268501219
V/SendTransaction( 552): Unexpected MmsException
V/SendTransaction( 552): com.google.android.mms.MmsException: Server returns an
error code: 227
V/SendTransaction( 552): at com.android.mms.transaction.SendTransaction.p
rocess(SendTransaction.java:170)
V/SendTransaction( 552): at com.android.mms.transaction.Scheduler$1.run(S
cheduler.java:127)
V/SendTransaction( 552): at android.os.Handler.handleCallback(Handler.jav
a:587)
V/SendTransaction( 552): at android.os.Handler.dispatchMessage(Handler.ja
va:92)
V/SendTransaction( 552): at android.os.Looper.loop(Looper.java:144)
V/SendTransaction( 552): at android.os.HandlerThread.run(HandlerThread.ja
va:60)
D/Jerry ( 552): here 2
E/SendTransaction( 552): Delivery failed.
V/TransactionService( 552): 4-Handling incoming message: { what=1214 when=28402
877 obj=com.android.mms.transaction.SendTransaction: serviceId=10 }
V/TransactionService( 552): Transaction failed: 10
D/Scheduler( 552): release wake lock
D/ConversationList( 552): ContentObserver:onChange foreground> false
D/MessageListAdapter( 552): onContentChanged, the previous requery is still run
ning, don't do async requery
V/TransactionService( 552): Transaction failure notified: content://mms/5
W/TransactionService( 552): what=1214
I/MediaPlayer( 104): MediaPlayer
D/MediaPlayer( 104): hasHDMIPermission: 0
E/MediaPlayer( 104): hdmi_setting not found!
D/MediaPlayer( 104): getHDMIResolution: 00
I/MediaPlayer( 104): MediaPlayer setDataSource(context, uri)
I/MediaPlayer( 104): MediaPlayer setDataSource(context, uri,headers)
I/LSState ( 104): EventReceiver:android.intent.action.NOTIFICATION_ADD
V/MediaPlayerService( 65): Client(131) constructor
V/MediaPlayerService( 65): Create new client(131) from pid 104, fd=13, offset=
0, length=576460752303423487
V/MediaPlayerService( 65): setDataSource fd=13, offset=0, length=5764607523034
23487
V/MediaPlayerService( 65): st_dev = 7940
V/MediaPlayerService( 65): st_mode = 33188
V/MediaPlayerService( 65): st_uid = 0
V/MediaPlayerService( 65): st_gid = 0
V/MediaPlayerService( 65): st_size = 7108
V/MediaPlayerService( 65): calculated length = 7108
V/AudioCache( 65): We only support url check function now.
V/AudioCache( 65): isQCPFileFormat() url=(null)
I/ ( 65): Has ID3 info, size = 1024
V/MediaPlayerService( 65): player type = 4
D/MediaPlayerService( 65): player type = STAGEFRIGHT_PLAYER
V/MediaPlayerService( 65): create StagefrightPlayer
D/MessageListAdapter( 552): onQueryComplete, isRequeryNeeded = true, call onCon
tentChanged() to start async requery.
D/AwesomePlayer( 65): [U5B] reset (383)
D/AwesomePlayer( 65): [U5B] reset_l (389)
D/AwesomePlayer( 65): [U5B] reset_l (479)
D/AwesomePlayer( 65): [U5B] setDataSource (320)
D/AwesomePlayer( 65): [U5B] reset_l (389)
D/AwesomePlayer( 65): [U5B] reset_l (479)
D/AwesomePlayer( 65): [U5B] setDataSource_l (340)
D/MediaExtractor( 65): [U5B] Create (47)
V/MediaExtractor( 65): Autodetected media content as 'audio/mpeg' with confide
nce 0.30
D/AwesomePlayer( 65): [U5B] setDataSource_l (351)
V/MediaPlayerService( 65): [131] setLooping(0)
V/MediaPlayerService( 65): [131] setAudioStreamType(5)
V/MediaPlayerService( 65): [131] prepareAsync
V/MediaPlayerService( 65): [131] notify (0x354f8, 5, 0, 0)
D/MessageListAdapter( 552): onContentChanged, do async requery
V/MediaPlayerService( 65): [131] notify (0x354f8, 1, 0, 0)
I/AudioService( 104): AudioFocus requestAudioFocus() from android.media.Audio
[email protected]
I/MediaPlayer( 104): MediaPlayer start()
I/MediaPlayer( 104): MediaPlayer invoke()
I/StagefrightPlayer( 65): invoke HDMI resoluion= 0
D/AwesomePlayer( 65): setHDMIResolution+
D/AwesomePlayer( 65): mVideoRenderer is null
D/AwesomePlayer( 65): setHDMIResolution-
D/MediaPlayer( 104): setHDMIResolution: 0 0
V/MediaPlayerService( 65): [131] setLooping(0)
V/MediaPlayerService( 65): [131] setVolume(1.000000, 1.000000)
V/AudioSink( 65): setVolume(1.000000, 1.000000)
V/MediaPlayerService( 65): [131] start
D/AwesomePlayer( 65): [U5B] play (557)
D/AwesomePlayer( 65): [U5B] play_l (563)
V/AudioSink( 65): open(44100, 1, 1, 4)
V/AudioSink( 65): setVolume
V/AudioSink( 65): start
D/AudioPolicyManagerBase( 65): startOutput() output 1, stream 5
D/AudioHardwareQSD( 65): Enable ALT for speaker
D/AudioHardwareQSD( 65): ALT batt temp = 324
D/AwesomePlayer( 65): [U5B] play_l (636)
I/MediaPlayer( 104): MediaPlayer handleMessage what=5
I/MediaPlayer( 104): MediaPlayer handleMessage what=1
D/ComposeMessageActivity( 552): dataSet onChange.
D/Jerry ( 552): complete >[email protected]
47199c90, [email protected]
D/MediaModelFactory( 552): ---------------contentType: image/jpeg
D/MediaModelFactory( 552): ---------------mediaName: download_feel_inside.jpg
D/MediaModelFactory( 552): ---------------check MIME: image/jpeg
V/MmsProvider( 212): Query uri=content://mms/part/6, match=12
I/AudioHardwareQSD( 65): AUDIO_START: start kernel pcm_out driver.
W/AudioFlinger( 65): write blocked for 177 msecs, 193 delayed writes, thread 0
x15570
V/MmsProvider( 212): Query uri=content://mms/part/6, match=12
D/UriImage( 552): ---------mContentType: image/jpeg
V/MmsProvider( 212): Query uri=content://mms/part/6, match=12
D/dalvikvm( 552): GC_FOR_MALLOC freed 3812 objects / 408960 bytes in 72ms
D/MessageListAdapter( 552): ------------------------------------------> Message
Cache size: 1
D/MultimediaMessage( 552): ------------isPending:mBoxId: 4
D/MessageUtils( 552): loadThumbnailBitmap: content://mms/part/6
V/MmsProvider( 212): Query uri=content://mms/part/6, match=12
E/MP3Extractor( 65): Unable to resync. Signalling end of stream.
V/MediaPlayerService( 65): [131] notify (0x354f8, 2, 0, 0)
D/AwesomePlayer( 65): [U5B] pause_l (712)
V/AudioSink( 65): pause
I/MediaPlayer( 104): MediaPlayer handleMessage what=2
I/AudioService( 104): AudioFocus abandonAudioFocus() from android.media.Audio
[email protected]
D/Jerry ( 552): removeNotificationByID >62, -1
I/AudioHardwareQSD( 65): AudioHardware pcm playback is going to standby.
D/StreamProcess( 65): OutputStreamProcess::ResetAOLC()
D/dalvikvm( 300): GC_EXPLICIT freed 2773 objects / 153816 bytes in 78ms

When receiving...
Logcat
When Receiving mms:
Code:
D/Goven ( 552): RetrieveTransaction/get cursor string is: http://mmsg.metropc
s.net:3128/mmsc?location=19512544230_0qwiyj&rid=027
V/RetrieveTransaction( 552): X-Mms-Content-Location: http://mmsg.metropcs.net:3
128/mmsc?location=19512544230_0qwiyj&rid=027
D/Jerry ( 552): mScheme >content
V/MmsProvider( 212): Query uri=content://mms/4, match=1
D/Jerry ( 552): retrieveTransaction server URI >http://mmsg.metropcs.net:3128
/mmsc?location=19512544230_0qwiyj&rid=027
D/Scheduler( 552): acquire wake lock
V/MmsProvider( 212): Update uri=content://mms/4, match=1
V/MmsProvider( 212): Update values=st=129
V/TransactionService( 552): 4-Handling incoming message: { what=1213 when=29375
150 obj=com.android.mms.transaction.RetrieveTransaction: serviceId=12 }
W/TransactionService( 552): what=1213
V/MmsProvider( 212): Broadcasting intent: Intent { act=android.intent.action.CO
NTENT_CHANGED (has extras) }
D/ConversationList( 552): ContentObserver:onChange foreground> false
D/MessageListAdapter( 552): onContentChanged, do async requery
D/Connection( 552): NetworkInfo: NetworkInfo: type: mobile_mms[CDMA - 1xRTT], s
tate: CONNECTED/CONNECTED, reason: (unspecified), extra: (none), roaming: false,
failover: false, isAvailable: true, if: rmnet0
D/Jerry ( 552): Connection_startMmsConnectivity() >>0
D/Goven ( 552): getPdu requestConnection -- ready
D/MobileDataStateTracker( 104): Requested host route to 402df0a for mms(rmnet0)
D/MobileDataStateTracker( 104): IP: 10.223.2.4 is existed in RU already!
V/HttpUtils( 552): httpConnection: params list
V/HttpUtils( 552): token = -1
V/HttpUtils( 552): url = http://mmsg.metropcs.net:3128/mmsc?loc
ation=19512544230_0qwiyj&rid=027
V/HttpUtils( 552): method = GET
V/HttpUtils( 552): isProxySet = true
V/HttpUtils( 552): proxyHost = proxy.metropcs.net
V/HttpUtils( 552): proxyPort = 3128
D/HttpUtils( 552): ---------------------> sleep 5 secs before http connection:
74091
D/ConnectivityService( 104): startUsingNetworkFeature for net 0: enableMMS by 5
52/10096
D/ConnectivityService( 104): Disconnect in 420000ms
D/ConnectivityService( 104): adding dns 10.221.15.54 for mobile
D/ConnectivityService( 104): adding dns 10.221.15.55 for mobile
D/ConnectivityService( 104): special network already active
V/MmsSystemEventReceiver( 552): Intent received: Intent { act=android.intent.ac
tion.CONTENT_CHANGED cmp=com.android.mms/.transaction.MmsSystemEventReceiver (ha
s extras) }
V/MmsSystemEventReceiver( 552): INVALIDATED_CONTENTS:mms cache update: 4
I/AudioHardwareQSD( 65): AUDIO_START: start kernel pcm_out driver.
W/AudioFlinger( 65): write blocked for 181 msecs, 225 delayed writes, thread 0
x15570
D/ComposeMessageActivity( 552): dataSet onChange.
D/Jerry ( 552): complete >[email protected]
47363388, [email protected]
D/MessageListAdapter( 552): ------------------------------------------> Message
Cache size: 1
D/ContactNameCache( 552): Contactname cache Process invalid
D/ContactNameCache( 552): MEPHOTO QUERY
D/MessageListAdapter( 552): ------------------------------------------> Message
Cache size: 2
D/MessageListAdapter( 552): ------------------------------------------> Message
Cache size: 3
V/MmsProvider( 212): Query uri=content://mms/4, match=1
D/MessageListAdapter( 552): ------------------------------------------> Message
Cache size: 4
D/ContactNameCache( 552): NAMECACHE MULTIPLE QUERY
I/ContactNameCache( 552): cache invalidate.
D/MessageListAdapter( 552): ------------------------------------------> Message
Cache size: 5
D/MessageListAdapter( 552): ------------------------------------------> Message
Cache size: 6
D/MessageListAdapter( 552): ------------------------------------------> Message
Cache size: 7
D/dalvikvm( 552): GC_EXPLICIT freed 14148 objects / 719792 bytes in 55ms
D/dalvikvm( 217): GC_FOR_MALLOC freed 8179 objects / 747512 bytes in 48ms
D/AllMessageListActivity( 552): onConatctInfoChange>
D/ComposeMessageActivity( 552): onConatctInfoChange
D/RecipientList( 552): mFilterHandler not null
D/RecipientList( 552): get recipient: 0
D/RecipientList( 552): r.name: 951xxxxxxx (intentionally x the recipient #)
D/RecipientList( 552): r.filter() return result
D/RecipientList( 552): indexOf(r)0
D/ComposeMessageActivity( 552): refreshList ok
V/MmsProvider( 212): Query uri=content://mms/4, match=1
D/ComposeMessageActivity( 552): MSG_UPDATE_RECIPIENT_UI
I/AudioHardwareQSD( 65): AudioHardware pcm playback is going to standby.
D/StreamProcess( 65): OutputStreamProcess::ResetAOLC()
D/Jerry ( 552): removeNotificationByID >69, -1
D/HttpUtils( 552): done, sleep 5 secs: 74096
D/dalvikvm( 104): GC_EXPLICIT freed 16152 objects / 691240 bytes in 126ms
V/HttpUtils( 552): key=value, value=Mozilla/5.0 (Linux; U; Android 1.5; en-us;
Sprint APA9292KT) AppleWebKit/528.5+ (KHTML, like Gecko) Version/3.1.2 Mobile Sa
fari/525.20.1
D/HttpUtils( 552): [HttpUtils] createHttpClient w/ socket timeout 60000 ms, , U
A=Mozilla/5.0 (Linux; U; Android 1.5; en-us; Sprint APA9292KT) AppleWebKit/528.5
+ (KHTML, like Gecko) Version/3.1.2 Mobile Safari/525.20.1
D/HttpUtils( 552): CID: SPCS_001
V/HTC-DSA-SystemProperties( 552): SystemProperties - Caller: [com.android.mms]
V/HTC-DSA-ConnectionManager( 552): platform pass[com.android.mms]
V/SecurityManager( 552): Pid:552, Uid:10096
E/SecurityManager( 552): checkPermission():-1
V/HTC-DSA-SystemProperties( 552): ****** require SYSTEMPROPERTIES permission-ge
tString!!******
D/Jerry ( 552): ori_NAI >null
V/SecurityManager( 552): Pid:552, Uid:10096
E/SecurityManager( 552): checkPermission():-1
V/HTC-DSA-SystemProperties( 552): ****** require SYSTEMPROPERTIES permission-ge
tString!!******
D/Jerry ( 552): NAI >null:pcs
D/Jerry ( 552): Base64_NAI >bnVsbDpwY3M=
V/HttpUtils( 552): key=value, value=http://device.sprintpcs.com/HTC/APA9292KT/3
256511.rdf
I/BatteryStatsImpl( 104): notePhoneSignalStrengthLocked: 2->3
I/BatteryStatsImpl( 104): notePhoneSignalStrengthLocked: 3->2
W/DefaultRequestDirector( 552): Authentication error: Unable to respond to any
of these challenges: {}
D/Jerry ( 552): status >HTTP/1.1 401 Unauthorized
D/Jerry ( 552): status.getStatusCode() >401
E/HttpUtils( 552): Catched unexcepted http-error exception
E/HttpUtils( 552): com.htc.messaging.util.HtcHttpTransportError: HTTP error: Un
authorized
E/HttpUtils( 552): at com.android.mms.transport.HttpUtils.httpConnection(Ht
tpUtils.java:304)
E/HttpUtils( 552): at com.android.mms.transport.HttpTransport.retrieve(Http
Transport.java:50)
E/HttpUtils( 552): at com.android.mms.transaction.Transaction.getPdu(Transa
ction.java:217)
E/HttpUtils( 552): at com.android.mms.transaction.RetrieveTransaction.proce
ss(RetrieveTransaction.java:163)
E/HttpUtils( 552): at com.android.mms.transaction.Scheduler$1.run(Scheduler
.java:136)
E/HttpUtils( 552): at android.os.Handler.handleCallback(Handler.java:587)
E/HttpUtils( 552): at android.os.Handler.dispatchMessage(Handler.java:92)
E/HttpUtils( 552): at android.os.Looper.loop(Looper.java:144)
E/HttpUtils( 552): at android.os.HandlerThread.run(HandlerThread.java:60)
V/RetrieveTransaction( 552): Unexpected IOException.
V/RetrieveTransaction( 552): com.htc.messaging.util.HtcHttpTransportError: HTTP
error: Unauthorized
V/RetrieveTransaction( 552): at com.android.mms.transport.HttpUtils.handleHtt
pConnectionException(HttpUtils.java:416)
V/RetrieveTransaction( 552): at com.android.mms.transport.HttpUtils.httpConne
ction(HttpUtils.java:371)
V/RetrieveTransaction( 552): at com.android.mms.transport.HttpTransport.retri
eve(HttpTransport.java:50)
V/RetrieveTransaction( 552): at com.android.mms.transaction.Transaction.getPd
u(Transaction.java:217)
V/RetrieveTransaction( 552): at com.android.mms.transaction.RetrieveTransacti
on.process(RetrieveTransaction.java:163)
V/RetrieveTransaction( 552): at com.android.mms.transaction.Scheduler$1.run(S
cheduler.java:136)
V/RetrieveTransaction( 552): at android.os.Handler.handleCallback(Handler.jav
a:587)
V/RetrieveTransaction( 552): at android.os.Handler.dispatchMessage(Handler.ja
va:92)
V/RetrieveTransaction( 552): at android.os.Looper.loop(Looper.java:144)
V/RetrieveTransaction( 552): at android.os.HandlerThread.run(HandlerThread.ja
va:60)
E/RetrieveTransaction( 552): Retrieval failed.
V/TransactionService( 552): 4-Handling incoming message: { what=1214 when=29383
852 obj=com.android.mms.transaction.RetrieveTransaction: serviceId=12 }
V/TransactionService( 552): Transaction failed: 12
D/Scheduler( 552): release wake lock
D/ConversationList( 552): ContentObserver:onChange foreground> false
D/MessageListAdapter( 552): onContentChanged, do async requery
I/MediaPlayer( 104): MediaPlayer
D/MediaPlayer( 104): hasHDMIPermission: 0
E/MediaPlayer( 104): hdmi_setting not found!
D/MediaPlayer( 104): getHDMIResolution: 00
I/MediaPlayer( 104): MediaPlayer setDataSource(context, uri)
I/MediaPlayer( 104): MediaPlayer setDataSource(context, uri,headers)
V/TransactionService( 552): Transaction failure notified: http://mmsg.metropcs.
net:3128/mmsc?location=19512544230_0qwiyj&rid=027
V/MmsProvider( 212): Update uri=content://mms/4, match=1
V/MmsProvider( 212): Update values=st=130
V/MediaPlayerService( 65): Client(150) constructor
V/MediaPlayerService( 65): Create new client(150) from pid 104, fd=13, offset=
0, length=576460752303423487
V/MediaPlayerService( 65): setDataSource fd=13, offset=0, length=5764607523034
23487
V/MediaPlayerService( 65): st_dev = 7940
V/MediaPlayerService( 65): st_mode = 33188
V/MediaPlayerService( 65): st_uid = 0
V/MediaPlayerService( 65): st_gid = 0
V/MediaPlayerService( 65): st_size = 7108
V/MediaPlayerService( 65): calculated length = 7108
V/AudioCache( 65): We only support url check function now.
V/AudioCache( 65): isQCPFileFormat() url=(null)
I/ ( 65): Has ID3 info, size = 1024
V/MediaPlayerService( 65): player type = 4
D/MediaPlayerService( 65): player type = STAGEFRIGHT_PLAYER
V/MediaPlayerService( 65): create StagefrightPlayer
D/AwesomePlayer( 65): [U5B] reset (383)
D/AwesomePlayer( 65): [U5B] reset_l (389)
D/AwesomePlayer( 65): [U5B] reset_l (479)
D/AwesomePlayer( 65): [U5B] setDataSource (320)
D/AwesomePlayer( 65): [U5B] reset_l (389)
D/AwesomePlayer( 65): [U5B] reset_l (479)
D/AwesomePlayer( 65): [U5B] setDataSource_l (340)
D/MediaExtractor( 65): [U5B] Create (47)
V/MediaExtractor( 65): Autodetected media content as 'audio/mpeg' with confide
nce 0.30
D/AwesomePlayer( 65): [U5B] setDataSource_l (351)
V/MediaPlayerService( 65): [150] setLooping(0)
V/MediaPlayerService( 65): [150] setAudioStreamType(5)
V/MediaPlayerService( 65): [150] prepareAsync
V/MediaPlayerService( 65): [150] notify (0x354f8, 5, 0, 0)
V/MediaPlayerService( 65): [150] notify (0x354f8, 1, 0, 0)
I/AudioService( 104): AudioFocus requestAudioFocus() from android.media.Audio
[email protected]
I/MediaPlayer( 104): MediaPlayer start()
I/MediaPlayer( 104): MediaPlayer invoke()
I/StagefrightPlayer( 65): invoke HDMI resoluion= 0
D/AwesomePlayer( 65): setHDMIResolution+
D/AwesomePlayer( 65): mVideoRenderer is null
D/AwesomePlayer( 65): setHDMIResolution-
D/MediaPlayer( 104): setHDMIResolution: 0 0
V/MediaPlayerService( 65): [150] setLooping(0)
V/MediaPlayerService( 65): [150] setVolume(1.000000, 1.000000)
V/AudioSink( 65): setVolume(1.000000, 1.000000)
V/MediaPlayerService( 65): [150] start
D/AwesomePlayer( 65): [U5B] play (557)
D/AwesomePlayer( 65): [U5B] play_l (563)
V/AudioSink( 65): open(44100, 1, 1, 4)
V/AudioSink( 65): setVolume
V/AudioSink( 65): start
D/AudioPolicyManagerBase( 65): startOutput() output 1, stream 5
D/AudioHardwareQSD( 65): Enable ALT for speaker
D/AudioHardwareQSD( 65): ALT batt temp = 337
D/AwesomePlayer( 65): [U5B] play_l (636)
I/MediaPlayer( 104): MediaPlayer handleMessage what=5
I/MediaPlayer( 104): MediaPlayer handleMessage what=1
V/MmsProvider( 212): Broadcasting intent: Intent { act=android.intent.action.CO
NTENT_CHANGED (has extras) }
D/ConversationList( 552): ContentObserver:onChange foreground> false
D/MessageListAdapter( 552): onContentChanged, the previous requery is still run
ning, don't do async requery
W/TransactionService( 552): what=1214
V/MmsSystemEventReceiver( 552): Intent received: Intent { act=android.intent.ac
tion.CONTENT_CHANGED cmp=com.android.mms/.transaction.MmsSystemEventReceiver (ha
s extras) }
V/MmsSystemEventReceiver( 552): INVALIDATED_CONTENTS:mms cache update: 4
I/LSState ( 104): EventReceiver:android.intent.action.NOTIFICATION_ADD
D/MessageListAdapter( 552): onQueryComplete, isRequeryNeeded = true, call onCon
tentChanged() to start async requery.
D/MessageListAdapter( 552): onContentChanged, do async requery
I/AudioHardwareQSD( 65): AUDIO_START: start kernel pcm_out driver.
W/AudioFlinger( 65): write blocked for 176 msecs, 226 delayed writes, thread 0
x15570
D/ComposeMessageActivity( 552): dataSet onChange.
D/Jerry ( 552): complete >[email protected]
473534d0, [email protected]
D/MessageListAdapter( 552): ------------------------------------------> Message
Cache size: 1
D/MessageListAdapter( 552): ------------------------------------------> Message
Cache size: 2
D/MessageListAdapter( 552): ------------------------------------------> Message
Cache size: 3
V/MmsProvider( 212): Query uri=content://mms/4, match=1
D/MessageListAdapter( 552): ------------------------------------------> Message
Cache size: 4
D/MessageListAdapter( 552): ------------------------------------------> Message
Cache size: 5
D/MessageListAdapter( 552): ------------------------------------------> Message
Cache size: 6
D/MessageListAdapter( 552): ------------------------------------------> Message
Cache size: 7
D/Scheduler( 552): acquire wake lock
V/TransactionService( 552): 4-Handling incoming message: { what=1213 when=29384
631 obj=com.android.mms.transaction.SendTransaction: serviceId=12 }
W/TransactionService( 552): what=1213
D/Jerry ( 552): Scheduler.java_checkPendingTransactionExist() count >0
V/TransactionService( 552): 4-Handling incoming message: { what=1214 when=29384
639 obj=com.android.mms.transaction.SendTransaction: serviceId=12 }
V/TransactionService( 552): Transaction failed: 12
V/TransactionService( 552): disposeTransaction remove Transaction ID >content:/
/mms/5
V/TransactionService( 552): disposeTransaction mTransactionList size >1
W/TransactionService( 552): what=1214
D/Scheduler( 552): release wake lock
E/MP3Extractor( 65): Unable to resync. Signalling end of stream.
V/MediaPlayerService( 65): [150] notify (0x354f8, 2, 0, 0)
D/AwesomePlayer( 65): [U5B] pause_l (712)
V/AudioSink( 65): pause
I/MediaPlayer( 104): MediaPlayer handleMessage what=2
I/AudioService( 104): AudioFocus abandonAudioFocus() from android.media.Audio
[email protected]
W/Smack/Packet( 282): notify conn break (IOEx), close connection
D/Smack ( 282): [XMPPConn] close connection, notifyClosed=false
V/AlarmManager( 104): Adding Alarm{4701e178 type 2 com.google.android.gsf} Jan
01 12:35:27 pm
D/ContactNameCache( 552): Contact onChange: false
D/PeopleApp( 257): Auto requerying AllPeopleCursor due to update - 31 contacts
I/AudioHardwareQSD( 65): AudioHardware pcm playback is going to standby.
D/StreamProcess( 65): OutputStreamProcess::ResetAOLC()
D/Jerry ( 552): removeNotificationByID >69, -1
D/dalvikvm( 381): GC_EXPLICIT freed 209 objects / 59792 bytes in 76ms
D/dalvikvm( 686): GC_EXPLICIT freed 173 objects / 11520 bytes in 53ms
I/BatteryStatsImpl( 104): notePhoneSignalStrengthLocked: 2->3
I/ConnLib ( 390): Enter network idle mode
I/ConnLib ( 390): Enter network idle mode

Brut please or anyone.....?
Brut or anyone alike please answer ...
Yes I'm begging
Or should I just leave this be once and for all?

You have modified some file that I don't know. How can I know, what's wrong? There are no errors related to smali, but to MMS logic.

I actually didnt modify anything. I just ran a send and receive through logcat so i could see and show you all what it is doing up to the point where it fails. Yea all this has to do with mms logic, just wondering if you knew what it all means, maybe?
Do you know what this chunk from logcat means:?
Code:
D/HttpUtils( 552): [HttpUtils] createHttpClient w/ socket timeout 60000 ms, , U
A=Mozilla/5.0 (Linux; U; Android 1.5; en-us; Sprint APA9292KT) AppleWebKit/528.5
+ (KHTML, like Gecko) Version/3.1.2 Mobile Safari/525.20.1
D/HttpUtils( 552): CID: SPCS_001
V/HTC-DSA-SystemProperties( 552): SystemProperties - Caller: [com.android.mms]
V/HTC-DSA-ConnectionManager( 552): platform pass[com.android.mms]
V/SecurityManager( 552): Pid:552, Uid:10096
E/SecurityManager( 552): checkPermission():-1
V/HTC-DSA-SystemProperties( 552): ****** require SYSTEMPROPERTIES permission-ge
tString!!******
D/Jerry ( 552): ori_NAI >null
V/SecurityManager( 552): Pid:552, Uid:10096
E/SecurityManager( 552): checkPermission():-1
V/HTC-DSA-SystemProperties( 552): ****** require SYSTEMPROPERTIES permission-ge
tString!!******
D/Jerry ( 552): NAI >null:pcs
D/Jerry ( 552): Base64_NAI >bnVsbDpwY3M=
V/HttpUtils( 552): key=value, value=http://device.sprintpcs.com/HTC/APA9292KT/3
256511.rdf
but more specifically what is it doing here?:
Code:
D/HttpUtils( 552): [HttpUtils] createHttpClient w/ socket timeout 60000 ms, , U
A=Mozilla/5.0 (Linux; U; Android 1.5; en-us; Sprint APA9292KT) AppleWebKit/528.5
+ (KHTML, like Gecko) Version/3.1.2 Mobile Safari/525.20.1
and what is this sprint .rdf value?:
Code:
V/HttpUtils( 552): key=value, value=http://device.sprintpcs.com/HTC/APA9292KT/3
256511.rdf
and whats with this exception?
Code:
V/SendTransaction( 552): Unexpected MmsException
V/SendTransaction( 552): com.google.android.mms.MmsException: Server returns an
error code: 227
V/SendTransaction( 552): at com.android.mms.transaction.SendTransaction.p
rocess(SendTransaction.java:170)
V/SendTransaction( 552): at com.android.mms.transaction.Scheduler$1.run(S
cheduler.java:127)
V/SendTransaction( 552): at android.os.Handler.handleCallback(Handler.jav
a:587)
V/SendTransaction( 552): at android.os.Handler.dispatchMessage(Handler.ja
va:92)
V/SendTransaction( 552): at android.os.Looper.loop(Looper.java:144)
V/SendTransaction( 552): at android.os.HandlerThread.run(HandlerThread.ja
va:60)

Also what exactly is server error code 227 and INVALIDATED_CONTENTS mean?
Code:
V/MmsSystemEventReceiver( 552): INVALIDATED_CONTENTS:mms cache update: 5
D/ConversationList( 552): ContentObserver:onChange foreground> false
D/MessageListAdapter( 552): onContentChanged, do async requery
D/SendTransaction( 552): !!Send MMS fail!! reason=227

Related

borked wireless tether.

For some reason my wireless tether is borked, i can still do wired tether, but not wireless, not with a app, nor with sprint's hotspot, worked last on this past monday, but not since, sure i think it something i may have done, but no clue as to what, my device's detect the signal but will not connect, pc nor tab will, and on the evo when i run the wifi tether app it show's .4kb down, and .2kb up.
yes i have tried searching to no avail, i have also tried switching to another rom, even going as far as doing a nand restore.
i have also tried to re-install binaries/ config in wireless tether app, but i get a message saying binaries installed, but when i go to start tether it still show's .4 down, and .2 up.
please help.
here's the logcat, sorry it's huge, but i really need help on this.
I/Gmail ( 4959): MainSyncRequestProto: lowestBkwdConvoId: 0, highestHandledServerOp: 40187, normalSync: true
D/Gmail ( 4959): MailProvider.query: content://gmail-ls/conversations/[email protected]/1354137762787229696/messages(null, null)
D/Gmail ( 4959): MailProvider.query: content://gmail-ls/messages/[email protected]/23(null, null)
D/dalvikvm( 4959): GC_FOR_MALLOC freed 3346 objects / 231608 bytes in 51ms
D/dalvikvm( 4959): GC_FOR_MALLOC freed 3765 objects / 486600 bytes in 48ms
D/dalvikvm( 4959): GC_FOR_MALLOC freed 5166 objects / 425872 bytes in 51ms
D/GoogleLoginService( 405): onBind: Intent { act=android.accounts.AccountAuthenticator cmp=com.google.android.gsf/.loginservice.GoogleLoginService }
D/dalvikvm( 4959): GC_FOR_MALLOC freed 3922 objects / 617216 bytes in 119ms
I/ActivityManager( 232): Displayed activity com.google.android.gm/.ComposeActivity: 1490 ms (total 1490 ms)
D/dalvikvm( 329): GC_EXPLICIT freed 1034 objects / 42240 bytes in 125ms
D/dalvikvm( 4959): GC_FOR_MALLOC freed 606 objects / 275656 bytes in 116ms
D/dalvikvm( 329): GC_FOR_MALLOC freed 32 objects / 119544 bytes in 107ms
D/dalvikvm( 329): GC_EXPLICIT freed 206 objects / 125560 bytes in 113ms
I/ClockWidget( 1030): weatherClock onReceive~ action:android.intent.action.TIME_TICK mPaused:true
E/ClockWidget( 1030): weatherClock onReceive~ mUseAnimation:true
D/dalvikvm( 4959): GC_FOR_MALLOC freed 1445 objects / 422328 bytes in 52ms
D/dalvikvm( 4959): GC_FOR_MALLOC freed 1216 objects / 194000 bytes in 47ms
D/dalvikvm( 4959): GC_FOR_MALLOC freed 4 objects / 130904 bytes in 48ms
V/EmptyService( 4959): onCreate()
D/Gmail ( 4959): MailProvider.query: content://gmail-ls/conversations/[email protected](, null)
D/GoogleLoginService( 405): onBind: Intent { act=android.accounts.AccountAuthenticator cmp=com.google.android.gsf/.loginservice.GoogleLoginService }
D/Gmail ( 4959): MailProvider.query: content://gmail-ls/conversations/[email protected](, null)
D/Gmail ( 4959): Validating Notification: mapSize:0 getAttention:false
D/Gmail ( 4959): SETTING ACCOUNT, USER:[email protected]
D/PeopleApp( 392): Auto requerying AllPeopleCursor due to update - 28 contacts
I/Gmail ( 4959): MainSyncRequestProto: lowestBkwdConvoId: 0, highestHandledServerOp: 40187, normalSync: true
D/dalvikvm( 4959): GC_FOR_MALLOC freed 3572 objects / 406104 bytes in 62ms
D/dalvikvm( 4959): GC_FOR_MALLOC freed 478 objects / 107680 bytes in 50ms
I/dalvikvm-heap( 4959): Grow heap (frag case) to 4.134MB for 172728-byte allocation
D/dalvikvm( 4959): GC_FOR_MALLOC freed 0 objects / 0 bytes in 57ms
D/dalvikvm( 4959): GC_FOR_MALLOC freed 208 objects / 418304 bytes in 47ms
W/KeyCharacterMap( 4959): No keyboard for id 65540
W/KeyCharacterMap( 4959): Using default keymap: /system/usr/keychars/qwerty.kcm.bin
W/ResponseProcessCookies( 4959): Cookie rejected: "[version: 0][name: GX][value: DQAAAJAAAAAbL2gAaAtiUY7FopPQsbx7zbnbYwpU0ioPCi4N58IpZDSibdP6IjRcJ5BlQ_R73u2uI1_k5MALTf0kerFd1Mv0pS2WdZfCZxdTP6GtHUGoHEJWu7CrgmqyWn_scYfuTH5r7DyQqzwR_jibPocdliV4JDcNov6Kb4G66xjV0oERAXGs2GOP1QThavSfDf0NPtI][domain: mail.google.com][path: /proxy/gmail/mail][expiry: Fri Dec 17 16:30:48 EST 2010]". Illegal domain attribute "mail.google.com". Domain of origin: "android.clients.google.com"
D/dalvikvm( 4959): GC_EXPLICIT freed 1384 objects / 402904 bytes in 56ms
D/Sensors ( 232): close_akm, fd=120
I/ClockWidget( 1030): weatherClock handleMessage~ help to check lock
D/ClockWidget( 1030): WHAT_ON_RESUME~ notifyCause:30
I/ClockWidget( 1030): WHAT_ON_RESUME~ NOTIFY_CAUSE_ACTIVITY
I/Gmail ( 4959): MainSyncRequestProto: lowestBkwdConvoId: 0, highestHandledServerOp: 40188, normalSync: true
I/dalvikvm( 4959): Jit: resizing JitTable from 8192 to 16384
D/AK8973 ( 183): Compass CLOSE
I/ClockWidget( 1030): clear cache
I/ClockWidget( 1030): clearAnimations~
D/ClockWidget( 1030): WHAT_ON_RESUME_DELAY
D/ClockWidget( 1030): applyRotationTest~ mHour:4 mOldHour:4
D/ClockWidget( 1030): applyRotationTest~ mMin:31 mOldMinutes:30
I/ClockWidget( 1030): updateForecastDateNow~ mFSTDateNow:12/3/2010
D/ClockWidget( 1030): myOnNotifyWidgetPause:30
I/ClockWidget( 1030): setPause~ mPaused:true
D/AK8973 ( 183): Compass Start
D/Sensors ( 232): open_akm, fd=132
D/Gmail ( 4959): SETTING ACCOUNT, USER:[email protected]
D/Gmail ( 4959): MailProvider.query: content://gmail-ls/conversations/[email protected](, null)
D/GoogleLoginService( 405): onBind: Intent { act=android.accounts.AccountAuthenticator cmp=com.google.android.gsf/.loginservice.GoogleLoginService }
D/Gmail ( 4959): Validating Notification: mapSize:0 getAttention:false
D/Gmail ( 4959): SETTING ACCOUNT, USER:[email protected]
I/ActivityManager( 232): Displayed activity com.google.android.gm/.ConversationListActivity: 332 ms (total 396 ms)
W/KeyCharacterMap( 4959): No keyboard for id 65540
W/KeyCharacterMap( 4959): Using default keymap: /system/usr/keychars/qwerty.kcm.bin
D/PowerManagerService( 232): New lightsensor value:40, lcdValue:90
D/Gmail ( 4959): Validating Notification: mapSize:0 getAttention:false
I/ContactWidgetXL( 1030): Favorites changed from intent: android.intent.action.SYNC_STATE_CHANGED, status: false, group: null
I/ContactWidgetXL( 1030): Favorites changed from intent: (Old) null, Group delete: false, person ID: -1
I/Gmail ( 4959): MainSyncRequestProto: lowestBkwdConvoId: 0, highestHandledServerOp: 40188, normalSync: true
W/ResponseProcessCookies( 4959): Cookie rejected: "[version: 0][name: GX][value: DQAAAJIAAAC-u8e6rGOBPKklKAG9eEm0BNoGWoJCx-BjuGbKmw-ZkAg_FrUv6czsCsQKvNPJyjNN6lXvsvh06ZK3iItR-VeQc5ZGXpV5foatHwdabWEpaQQHbS64MTDeMZwR8kExg8LSAZC9FLe8Fe-L26UiiiTpoaohMqhD9FTWErQm_iYUzrUn7C7bmhm1kPXHgnSPBU_EFUIFCJgpkdnyt-9Azkko][domain: mail.google.com][path: /proxy/gmail/mail][expiry: Fri Dec 17 16:30:52 EST 2010]". Illegal domain attribute "mail.google.com". Domain of origin: "android.clients.google.com"
D/dalvikvm( 4959): GC_EXPLICIT freed 5605 objects / 254968 bytes in 65ms
I/Gmail ( 4959): MainSyncRequestProto: lowestBkwdConvoId: 0, highestHandledServerOp: 40188, normalSync: true
I/ContactWidgetXL( 1030): Favorites changed from intent: android.intent.action.SYNC_STATE_CHANGED, status: false, group: null
I/ContactWidgetXL( 1030): Favorites changed from intent: (Old) null, Group delete: false, person ID: -1
W/KeyCharacterMap( 4959): No keyboard for id 65540
W/KeyCharacterMap( 4959): Using default keymap: /system/usr/keychars/qwerty.kcm.bin
D/PowerManagerService( 232): New lightsensor value:10, lcdValue:160
D/dalvikvm( 232): GC_EXPLICIT freed 25612 objects / 1130856 bytes in 129ms
D/Gmail ( 4959): MailProvider.query: content://gmail-ls/settings/[email protected](null, null)
I/ActivityManager( 232): Displayed activity com.google.android.gm/.LabelsActivity: 418 ms (total 418 ms)
D/PowerManagerService( 232): New lightsensor value:40, lcdValue:90
D/Gmail ( 4959): SETTING ACCOUNT, USER:[email protected]
D/Gmail ( 4959): MailProvider.query: content://gmail-ls/conversations/[email protected](label:^r, null)
D/Gmail ( 4959): Validating Notification: mapSize:0 getAttention:false
D/GoogleLoginService( 405): onBind: Intent { act=android.accounts.AccountAuthenticator cmp=com.google.android.gsf/.loginservice.GoogleLoginService }
D/Gmail ( 4959): SETTING ACCOUNT, USER:[email protected]
I/ActivityManager( 232): Displayed activity com.google.android.gm/.ConversationListActivity: 358 ms (total 384 ms)
D/PowerManagerService( 232): New lightsensor value:10, lcdValue:160
I/Gmail ( 4959): MainSyncRequestProto: lowestBkwdConvoId: 0, highestHandledServerOp: 40188, normalSync: true
W/ResponseProcessCookies( 4959): Cookie rejected: "[version: 0][name: GX][value: DQAAAJIAAACg10CSudf6veLGUVUx2XNYszj5yCUO10HNaNILMP_3dXcxx07Z8mVUwYGZwbzCgFFjfa8e-S4MAGwn96vjtiJci8ewn1XPPUZhu8FkKdzdz7X-JABbB_FknCOHeuma1clCxF31cIoTVa0ouPot36ouctDpPZ7Ky0nZzpbmHU8i1pCxn5MTc8NldrSLuJJjhkumGoZ4jyyOYmof5s6pMiuO][domain: mail.google.com][path: /proxy/gmail/mail][expiry: Fri Dec 17 16:31:08 EST 2010]". Illegal domain attribute "mail.google.com". Domain of origin: "android.clients.google.com"
D/dalvikvm( 4959): GC_EXPLICIT freed 6282 objects / 311528 bytes in 78ms
I/Gmail ( 4959): getStartSyncRequest: handledServerOpId: 40188, upperFetchedConvoId: 1352709232079667200, lowerFetchedConvoId: 0, ackedClientOp: 145
D/Gmail ( 4959): MailProvider.query: content://gmail-ls/settings/[email protected](null, null)
W/ResponseProcessCookies( 4959): Cookie rejected: "[version: 0][name: GX][value: DQAAAJAAAAAPcngJVcsT5zD0-536wKJMVjlB_dTjeBcnDDdGsaQ6y2w4jRbDvH5CZi22QHrBjussY88Xbz15kh1dP-tehQ4igySu1h7fr2nMJg9ZOgjbjYvro96Ec142fEYxq0BfhwIV9SdA5W8wMQPXs-LGUkOqH4u9gQls0kMyLZoc9veVih0a7EsXHH2pwM30ZG4jX0w][domain: mail.google.com][path: /proxy/gmail/mail][expiry: Fri Dec 17 16:31:09 EST 2010]". Illegal domain attribute "mail.google.com". Domain of origin: "android.clients.google.com"
D/Gmail ( 4959): handleLabelsValues: receiving set of 22 labels
I/Gmail ( 4959): checkLabelsSets changed the label sets to: included([^^out, ^r]), partial([^i, ^f]), all([^i, ^g, ^f, ^vm, ^k, ^iim, ^all, ^io_im, ^sps, ^act, ^b, ^ig, ^p, ^o, notes, ^t, ^u, ^punsub, ^r, bills, ^unsub, ^s])
D/dalvikvm( 4959): GC_EXPLICIT freed 5500 objects / 242800 bytes in 52ms
I/Gmail ( 4959): MainSyncRequestProto: lowestBkwdConvoId: 0, highestHandledServerOp: 40188, normalSync: true
D/Gmail ( 4959): SETTING ACCOUNT, USER:[email protected]
D/Gmail ( 4959): MailProvider.query: content://gmail-ls/conversations/[email protected](label:^r, null)
D/Gmail ( 4959): Validating Notification: mapSize:0 getAttention:false
D/GoogleLoginService( 405): onBind: Intent { act=android.accounts.AccountAuthenticator cmp=com.google.android.gsf/.loginservice.GoogleLoginService }
D/Gmail ( 4959): SETTING ACCOUNT, USER:[email protected]
I/ActivityManager( 232): Displayed activity com.google.android.gm/.ConversationListActivity: 381 ms (total 428 ms)
W/KeyCharacterMap( 4959): No keyboard for id 65540
W/KeyCharacterMap( 4959): Using default keymap: /system/usr/keychars/qwerty.kcm.bin
D/Gmail ( 4959): Validating Notification: mapSize:0 getAttention:false
I/ContactWidgetXL( 1030): Favorites changed from intent: android.intent.action.SYNC_STATE_CHANGED, status: false, group: null
I/ContactWidgetXL( 1030): Favorites changed from intent: (Old) null, Group delete: false, person ID: -1
I/Gmail ( 4959): MainSyncRequestProto: lowestBkwdConvoId: 0, highestHandledServerOp: 40188, normalSync: true
W/ResponseProcessCookies( 4959): Cookie rejected: "[version: 0][name: GX][value: DQAAAJAAAAD8iCX5Dnxs6LLcSEaGv_usQEPg5bWzKCwwqP3SCzc_NwsUKD-vH8554jVjebXPukGLufHhl88H1l2gpoiON9cdQPJnpr7DkQAPmjUbDeidHiA91kiawSKjlC4Fek_4QLIOYAUhRdvYRvO-1MJBaNw4bNcCh6vf9r-aXal0Jj5xSzV-Cx88dEJ26RcoSfnzFlk][domain: mail.google.com][path: /proxy/gmail/mail][expiry: Fri Dec 17 16:31:14 EST 2010]". Illegal domain attribute "mail.google.com". Domain of origin: "android.clients.google.com"
D/dalvikvm( 4959): GC_EXPLICIT freed 3919 objects / 185400 bytes in 69ms
I/Gmail ( 4959): MainSyncRequestProto: lowestBkwdConvoId: 0, highestHandledServerOp: 40194, normalSync: true
I/ContactWidgetXL( 1030): Favorites changed from intent: android.intent.action.SYNC_STATE_CHANGED, status: false, group: null
I/ContactWidgetXL( 1030): Favorites changed from intent: (Old) null, Group delete: false, person ID: -1
D/Sensors ( 232): close_akm, fd=132
I/ClockWidget( 1030): weatherClock handleMessage~ help to check lock
D/ClockWidget( 1030): WHAT_ON_RESUME~ notifyCause:30
I/ClockWidget( 1030): WHAT_ON_RESUME~ NOTIFY_CAUSE_ACTIVITY
D/AK8973 ( 183): Compass CLOSE
D/ClockWidget( 1030): WHAT_ON_RESUME_DELAY
I/ClockWidget( 1030): clear cache
D/ClockWidget( 1030): applyRotationTest~ mHour:4 mOldHour:4
D/ClockWidget( 1030): applyRotationTest~ mMin:31 mOldMinutes:31
I/ClockWidget( 1030): updateForecastDateNow~ mFSTDateNow:12/3/2010
D/WindowManager( 232): I'm tired mEndcallBehavior=0x2
I/power ( 232): *** set_screen_state 0
V/KeyguardViewMediator( 232): password timeout delay 298825ms
D/KeyguardViewManager( 232): show()
D/ClockWidget( 1030): myOnNotifyWidgetPause:30
I/ClockWidget( 1030): setPause~ mPaused:true
D/SurfaceFlinger( 232): About to give-up screen, flinger = 0x16c5a8
V/ConnLib ( 470): Screen Off
I/Process ( 232): Sending signal. PID: 4959 SIG: 9
I/Process ( 232): Sending signal. PID: 5009 SIG: 9
W/ContentService( 232): binderDied() at ObserverNode name com.google.android.gsf.gservices
W/ContentService( 232): binderDied() at ObserverNode name gmail-ls
W/ContentService( 232): binderDied() at ObserverNode name gmail-ls
D/ContactWidgetXL( 1030): Received intent:android.intent.action.SCREEN_OFF
I/global ( 232): Default buffer size used in BufferedReader constructor. It would be better to be explicit if an 8k-char buffer is required.
I/global ( 232): Default buffer size used in BufferedReader constructor. It would be better to be explicit if an 8k-char buffer is required.
D/BatteryService( 232): isUsbConnected() = false
D/BatteryService( 232): mPlugType = 0
E/Tethering( 232): attempting to remove unknown iface (usb0), ignoring
D/KeyguardViewMediator( 232): wakeWhenReadyLocked(26)
D/KeyguardViewMediator( 232): handleWakeWhenReady(26)
D/KeyguardViewMediator( 232): pokeWakelock(15000)
I/power ( 232): *** set_screen_state 1
I/ClockWidget( 1030): weatherClock handleMessage~ help to check lock
D/ClockWidget( 1030): WHAT_ON_RESUME~ notifyCause:50
V/KeyguardViewMediator( 232): password timeout delay 237605ms
D/dalvikvm( 347): GC_FOR_MALLOC freed 12173 objects / 604000 bytes in 375ms
I/ClockWidget( 1030): clearAnimations~
I/ClockWidget( 1030): prepareAnimation~ mOldHour:3 mOldMinutes:30
I/ClockWidget( 1030): weatherClock onReceive~ action:android.intent.action.TIME_TICK mPaused:true
E/ClockWidget( 1030): weatherClock onReceive~ mUseAnimation:true
D/WimaxService( 232): onReceive SCREEN_ON
I/WimaxStateTracker( 232): handleScreenOn : Wimax is not enabled
D/SurfaceFlinger( 232): Screen about to return, flinger = 0x16c5a8
I/BatteryStatsImpl( 232): notePhoneSignalStrengthLocked: 2->3
V/ConnLib ( 470): Screen On
I/ClockWidget( 1030): clearAnimations~
I/ClockWidget( 1030): prepareAnimation~ mOldHour:3 mOldMinutes:30
D/ContactWidgetXL( 1030): Received intent:android.intent.action.SCREEN_ON
D/PowerManagerService( 232): New lightsensor value:40, lcdValue:90
W/KeyCharacterMap( 232): No keyboard for id 65540
W/KeyCharacterMap( 232): Using default keymap: /system/usr/keychars/qwerty.kcm.bin
D/KeyguardViewMediator( 232): pokeWakelock(15000)
D/KeyguardViewMediator( 232): pokeWakelock(15000)
D/KeyguardViewManager( 232): hide()
I/ClockWidget( 1030): lock screen onReceive~
I/ClockWidget( 1030): checkToPlayWWP~ isWidgetOnResume:false mResumeNotifyCaused:30 mCallState:0 mUiStateAUSED
D/ClockWidget( 1030): myOnNotifyWidgetPause:50
I/ClockWidget( 1030): setPause~ mPaused:true
I/ClockWidget( 1030): weatherClock handleMessage~ help to check lock
D/ClockWidget( 1030): WHAT_ON_RESUME~ notifyCause:30
I/ClockWidget( 1030): WHAT_ON_RESUME~ NOTIFY_CAUSE_ACTIVITY
D/FacebookReceiver( 1152): Intent.ACTION_USER_PRESENT SyncInterval=7200000,currTime=1291411956055
D/FacebookReceiver( 1152): Intent.ACTION_USER_PRESENT lastStreamSyncTime=1291411956056,lastFriendSyncTime=1288378080467
D/FacebookReceiver( 1152): start com.htc.socialnetwork.facebook.remote.FacebookSyncService
I/ClockWidget( 1030): clear cache
I/ClockWidget( 1030): startAnimation~
D/ClockWidget( 1030): WHAT_ON_RESUME_DELAY
I/ClockWidget( 1030): updateForecastDateNow~ mFSTDateNow:12/3/2010
I/ClockWidget( 1030): checkToPlayWWP~ delayTime:881
I/ClockWidget( 1030): startWWPAnimation~ play
I/ClockWidget( 1030): uiStartWWPAnimation~ mDfMode:7 icon_x:153 icon_y:199 icon_w:175 icon_h:165
D/ClockWidget( 1030): myOnNotifyWidgetPause:20
I/ClockWidget( 1030): setPause~ mPaused:true
I/ClockWidget( 1030): weatherClock handleMessage~ help to check lock
D/ClockWidget( 1030): WHAT_ON_RESUME~ notifyCause:20
D/dalvikvm( 949): GC_EXPLICIT freed 1549 objects / 368168 bytes in 60ms
D/ClockWidget( 1030): myOnNotifyWidgetPause:20
